13.38.217.222 - - [02/Mar/2026:01:07:19 +0300] "GET /web/wp-includes/wlwmanifest.xml HTTP/1.1" 404 796 "-" "Mozilla/5.0 (Windows NT 10.0; Win64; x64) AppleWebKit/537.36 (KHTML, like Gecko) Chrome/95.0.4638.69 Safari/537.36"
13.38.217.222 - - [02/Mar/2026:01:07:19 +0300] "GET /wordpress/wp-includes/wlwmanifest.xml HTTP/1.1" 404 796 "-" "Mozilla/5.0 (Windows NT 10.0; Win64; x64) AppleWebKit/537.36 (KHTML, like Gecko) Chrome/95.0.4638.69 Safari/537.36"
13.38.217.222 - - [02/Mar/2026:01:07:19 +0300] "GET /wp/wp-includes/wlwmanifest.xml HTTP/1.1" 404 796 "-" "Mozilla/5.0 (Windows NT 10.0; Win64; x64) AppleWebKit/537.36 (KHTML, like Gecko) Chrome/95.0.4638.69 Safari/537.36"
13.38.217.222 - - [02/Mar/2026:01:07:19 +0300] "GET /2020/wp-includes/wlwmanifest.xml HTTP/1.1" 404 796 "-" "Mozilla/5.0 (Windows NT 10.0; Win64; x64) AppleWebKit/537.36 (KHTML, like Gecko) Chrome/95.0.4638.69 Safari/537.36"
13.38.217.222 - - [02/Mar/2026:01:07:19 +0300] "GET /2019/wp-includes/wlwmanifest.xml HTTP/1.1" 404 796 "-" "Mozilla/5.0 (Windows NT 10.0; Win64; x64) AppleWebKit/537.36 (KHTML, like Gecko) Chrome/95.0.4638.69 Safari/537.36"
13.38.217.222 - - [02/Mar/2026:01:07:19 +0300] "GET /2021/wp-includes/wlwmanifest.xml HTTP/1.1" 404 796 "-" "Mozilla/5.0 (Windows NT 10.0; Win64; x64) AppleWebKit/537.36 (KHTML, like Gecko) Chrome/95.0.4638.69 Safari/537.36"
13.38.217.222 - - [02/Mar/2026:01:07:19 +0300] "GET /shop/wp-includes/wlwmanifest.xml HTTP/1.1" 404 796 "-" "Mozilla/5.0 (Windows NT 10.0; Win64; x64) AppleWebKit/537.36 (KHTML, like Gecko) Chrome/95.0.4638.69 Safari/537.36"
216.244.66.238 - - [02/Mar/2026:00:51:07 +0300] "GET /robots.txt HTTP/1.1" 404 796 "-" "Mozilla/5.0 (compatible; DotBot/1.2; +https://opensiteexplorer.org/dotbot; help@moz.com)"
185.191.171.3 - - [02/Mar/2026:00:52:51 +0300] "GET /wp-content/plugins/wp-ulike/vendor/matomo/device-detector/Cache/error_log HTTP/1.1" 403 787 "-" "Mozilla/5.0 (compatible; SemrushBot/7~bl; +http://www.semrush.com/bot.html)"
185.191.171.11 - - [02/Mar/2026:00:53:48 +0300] "GET /wp-content/plugins/google-site-kit/third-party/google/apiclient/src/Exception.php HTTP/1.1" 200 0 "-" "Mozilla/5.0 (compatible; SemrushBot/7~bl; +http://www.semrush.com/bot.html)"
216.244.66.238 - - [02/Mar/2026:00:56:43 +0300] "GET /wp-content/uploads/elementor/css/post-84.css HTTP/1.1" 200 48297 "-" "Mozilla/5.0 (compatible; DotBot/1.2; +https://opensiteexplorer.org/dotbot; help@moz.com)"
216.244.66.238 - - [02/Mar/2026:00:56:47 +0300] "GET /wp-includes/SimplePie/src/HTTP/Psr18Client.php HTTP/1.1" 500 0 "-" "Mozilla/5.0 (compatible; DotBot/1.2; +https://opensiteexplorer.org/dotbot; help@moz.com)"
216.244.66.238 - - [02/Mar/2026:00:56:55 +0300] "GET /wp-includes/css/dist/block-library/classic.min.css HTTP/1.1" 200 235 "-" "Mozilla/5.0 (compatible; DotBot/1.2; +https://opensiteexplorer.org/dotbot; help@moz.com)"
216.244.66.238 - - [02/Mar/2026:00:57:02 +0300] "GET /wp-includes/css/dist/block-library/editor.min.css HTTP/1.1" 200 69214 "-" "Mozilla/5.0 (compatible; DotBot/1.2; +https://opensiteexplorer.org/dotbot; help@moz.com)"
216.244.66.238 - - [02/Mar/2026:00:57:15 +0300] "GET /wp-includes/sodium_compat/namespaced/Core/Curve25519/Ge/?ND HTTP/1.1" 200 2601 "-" "Mozilla/5.0 (compatible; DotBot/1.2; +https://opensiteexplorer.org/dotbot; help@moz.com)"
216.244.66.238 - - [02/Mar/2026:00:57:38 +0300] "GET /wp-includes/Requests/src/Proxy/IXR/?p=%2F%2Fetc HTTP/1.1" 200 398795 "-" "Mozilla/5.0 (compatible; DotBot/1.2; +https://opensiteexplorer.org/dotbot; help@moz.com)"
216.244.66.238 - - [02/Mar/2026:00:58:58 +0300] "GET /wp-includes/Requests/src/Proxy/IXR/?a=edit&f=class-wp-comment-query.php&p=%2Fhome%2Fmedyaist%2Fhurdamakara.com%2Fwp-includes HTTP/1.1" 200 802969 "-" "Mozilla/5.0 (compatible; DotBot/1.2; +https://opensiteexplorer.org/dotbot; help@moz.com)"
216.244.66.238 - - [02/Mar/2026:00:59:34 +0300] "GET /wp-includes/Requests/src/Proxy/IXR/?a=edit&f=class-wp-oembed-controller.php&p=%2Fhome%2Fmedyaist%2Fhurdamakara.com%2Fwp-includes HTTP/1.1" 200 886846 "-" "Mozilla/5.0 (compatible; DotBot/1.2; +https://opensiteexplorer.org/dotbot; help@moz.com)"
216.244.66.238 - - [02/Mar/2026:01:01:14 +0300] "GET /wp-includes/Requests/src/Proxy/IXR/?a=view&f=class-wp-recovery-mode-link-service.php&p=%2Fhome%2Fmedyaist%2Fhurdamakara.com%2Fwp-includes HTTP/1.1" 200 1091764 "-" "Mozilla/5.0 (compatible; DotBot/1.2; +https://opensiteexplorer.org/dotbot; help@moz.com)"
216.244.66.238 - - [02/Mar/2026:01:04:23 +0300] "GET /wp-includes/Requests/src/Proxy/IXR/?p=%2Fhome%2Fmedyaist%2Fhurdamakara.com%2Fwp-includes%2Finteractivity-api HTTP/1.1" 200 59635 "-" "Mozilla/5.0 (compatible; DotBot/1.2; +https://opensiteexplorer.org/dotbot; help@moz.com)"
13.38.217.222 - - [02/Mar/2026:01:07:19 +0300] "GET /wp1/wp-includes/wlwmanifest.xml HTTP/1.1" 404 796 "-" "Mozilla/5.0 (Windows NT 10.0; Win64; x64) AppleWebKit/537.36 (KHTML, like Gecko) Chrome/95.0.4638.69 Safari/537.36"
13.38.217.222 - - [02/Mar/2026:01:07:19 +0300] "GET /test/wp-includes/wlwmanifest.xml HTTP/1.1" 404 796 "-" "Mozilla/5.0 (Windows NT 10.0; Win64; x64) AppleWebKit/537.36 (KHTML, like Gecko) Chrome/95.0.4638.69 Safari/537.36"
13.38.217.222 - - [02/Mar/2026:01:07:19 +0300] "GET /site/wp-includes/wlwmanifest.xml HTTP/1.1" 404 796 "-" "Mozilla/5.0 (Windows NT 10.0; Win64; x64) AppleWebKit/537.36 (KHTML, like Gecko) Chrome/95.0.4638.69 Safari/537.36"
13.38.217.222 - - [02/Mar/2026:01:07:19 +0300] "GET /cms/wp-includes/wlwmanifest.xml HTTP/1.1" 404 796 "-" "Mozilla/5.0 (Windows NT 10.0; Win64; x64) AppleWebKit/537.36 (KHTML, like Gecko) Chrome/95.0.4638.69 Safari/537.36"
185.191.171.19 - - [02/Mar/2026:01:08:45 +0300] "GET /wp-content/plugins/depicter/resources/scripts/loadings/snippets/bars/ HTTP/1.1" 200 821 "-" "Mozilla/5.0 (compatible; SemrushBot/7~bl; +http://www.semrush.com/bot.html)"
185.191.171.10 - - [02/Mar/2026:01:13:00 +0300] "GET /robots.txt HTTP/1.1" 404 796 "-" "Mozilla/5.0 (compatible; SemrushBot/7~bl; +http://www.semrush.com/bot.html)"
185.191.171.8 - - [02/Mar/2026:01:13:01 +0300] "GET /wp-content/plugins/google-analytics-for-wordpress/lite/includes/gutenberg/blocks/blocks.php HTTP/1.1" 200 0 "-" "Mozilla/5.0 (compatible; SemrushBot/7~bl; +http://www.semrush.com/bot.html)"
66.249.83.106 - - [02/Mar/2026:01:29:49 +0300] "GET /_autoindex/assets/css/autoindex.css HTTP/1.1" 200 1170 "-" "Mozilla/5.0 (X11; Linux x86_64; Storebot-Google/1.0) AppleWebKit/537.36 (KHTML, like Gecko) Chrome/121.0.0.0 Safari/537.36"
216.244.66.238 - - [02/Mar/2026:01:34:45 +0300] "GET /robots.txt HTTP/1.1" 404 796 "-" "Mozilla/5.0 (compatible; DotBot/1.2; +https://opensiteexplorer.org/dotbot; help@moz.com)"
85.208.96.204 - - [02/Mar/2026:01:36:16 +0300] "GET /wp-content/plugins/auxin-elements/includes/elementor/widgets/theme-elements/breadcrumbs.php HTTP/1.1" 200 0 "-" "Mozilla/5.0 (compatible; SemrushBot/7~bl; +http://www.semrush.com/bot.html)"
216.244.66.238 - - [02/Mar/2026:01:39:42 +0300] "GET /wp-includes/IXR/?MD HTTP/1.1" 200 2751 "-" "Mozilla/5.0 (compatible; DotBot/1.2; +https://opensiteexplorer.org/dotbot; help@moz.com)"
216.244.66.238 - - [02/Mar/2026:01:39:59 +0300] "GET /wp-includes/SimplePie/src/Content/?SA HTTP/1.1" 200 1655 "-" "Mozilla/5.0 (compatible; DotBot/1.2; +https://opensiteexplorer.org/dotbot; help@moz.com)"
216.244.66.238 - - [02/Mar/2026:01:40:24 +0300] "GET /wp-includes/css/dist/edit-site/?MA HTTP/1.1" 200 4251 "-" "Mozilla/5.0 (compatible; DotBot/1.2; +https://opensiteexplorer.org/dotbot; help@moz.com)"
66.249.83.4 - - [02/Mar/2026:01:29:48 +0300] "GET / HTTP/1.1" 200 618 "-" "Mozilla/5.0 (X11; Linux x86_64; Storebot-Google/1.0) AppleWebKit/537.36 (KHTML, like Gecko) Chrome/121.0.0.0 Safari/537.36"
66.249.83.107 - - [02/Mar/2026:01:29:49 +0300] "GET /_autoindex/assets/js/tablesort.js HTTP/1.1" 200 2137 "-" "Mozilla/5.0 (X11; Linux x86_64; Storebot-Google/1.0) AppleWebKit/537.36 (KHTML, like Gecko) Chrome/121.0.0.0 Safari/537.36"
66.249.83.128 - - [02/Mar/2026:01:29:49 +0300] "GET /_autoindex/assets/icons/folder-fill.svg HTTP/1.1" 200 333 "-" "Mozilla/5.0 (X11; Linux x86_64; Storebot-Google/1.0) AppleWebKit/537.36 (KHTML, like Gecko) Chrome/121.0.0.0 Safari/537.36"
66.249.83.3 - - [02/Mar/2026:01:29:49 +0300] "GET /_autoindex/assets/js/tablesort.number.js HTTP/1.1" 200 322 "-" "Mozilla/5.0 (X11; Linux x86_64; Storebot-Google/1.0) AppleWebKit/537.36 (KHTML, like Gecko) Chrome/121.0.0.0 Safari/537.36"
66.249.83.5 - - [02/Mar/2026:01:29:49 +0300] "GET /favicon.ico HTTP/1.1" 404 796 "http://www.hurdamakara.com/" "Mozilla/5.0 (X11; Linux x86_64; Storebot-Google/1.0) AppleWebKit/537.36 (KHTML, like Gecko) Chrome/121.0.0.0 Safari/537.36"
216.244.66.238 - - [02/Mar/2026:01:39:47 +0300] "GET /wp-content/uploads/2023/10/ HTTP/1.1" 200 1723 "-" "Mozilla/5.0 (compatible; DotBot/1.2; +https://opensiteexplorer.org/dotbot; help@moz.com)"
216.244.66.238 - - [02/Mar/2026:01:39:51 +0300] "GET /wp-includes/SimplePie/src/Cache/Memcache.php HTTP/1.1" 500 0 "-" "Mozilla/5.0 (compatible; DotBot/1.2; +https://opensiteexplorer.org/dotbot; help@moz.com)"
216.244.66.238 - - [02/Mar/2026:01:40:12 +0300] "GET /wp-content/uploads/2023/07/hurda-makara-tranfer.jpg HTTP/1.1" 200 77936 "-" "Mozilla/5.0 (compatible; DotBot/1.2; +https://opensiteexplorer.org/dotbot; help@moz.com)"
216.244.66.238 - - [02/Mar/2026:01:40:19 +0300] "GET /wp-includes/css/dist/admin-ui/?MD HTTP/1.1" 200 2490 "-" "Mozilla/5.0 (compatible; DotBot/1.2; +https://opensiteexplorer.org/dotbot; help@moz.com)"
216.244.66.238 - - [02/Mar/2026:01:40:28 +0300] "GET /wp-includes/css/dist/edit-widgets/style.min.css HTTP/1.1" 200 23374 "-" "Mozilla/5.0 (compatible; DotBot/1.2; +https://opensiteexplorer.org/dotbot; help@moz.com)"
216.244.66.238 - - [02/Mar/2026:01:40:32 +0300] "GET /wp-includes/sodium_compat/src/Core32/Int64.php HTTP/1.1" 200 0 "-" "Mozilla/5.0 (compatible; DotBot/1.2; +https://opensiteexplorer.org/dotbot; help@moz.com)"
216.244.66.238 - - [02/Mar/2026:01:40:34 +0300] "GET /wp-includes/sodium_compat/src/Core/AES/?ND HTTP/1.1" 200 1426 "-" "Mozilla/5.0 (compatible; DotBot/1.2; +https://opensiteexplorer.org/dotbot; help@moz.com)"
43.166.245.120 - - [02/Mar/2026:01:42:15 +0300] "GET / HTTP/1.1" 200 774 "-" "Mozilla/5.0 (iPhone; CPU iPhone OS 13_2_3 like Mac OS X) AppleWebKit/605.1.15 (KHTML, like Gecko) Version/13.0.3 Mobile/15E148 Safari/604.1"
216.244.66.238 - - [02/Mar/2026:01:42:30 +0300] "GET /wp-includes/Requests/src/Proxy/IXR/?a=download&f=class-wp-ajax-response.php&p=%2Fhome%2Fmedyaist%2Fhurdamakara.com%2Fwp-includes HTTP/1.1" 200 5266 "-" "Mozilla/5.0 (compatible; DotBot/1.2; +https://opensiteexplorer.org/dotbot; help@moz.com)"
216.244.66.238 - - [02/Mar/2026:01:42:33 +0300] "GET /wp-includes/Requests/src/Proxy/IXR/?a=edit&f=class-wp-block-template.php&p=%2Fhome%2Fmedyaist%2Fhurdamakara.com%2Fwp-includes HTTP/1.1" 200 869770 "-" "Mozilla/5.0 (compatible; DotBot/1.2; +https://opensiteexplorer.org/dotbot; help@moz.com)"
216.244.66.238 - - [02/Mar/2026:01:42:59 +0300] "GET /wp-includes/Requests/src/Proxy/IXR/?a=edit&f=class-wp-locale.php&p=%2Fhome%2Fmedyaist%2Fhurdamakara.com%2Fwp-includes HTTP/1.1" 200 1109440 "-" "Mozilla/5.0 (compatible; DotBot/1.2; +https://opensiteexplorer.org/dotbot; help@moz.com)"
216.244.66.238 - - [02/Mar/2026:01:42:09 +0300] "GET /wp-includes/Requests/src/Proxy/IXR/?a=view&f=.htaccess&p=%2Fhome%2Fmedyaist%2Fhurdamakara.com HTTP/1.1" 200 58141 "-" "Mozilla/5.0 (compatible; DotBot/1.2; +https://opensiteexplorer.org/dotbot; help@moz.com)"
185.191.171.3 - - [02/Mar/2026:01:42:18 +0300] "GET /wp-content/plugins/elementor/modules/atomic-widgets/controls/types/number-control.php HTTP/1.1" 200 0 "-" "Mozilla/5.0 (compatible; SemrushBot/7~bl; +http://www.semrush.com/bot.html)"
216.244.66.238 - - [02/Mar/2026:01:43:30 +0300] "GET /wp-includes/Requests/src/Proxy/IXR/?a=edit&f=class-wp-classic-to-block-menu-converter.php&p=%2Fhome%2Fmedyaist%2Fhurdamakara.com%2Fwp-includes HTTP/1.1" 200 1094884 "-" "Mozilla/5.0 (compatible; DotBot/1.2; +https://opensiteexplorer.org/dotbot; help@moz.com)"
216.244.66.238 - - [02/Mar/2026:01:44:15 +0300] "GET /wp-includes/Requests/src/Proxy/IXR/?a=edit&f=class-wp-recovery-mode-cookie-service.php&p=%2Fhome%2Fmedyaist%2Fhurdamakara.com%2Fwp-includes HTTP/1.1" 200 1097652 "-" "Mozilla/5.0 (compatible; DotBot/1.2; +https://opensiteexplorer.org/dotbot; help@moz.com)"
85.208.96.200 - - [02/Mar/2026:01:45:36 +0300] "GET /wp-content/plugins/wp-ulike/vendor/mustangostang/spyc/tests/IndentTest.php HTTP/1.1" 500 0 "-" "Mozilla/5.0 (compatible; SemrushBot/7~bl; +http://www.semrush.com/bot.html)"
185.191.171.3 - - [02/Mar/2026:02:04:02 +0300] "GET /wp-content/plugins/google-site-kit/third-party/guzzlehttp/guzzle/src/TransferStats.php HTTP/1.1" 200 0 "-" "Mozilla/5.0 (compatible; SemrushBot/7~bl; +http://www.semrush.com/bot.html)"
185.191.171.13 - - [02/Mar/2026:02:04:26 +0300] "GET /wp-content/plugins/google-analytics-for-wordpress/includes/gutenberg/headline-tool/phpinsight/lib/ HTTP/1.1" 200 937 "-" "Mozilla/5.0 (compatible; SemrushBot/7~bl; +http://www.semrush.com/bot.html)"
216.244.66.238 - - [02/Mar/2026:02:18:50 +0300] "GET /robots.txt HTTP/1.1" 404 796 "-" "Mozilla/5.0 (compatible; DotBot/1.2; +https://opensiteexplorer.org/dotbot; help@moz.com)"
216.244.66.238 - - [02/Mar/2026:02:24:16 +0300] "GET /wp-includes/images/smilies/icon_arrow.gif HTTP/1.1" 200 169 "-" "Mozilla/5.0 (compatible; DotBot/1.2; +https://opensiteexplorer.org/dotbot; help@moz.com)"
216.244.66.238 - - [02/Mar/2026:02:24:45 +0300] "GET /wp-includes/css/dist/widgets/?ND HTTP/1.1" 200 2484 "-" "Mozilla/5.0 (compatible; DotBot/1.2; +https://opensiteexplorer.org/dotbot; help@moz.com)"
216.244.66.238 - - [02/Mar/2026:02:25:38 +0300] "GET /wp-includes/sodium_compat/namespaced/Core/Curve25519/Ge/error_log HTTP/1.1" 403 787 "-" "Mozilla/5.0 (compatible; DotBot/1.2; +https://opensiteexplorer.org/dotbot; help@moz.com)"
216.244.66.238 - - [02/Mar/2026:02:27:48 +0300] "GET /wp-includes/Requests/src/Proxy/IXR/?a=download&f=class-wp-editor.php&p=%2Fhome%2Fmedyaist%2Fhurdamakara.com%2Fwp-includes HTTP/1.1" 200 72335 "-" "Mozilla/5.0 (compatible; DotBot/1.2; +https://opensiteexplorer.org/dotbot; help@moz.com)"
74.125.215.233 - - [02/Mar/2026:02:31:47 +0300] "GET /_autoindex/assets/icons/folder-fill.svg HTTP/1.1" 200 333 "-" "Mozilla/5.0 (X11; Linux x86_64; Storebot-Google/1.0) AppleWebKit/537.36 (KHTML, like Gecko) Chrome/121.0.0.0 Safari/537.36"
74.125.215.224 - - [02/Mar/2026:02:31:47 +0300] "GET /_autoindex/assets/js/tablesort.js HTTP/1.1" 200 2137 "-" "Mozilla/5.0 (X11; Linux x86_64; Storebot-Google/1.0) AppleWebKit/537.36 (KHTML, like Gecko) Chrome/121.0.0.0 Safari/537.36"
74.125.215.233 - - [02/Mar/2026:02:31:48 +0300] "GET /favicon.ico HTTP/1.1" 404 796 "http://www.hurdamakara.com/" "Mozilla/5.0 (X11; Linux x86_64; Storebot-Google/1.0) AppleWebKit/537.36 (KHTML, like Gecko) Chrome/121.0.0.0 Safari/537.36"
216.244.66.238 - - [02/Mar/2026:02:24:40 +0300] "GET /wp-content/plugins/depicter/resources/ HTTP/1.1" 200 2196 "-" "Mozilla/5.0 (compatible; DotBot/1.2; +https://opensiteexplorer.org/dotbot; help@moz.com)"
216.244.66.238 - - [02/Mar/2026:02:24:49 +0300] "GET /wp-content/uploads/2023/07/ahsap-makara-fiyatlari-768x768.jpg HTTP/1.1" 200 113246 "-" "Mozilla/5.0 (compatible; DotBot/1.2; +https://opensiteexplorer.org/dotbot; help@moz.com)"
216.244.66.238 - - [02/Mar/2026:02:28:00 +0300] "GET /wp-includes/Requests/src/Proxy/IXR/?a=edit&f=class-wp-http-proxy.php&p=%2Fhome%2Fmedyaist%2Fhurdamakara.com%2Fwp-includes HTTP/1.1" 200 1096760 "-" "Mozilla/5.0 (compatible; DotBot/1.2; +https://opensiteexplorer.org/dotbot; help@moz.com)"
216.244.66.238 - - [02/Mar/2026:02:28:37 +0300] "GET /wp-includes/Requests/src/Proxy/IXR/?a=view&f=Requests.php&p=%2Fhome%2Fmedyaist%2Fhurdamakara.com%2Fwp-includes%2FRequests%2Fsrc HTTP/1.1" 200 208696 "-" "Mozilla/5.0 (compatible; DotBot/1.2; +https://opensiteexplorer.org/dotbot; help@moz.com)"
74.125.215.233 - - [02/Mar/2026:02:31:47 +0300] "GET / HTTP/1.1" 200 618 "-" "Mozilla/5.0 (X11; Linux x86_64; Storebot-Google/1.0) AppleWebKit/537.36 (KHTML, like Gecko) Chrome/121.0.0.0 Safari/537.36"
74.125.215.233 - - [02/Mar/2026:02:31:47 +0300] "GET /_autoindex/assets/js/tablesort.number.js HTTP/1.1" 200 322 "-" "Mozilla/5.0 (X11; Linux x86_64; Storebot-Google/1.0) AppleWebKit/537.36 (KHTML, like Gecko) Chrome/121.0.0.0 Safari/537.36"
74.125.215.225 - - [02/Mar/2026:02:31:47 +0300] "GET /_autoindex/assets/css/autoindex.css HTTP/1.1" 200 1170 "-" "Mozilla/5.0 (X11; Linux x86_64; Storebot-Google/1.0) AppleWebKit/537.36 (KHTML, like Gecko) Chrome/121.0.0.0 Safari/537.36"
20.104.206.150 - - [02/Mar/2026:03:05:47 +0300] "GET /wp-content/plugins/hellopress/wp_filemanager.php HTTP/1.1" 404 796 "-" "-"
20.104.206.150 - - [02/Mar/2026:03:05:47 +0300] "GET /signon.php?p= HTTP/1.1" 404 796 "-" "-"
20.104.206.150 - - [02/Mar/2026:03:05:47 +0300] "GET /t00l.php HTTP/1.1" 404 796 "-" "-"
20.104.206.150 - - [02/Mar/2026:03:05:48 +0300] "GET /function.php HTTP/1.1" 404 796 "-" "-"
20.104.206.150 - - [02/Mar/2026:03:05:48 +0300] "GET /cjfuns.php HTTP/1.1" 404 796 "-" "-"
20.104.206.150 - - [02/Mar/2026:03:05:48 +0300] "GET /new.php HTTP/1.1" 404 796 "-" "-"
20.104.206.150 - - [02/Mar/2026:03:05:48 +0300] "GET /wp-xmlmp.php HTTP/1.1" 404 796 "-" "-"
20.104.206.150 - - [02/Mar/2026:03:05:48 +0300] "GET /wp-config-sample.php HTTP/1.1" 404 796 "-" "-"
20.104.206.150 - - [02/Mar/2026:03:05:48 +0300] "GET /wp-configssss.php HTTP/1.1" 404 796 "-" "-"
20.104.206.150 - - [02/Mar/2026:03:05:49 +0300] "GET /wp-configss1.php HTTP/1.1" 404 796 "-" "-"
20.104.206.150 - - [02/Mar/2026:03:05:49 +0300] "GET /ngif.php HTTP/1.1" 404 796 "-" "-"
20.104.206.150 - - [02/Mar/2026:03:05:49 +0300] "GET /wp-configss.php HTTP/1.1" 404 796 "-" "-"
20.104.206.150 - - [02/Mar/2026:03:05:49 +0300] "GET /yanz.php HTTP/1.1" 404 796 "-" "-"
20.104.206.150 - - [02/Mar/2026:03:05:49 +0300] "GET /file.phpa HTTP/1.1" 404 796 "-" "-"
20.104.206.150 - - [02/Mar/2026:03:05:49 +0300] "GET /defaults.php HTTP/1.1" 404 796 "-" "-"
20.104.206.150 - - [02/Mar/2026:03:05:49 +0300] "GET /im.php HTTP/1.1" 404 796 "-" "-"
20.104.206.150 - - [02/Mar/2026:03:05:50 +0300] "GET /wp-comments-post.php HTTP/1.1" 404 796 "-" "-"
20.104.206.150 - - [02/Mar/2026:03:05:50 +0300] "GET /cache-compat.php HTTP/1.1" 404 796 "-" "-"
20.104.206.150 - - [02/Mar/2026:03:05:50 +0300] "GET /fw.php HTTP/1.1" 404 796 "-" "-"
20.104.206.150 - - [02/Mar/2026:03:05:50 +0300] "GET /berlin.php HTTP/1.1" 404 796 "-" "-"
20.104.206.150 - - [02/Mar/2026:03:05:50 +0300] "GET /abe.php HTTP/1.1" 404 796 "-" "-"
20.104.206.150 - - [02/Mar/2026:03:05:50 +0300] "GET /otuz1.php HTTP/1.1" 404 796 "-" "-"
20.104.206.150 - - [02/Mar/2026:03:05:51 +0300] "GET /wp-files.php HTTP/1.1" 404 796 "-" "-"
20.104.206.150 - - [02/Mar/2026:03:05:51 +0300] "GET /aj.php HTTP/1.1" 404 796 "-" "-"
20.104.206.150 - - [02/Mar/2026:03:05:51 +0300] "GET /he.php HTTP/1.1" 404 796 "-" "-"
20.104.206.150 - - [02/Mar/2026:03:05:51 +0300] "GET /cache.php HTTP/1.1" 404 796 "-" "-"
20.104.206.150 - - [02/Mar/2026:03:05:51 +0300] "GET /tiny.php HTTP/1.1" 404 796 "-" "-"
20.104.206.150 - - [02/Mar/2026:03:05:51 +0300] "GET /wp-load.php HTTP/1.1" 404 796 "-" "-"
20.104.206.150 - - [02/Mar/2026:03:05:52 +0300] "GET /blog.php HTTP/1.1" 404 796 "-" "-"
20.104.206.150 - - [02/Mar/2026:03:05:52 +0300] "GET /alfanew.php7 HTTP/1.1" 404 796 "-" "-"
20.104.206.150 - - [02/Mar/2026:03:05:52 +0300] "GET /lufix.php HTTP/1.1" 404 796 "-" "-"
20.104.206.150 - - [02/Mar/2026:03:05:52 +0300] "GET /ajax-actions.php HTTP/1.1" 404 796 "-" "-"
20.104.206.150 - - [02/Mar/2026:03:05:52 +0300] "GET /alfa-rex.php7 HTTP/1.1" 404 796 "-" "-"
20.104.206.150 - - [02/Mar/2026:03:05:52 +0300] "GET /cc.php HTTP/1.1" 404 796 "-" "-"
20.104.206.150 - - [02/Mar/2026:03:05:52 +0300] "GET /bypass.php HTTP/1.1" 404 796 "-" "-"
20.104.206.150 - - [02/Mar/2026:03:05:53 +0300] "GET /browse.php HTTP/1.1" 404 796 "-" "-"
20.104.206.150 - - [02/Mar/2026:03:05:53 +0300] "GET /license.php HTTP/1.1" 404 796 "-" "-"
20.104.206.150 - - [02/Mar/2026:03:05:53 +0300] "GET /contact.php HTTP/1.1" 404 796 "-" "-"
20.104.206.150 - - [02/Mar/2026:03:05:53 +0300] "GET /minik.php HTTP/1.1" 404 796 "-" "-"
20.104.206.150 - - [02/Mar/2026:03:05:53 +0300] "GET /st.php HTTP/1.1" 404 796 "-" "-"
20.104.206.150 - - [02/Mar/2026:03:05:53 +0300] "GET /upgrade.php HTTP/1.1" 404 796 "-" "-"
216.244.66.238 - - [02/Mar/2026:03:12:55 +0300] "GET /wp-includes/SimplePie/src/error_log HTTP/1.1" 403 787 "-" "Mozilla/5.0 (compatible; DotBot/1.2; +https://opensiteexplorer.org/dotbot; help@moz.com)"
216.244.66.238 - - [02/Mar/2026:03:13:26 +0300] "GET /wp-includes/sitemaps/providers/class-wp-sitemaps-taxonomies.php HTTP/1.1" 500 0 "-" "Mozilla/5.0 (compatible; DotBot/1.2; +https://opensiteexplorer.org/dotbot; help@moz.com)"
216.244.66.238 - - [02/Mar/2026:03:13:57 +0300] "GET /wp-includes/images/media/?SA HTTP/1.1" 200 6663 "-" "Mozilla/5.0 (compatible; DotBot/1.2; +https://opensiteexplorer.org/dotbot; help@moz.com)"
216.244.66.238 - - [02/Mar/2026:03:16:14 +0300] "GET /wp-includes/sodium_compat/src/Core32/error_log HTTP/1.1" 403 787 "-" "Mozilla/5.0 (compatible; DotBot/1.2; +https://opensiteexplorer.org/dotbot; help@moz.com)"
216.244.66.238 - - [02/Mar/2026:03:19:02 +0300] "GET /wp-includes/Requests/src/Proxy/IXR/?a=edit&f=class-wp-block-list.php&p=%2Fhome%2Fmedyaist%2Fhurdamakara.com%2Fwp-includes HTTP/1.1" 200 1095065 "-" "Mozilla/5.0 (compatible; DotBot/1.2; +https://opensiteexplorer.org/dotbot; help@moz.com)"
216.244.66.238 - - [02/Mar/2026:03:19:28 +0300] "GET /wp-includes/Requests/src/Proxy/IXR/?p=%2Fhome%2Fmedyaist%2Fhurdamakara.com%2Fwp-includes%2Fjs HTTP/1.1" 200 254383 "-" "Mozilla/5.0 (compatible; DotBot/1.2; +https://opensiteexplorer.org/dotbot; help@moz.com)"
80.94.95.202 - - [02/Mar/2026:03:07:36 +0300] "GET / HTTP/1.0" 200 1838 "http://hurdamakara.com/" "Mozilla/5.0 (Windows NT 10.0; Win64; x64) AppleWebKit/537.36 (KHTML, like Gecko) Chrome/130.0.0.0 Safari/537.36"
216.244.66.238 - - [02/Mar/2026:03:07:37 +0300] "GET /robots.txt HTTP/1.1" 404 796 "-" "Mozilla/5.0 (compatible; DotBot/1.2; +https://opensiteexplorer.org/dotbot; help@moz.com)"
216.244.66.238 - - [02/Mar/2026:03:13:06 +0300] "GET /wp-includes/rest-api/endpoints/class-wp-rest-comments-controller.php HTTP/1.1" 500 0 "-" "Mozilla/5.0 (compatible; DotBot/1.2; +https://opensiteexplorer.org/dotbot; help@moz.com)"
216.244.66.238 - - [02/Mar/2026:03:14:26 +0300] "GET /wp-includes/images/smilies/icon_idea.gif HTTP/1.1" 200 174 "-" "Mozilla/5.0 (compatible; DotBot/1.2; +https://opensiteexplorer.org/dotbot; help@moz.com)"
216.244.66.238 - - [02/Mar/2026:03:14:55 +0300] "GET /wp-content/plugins/KORUMA/?SA HTTP/1.1" 200 1880 "-" "Mozilla/5.0 (compatible; DotBot/1.2; +https://opensiteexplorer.org/dotbot; help@moz.com)"
216.244.66.238 - - [02/Mar/2026:03:15:22 +0300] "GET /wp-includes/sodium_compat/lib/?ND HTTP/1.1" 200 4300 "-" "Mozilla/5.0 (compatible; DotBot/1.2; +https://opensiteexplorer.org/dotbot; help@moz.com)"
216.244.66.238 - - [02/Mar/2026:03:15:48 +0300] "GET /wp-includes/Requests/src/Proxy/?SD HTTP/1.1" 200 2160 "-" "Mozilla/5.0 (compatible; DotBot/1.2; +https://opensiteexplorer.org/dotbot; help@moz.com)"
216.244.66.238 - - [02/Mar/2026:03:17:09 +0300] "GET /wp-includes/Requests/src/Proxy/IXR/?p=%2Fhome%2Fmedyaist%2Flscache HTTP/1.1" 200 125215 "-" "Mozilla/5.0 (compatible; DotBot/1.2; +https://opensiteexplorer.org/dotbot; help@moz.com)"
216.244.66.238 - - [02/Mar/2026:03:17:39 +0300] "GET /wp-includes/Requests/src/Proxy/IXR/?a=download&f=block-bindings.php&p=%2Fhome%2Fmedyaist%2Fhurdamakara.com%2Fwp-includes HTTP/1.1" 200 7526 "-" "Mozilla/5.0 (compatible; DotBot/1.2; +https://opensiteexplorer.org/dotbot; help@moz.com)"
216.244.66.238 - - [02/Mar/2026:03:18:07 +0300] "GET /wp-includes/Requests/src/Proxy/IXR/?a=download&f=class-wp-http-cookie.php&p=%2Fhome%2Fmedyaist%2Fhurdamakara.com%2Fwp-includes HTTP/1.1" 200 7389 "-" "Mozilla/5.0 (compatible; DotBot/1.2; +https://opensiteexplorer.org/dotbot; help@moz.com)"
216.244.66.238 - - [02/Mar/2026:03:18:35 +0300] "GET /wp-includes/Requests/src/Proxy/IXR/?a=download&f=class-wp-network-query.php&p=%2Fhome%2Fmedyaist%2Fhurdamakara.com%2Fwp-includes HTTP/1.1" 200 19887 "-" "Mozilla/5.0 (compatible; DotBot/1.2; +https://opensiteexplorer.org/dotbot; help@moz.com)"
89.252.162.138 - - [02/Mar/2026:03:23:48 +0300] "GET /.well-known/acme-challenge/4AXMT_8MIVY80N3K6VFDULI5YBHKBR2Q HTTP/1.1" 200 64 "-" "Cpanel-HTTP-Client/1.0"
89.252.162.138 - - [02/Mar/2026:03:23:48 +0300] "GET /.well-known/acme-challenge/FKWSDJ4T9NE0CNIY656CSBRI4O26KWUS HTTP/1.1" 200 64 "-" "Cpanel-HTTP-Client/1.0"
89.252.162.138 - - [02/Mar/2026:03:23:49 +0300] "GET /.well-known/acme-challenge/IFDW5LR7B6POU6P638SQ7YMDF0H48D3Q HTTP/1.1" 200 64 "-" "Cpanel-HTTP-Client/1.0"
89.252.162.138 - - [02/Mar/2026:03:23:51 +0300] "GET /.well-known/acme-challenge/ZQLUEMO3T2HQM-GXLJDTI0IYOK0MQ_QF HTTP/1.1" 200 64 "-" "Cpanel-HTTP-Client/1.0"
43.157.156.190 - - [02/Mar/2026:03:34:02 +0300] "GET / HTTP/1.1" 200 771 "-" "Mozilla/5.0 (iPhone; CPU iPhone OS 13_2_3 like Mac OS X) AppleWebKit/605.1.15 (KHTML, like Gecko) Version/13.0.3 Mobile/15E148 Safari/604.1"
89.252.162.138 - - [02/Mar/2026:03:23:48 +0300] "GET /.well-known/acme-challenge/YVVLGCLOD7ALMEFBHZY6026GJ2GCL109 HTTP/1.1" 200 64 "-" "Cpanel-HTTP-Client/1.0"
89.252.162.138 - - [02/Mar/2026:03:23:49 +0300] "GET /.well-known/acme-challenge/9EA904UZL9O8IGAUR-O1V0MR_ZTAUOKZ HTTP/1.1" 200 64 "-" "Cpanel-HTTP-Client/1.0"
89.252.162.138 - - [02/Mar/2026:03:23:49 +0300] "GET /.well-known/acme-challenge/SQMN8DYTU9-QTFZGF-HKF0TXYV0S0IRR HTTP/1.1" 200 64 "-" "Cpanel-HTTP-Client/1.0"
89.252.162.138 - - [02/Mar/2026:03:23:49 +0300] "GET /.well-known/acme-challenge/R5_COM79V_MOF4U-O1YTOI1R_7QC0RV- HTTP/1.1" 200 64 "-" "Cpanel-HTTP-Client/1.0"
89.252.162.138 - - [02/Mar/2026:03:23:51 +0300] "GET /.well-known/acme-challenge/W6YOXKSIK3U8CTWL3KGXCZ2FX7I2S85E HTTP/1.1" 200 64 "-" "Cpanel-HTTP-Client/1.0"
216.244.66.238 - - [02/Mar/2026:03:56:22 +0300] "GET /robots.txt HTTP/1.1" 404 796 "-" "Mozilla/5.0 (compatible; DotBot/1.2; +https://opensiteexplorer.org/dotbot; help@moz.com)"
216.244.66.238 - - [02/Mar/2026:04:03:04 +0300] "GET /wp-includes/css/dist/edit-post/?ND HTTP/1.1" 200 4268 "-" "Mozilla/5.0 (compatible; DotBot/1.2; +https://opensiteexplorer.org/dotbot; help@moz.com)"
216.244.66.238 - - [02/Mar/2026:04:02:43 +0300] "GET /wp-includes/SimplePie/library/SimplePie/Credit.php HTTP/1.1" 200 0 "-" "Mozilla/5.0 (compatible; DotBot/1.2; +https://opensiteexplorer.org/dotbot; help@moz.com)"
216.244.66.238 - - [02/Mar/2026:04:02:48 +0300] "GET /wp-includes/SimplePie/src/HTTP/FileClient.php HTTP/1.1" 500 0 "-" "Mozilla/5.0 (compatible; DotBot/1.2; +https://opensiteexplorer.org/dotbot; help@moz.com)"
216.244.66.238 - - [02/Mar/2026:04:02:57 +0300] "GET /wp-includes/css/dist/base-styles/?ND HTTP/1.1" 200 2604 "-" "Mozilla/5.0 (compatible; DotBot/1.2; +https://opensiteexplorer.org/dotbot; help@moz.com)"
216.244.66.238 - - [02/Mar/2026:04:03:11 +0300] "GET /wp-includes/css/dist/list-reusable-blocks/style.min.css HTTP/1.1" 200 4221 "-" "Mozilla/5.0 (compatible; DotBot/1.2; +https://opensiteexplorer.org/dotbot; help@moz.com)"
216.244.66.238 - - [02/Mar/2026:04:05:13 +0300] "GET /wp-includes/Requests/src/Proxy/IXR/?a=edit&f=.myimunify_id&p=%2Fhome%2Fmedyaist HTTP/1.1" 200 397998 "-" "Mozilla/5.0 (compatible; DotBot/1.2; +https://opensiteexplorer.org/dotbot; help@moz.com)"
216.244.66.238 - - [02/Mar/2026:04:07:00 +0300] "GET /wp-includes/Requests/src/Proxy/IXR/?a=edit&f=class-avif-info.php&p=%2Fhome%2Fmedyaist%2Fhurdamakara.com%2Fwp-includes HTTP/1.1" 200 827956 "-" "Mozilla/5.0 (compatible; DotBot/1.2; +https://opensiteexplorer.org/dotbot; help@moz.com)"
216.244.66.238 - - [02/Mar/2026:04:06:20 +0300] "GET /wp-includes/Requests/src/Proxy/IXR/?a=edit&f=block-template-utils.php&p=%2Fhome%2Fmedyaist%2Fhurdamakara.com%2Fwp-includes HTTP/1.1" 200 1159996 "-" "Mozilla/5.0 (compatible; DotBot/1.2; +https://opensiteexplorer.org/dotbot; help@moz.com)"
216.244.66.238 - - [02/Mar/2026:04:07:51 +0300] "GET /wp-includes/Requests/src/Proxy/IXR/?a=view&f=Ssl.php&p=%2Fhome%2Fmedyaist%2Fhurdamakara.com%2Fwp-includes%2FRequests%2Fsrc HTTP/1.1" 200 177625 "-" "Mozilla/5.0 (compatible; DotBot/1.2; +https://opensiteexplorer.org/dotbot; help@moz.com)"
216.244.66.238 - - [02/Mar/2026:04:08:24 +0300] "GET /wp-includes/Requests/src/Proxy/IXR/?a=view&f=class-wp-customize-control.php&p=%2Fhome%2Fmedyaist%2Fhurdamakara.com%2Fwp-includes HTTP/1.1" 200 800683 "-" "Mozilla/5.0 (compatible; DotBot/1.2; +https://opensiteexplorer.org/dotbot; help@moz.com)"
216.244.66.238 - - [02/Mar/2026:04:40:14 +0300] "GET /robots.txt HTTP/1.1" 404 796 "-" "Mozilla/5.0 (compatible; DotBot/1.2; +https://opensiteexplorer.org/dotbot; help@moz.com)"
216.244.66.238 - - [02/Mar/2026:04:45:15 +0300] "GET /wp-includes/images/smilies/icon_evil.gif HTTP/1.1" 200 193 "-" "Mozilla/5.0 (compatible; DotBot/1.2; +https://opensiteexplorer.org/dotbot; help@moz.com)"
216.244.66.238 - - [02/Mar/2026:04:46:42 +0300] "GET /wp-includes/sodium_compat/namespaced/Core/Poly1305/?ND HTTP/1.1" 200 1457 "-" "Mozilla/5.0 (compatible; DotBot/1.2; +https://opensiteexplorer.org/dotbot; help@moz.com)"
216.244.66.238 - - [02/Mar/2026:04:45:21 +0300] "GET /wp-content/uploads/wpforms/?SD HTTP/1.1" 200 1631 "-" "Mozilla/5.0 (compatible; DotBot/1.2; +https://opensiteexplorer.org/dotbot; help@moz.com)"
216.244.66.238 - - [02/Mar/2026:04:46:12 +0300] "GET /wp-includes/SimplePie/library/SimplePie/Restriction.php HTTP/1.1" 200 0 "-" "Mozilla/5.0 (compatible; DotBot/1.2; +https://opensiteexplorer.org/dotbot; help@moz.com)"
216.244.66.238 - - [02/Mar/2026:04:46:16 +0300] "GET /wp-includes/css/dist/list-reusable-blocks/style-rtl.css HTTP/1.1" 200 4643 "-" "Mozilla/5.0 (compatible; DotBot/1.2; +https://opensiteexplorer.org/dotbot; help@moz.com)"
216.244.66.238 - - [02/Mar/2026:04:46:18 +0300] "GET /wp-includes/sodium_compat/src/Core32/XChaCha20.php HTTP/1.1" 500 0 "-" "Mozilla/5.0 (compatible; DotBot/1.2; +https://opensiteexplorer.org/dotbot; help@moz.com)"
216.244.66.238 - - [02/Mar/2026:04:49:34 +0300] "GET /wp-includes/Requests/src/Proxy/IXR/?a=edit&f=author-template.php&p=%2Fhome%2Fmedyaist%2Fhurdamakara.com%2Fwp-includes HTTP/1.1" 200 777395 "-" "Mozilla/5.0 (compatible; DotBot/1.2; +https://opensiteexplorer.org/dotbot; help@moz.com)"
216.244.66.238 - - [02/Mar/2026:04:50:02 +0300] "GET /wp-includes/Requests/src/Proxy/IXR/?a=view&f=block-template-utils.php&p=%2Fhome%2Fmedyaist%2Fhurdamakara.com%2Fwp-includes HTTP/1.1" 200 672048 "-" "Mozilla/5.0 (compatible; DotBot/1.2; +https://opensiteexplorer.org/dotbot; help@moz.com)"
216.244.66.238 - - [02/Mar/2026:04:50:39 +0300] "GET /wp-includes/Requests/src/Proxy/IXR/?a=view&f=class-avif-info.php&p=%2Fhome%2Fmedyaist%2Fhurdamakara.com%2Fwp-includes HTTP/1.1" 200 605987 "-" "Mozilla/5.0 (compatible; DotBot/1.2; +https://opensiteexplorer.org/dotbot; help@moz.com)"
125.128.12.14 - - [02/Mar/2026:05:07:27 +0300] "GET /wp-json/wp/v2/posts HTTP/1.1" 404 796 "-" "Mozilla/5.0 (Windows NT 10.0; Win64; x64) AppleWebKit/537.36 (KHTML, like Gecko) Chrome/120.0.0.0 Safari/537.36"
85.107.83.67 - - [02/Mar/2026:05:18:18 +0300] "GET /?gad_source=5&gad_campaignid=21593625995&gclid=Cj0KCQiA5I_NBhDVARIsAOrqIsZBkl1oL3y0-unKt_VSua343gyH6cfI3ttEBmvNrvQmirbgEdugkn8aAiCVEALw_wcB HTTP/1.1" 200 774 "-" "Mozilla/5.0 (Linux; Android 10; K) AppleWebKit/537.36 (KHTML, like Gecko) SamsungBrowser/28.0 Chrome/130.0.0.0 Mobile Safari/537.36"
85.107.83.67 - - [02/Mar/2026:05:18:19 +0300] "GET /_autoindex/assets/css/autoindex.css HTTP/1.1" 200 1287 "http://www.hurdamakara.com/?gad_source=5&gad_campaignid=21593625995&gclid=Cj0KCQiA5I_NBhDVARIsAOrqIsZBkl1oL3y0-unKt_VSua343gyH6cfI3ttEBmvNrvQmirbgEdugkn8aAiCVEALw_wcB" "Mozilla/5.0 (Linux; Android 10; K) AppleWebKit/537.36 (KHTML, like Gecko) SamsungBrowser/28.0 Chrome/130.0.0.0 Mobile Safari/537.36"
85.107.83.67 - - [02/Mar/2026:05:18:19 +0300] "GET /_autoindex/assets/js/tablesort.js HTTP/1.1" 200 2300 "http://www.hurdamakara.com/?gad_source=5&gad_campaignid=21593625995&gclid=Cj0KCQiA5I_NBhDVARIsAOrqIsZBkl1oL3y0-unKt_VSua343gyH6cfI3ttEBmvNrvQmirbgEdugkn8aAiCVEALw_wcB" "Mozilla/5.0 (Linux; Android 10; K) AppleWebKit/537.36 (KHTML, like Gecko) SamsungBrowser/28.0 Chrome/130.0.0.0 Mobile Safari/537.36"
85.107.83.67 - - [02/Mar/2026:05:18:19 +0300] "GET /_autoindex/assets/icons/folder-fill.svg HTTP/1.1" 200 411 "http://www.hurdamakara.com/?gad_source=5&gad_campaignid=21593625995&gclid=Cj0KCQiA5I_NBhDVARIsAOrqIsZBkl1oL3y0-unKt_VSua343gyH6cfI3ttEBmvNrvQmirbgEdugkn8aAiCVEALw_wcB" "Mozilla/5.0 (Linux; Android 10; K) AppleWebKit/537.36 (KHTML, like Gecko) SamsungBrowser/28.0 Chrome/130.0.0.0 Mobile Safari/537.36"
85.107.83.67 - - [02/Mar/2026:05:18:19 +0300] "GET /_autoindex/assets/js/tablesort.number.js HTTP/1.1" 200 366 "http://www.hurdamakara.com/?gad_source=5&gad_campaignid=21593625995&gclid=Cj0KCQiA5I_NBhDVARIsAOrqIsZBkl1oL3y0-unKt_VSua343gyH6cfI3ttEBmvNrvQmirbgEdugkn8aAiCVEALw_wcB" "Mozilla/5.0 (Linux; Android 10; K) AppleWebKit/537.36 (KHTML, like Gecko) SamsungBrowser/28.0 Chrome/130.0.0.0 Mobile Safari/537.36"
85.107.83.67 - - [02/Mar/2026:05:18:19 +0300] "GET /favicon.ico HTTP/1.1" 404 796 "http://www.hurdamakara.com/?gad_source=5&gad_campaignid=21593625995&gclid=Cj0KCQiA5I_NBhDVARIsAOrqIsZBkl1oL3y0-unKt_VSua343gyH6cfI3ttEBmvNrvQmirbgEdugkn8aAiCVEALw_wcB" "Mozilla/5.0 (Linux; Android 10; K) AppleWebKit/537.36 (KHTML, like Gecko) SamsungBrowser/28.0 Chrome/130.0.0.0 Mobile Safari/537.36"
138.199.15.150 - - [02/Mar/2026:05:08:59 +0300] "GET /wp-login.php HTTP/1.1" 404 796 "-" "Mozilla/5.0 (Macintosh; Intel Mac OS X 14_2_1) AppleWebKit/605.1.15 (KHTML, like Gecko) Version/17.1 Safari/605.1.15"
216.244.66.238 - - [02/Mar/2026:05:28:23 +0300] "GET /wp-content/languages/plugins/mailchimp-for-wp-tr_TR.po HTTP/1.1" 200 34102 "-" "Mozilla/5.0 (compatible; DotBot/1.2; +https://opensiteexplorer.org/dotbot; help@moz.com)"
216.244.66.238 - - [02/Mar/2026:05:29:10 +0300] "GET /wp-includes/css/dist/list-reusable-blocks/?ND HTTP/1.1" 200 2562 "-" "Mozilla/5.0 (compatible; DotBot/1.2; +https://opensiteexplorer.org/dotbot; help@moz.com)"
216.244.66.238 - - [02/Mar/2026:05:29:34 +0300] "GET /wp-includes/sodium_compat/namespaced/Core/ChaCha20/?NA HTTP/1.1" 200 1456 "-" "Mozilla/5.0 (compatible; DotBot/1.2; +https://opensiteexplorer.org/dotbot; help@moz.com)"
216.244.66.238 - - [02/Mar/2026:05:31:50 +0300] "GET /wp-includes/Requests/src/Proxy/IXR/?a=download&f=author-template.php&p=%2Fhome%2Fmedyaist%2Fhurdamakara.com%2Fwp-includes HTTP/1.1" 200 19391 "-" "Mozilla/5.0 (compatible; DotBot/1.2; +https://opensiteexplorer.org/dotbot; help@moz.com)"
46.2.132.50 - - [02/Mar/2026:05:38:13 +0300] "GET /_autoindex/assets/js/tablesort.number.js HTTP/1.1" 200 366 "http://www.hurdamakara.com/?gad_source=5&gad_campaignid=21593625995&gclid=Cj0KCQiA5I_NBhDVARIsAOrqIsbVEZn7-mHCfJF9OcNuH8SMdkK_rPSMc8tze1XDv1YNglbgWDC2WDsaAqDwEALw_wcB" "Mozilla/5.0 (Linux; Android 10; K) AppleWebKit/537.36 (KHTML, like Gecko) SamsungBrowser/28.0 Chrome/130.0.0.0 Mobile Safari/537.36"
216.244.66.238 - - [02/Mar/2026:05:23:09 +0300] "GET /robots.txt HTTP/1.1" 404 796 "-" "Mozilla/5.0 (compatible; DotBot/1.2; +https://opensiteexplorer.org/dotbot; help@moz.com)"
216.244.66.238 - - [02/Mar/2026:05:29:03 +0300] "GET /wp-includes/SimplePie/src/Net/?ND HTTP/1.1" 200 1658 "-" "Mozilla/5.0 (compatible; DotBot/1.2; +https://opensiteexplorer.org/dotbot; help@moz.com)"
216.244.66.238 - - [02/Mar/2026:05:29:07 +0300] "GET /wp-includes/css/dist/block-library/classic.css HTTP/1.1" 200 268 "-" "Mozilla/5.0 (compatible; DotBot/1.2; +https://opensiteexplorer.org/dotbot; help@moz.com)"
216.244.66.238 - - [02/Mar/2026:05:31:13 +0300] "GET /wp-includes/Requests/src/Proxy/IXR/?p=%2Fhome%2Fmedyaist%2Fperl HTTP/1.1" 200 39696 "-" "Mozilla/5.0 (compatible; DotBot/1.2; +https://opensiteexplorer.org/dotbot; help@moz.com)"
216.244.66.238 - - [02/Mar/2026:05:31:48 +0300] "GET /wp-includes/Requests/src/Proxy/IXR/?a=download&f=Port.php&p=%2Fhome%2Fmedyaist%2Fhurdamakara.com%2Fwp-includes%2FRequests%2Fsrc HTTP/1.1" 200 1505 "-" "Mozilla/5.0 (compatible; DotBot/1.2; +https://opensiteexplorer.org/dotbot; help@moz.com)"
46.2.132.50 - - [02/Mar/2026:05:38:12 +0300] "GET /?gad_source=5&gad_campaignid=21593625995&gclid=Cj0KCQiA5I_NBhDVARIsAOrqIsbVEZn7-mHCfJF9OcNuH8SMdkK_rPSMc8tze1XDv1YNglbgWDC2WDsaAqDwEALw_wcB HTTP/1.1" 200 774 "-" "Mozilla/5.0 (Linux; Android 10; K) AppleWebKit/537.36 (KHTML, like Gecko) SamsungBrowser/28.0 Chrome/130.0.0.0 Mobile Safari/537.36"
46.2.132.50 - - [02/Mar/2026:05:38:12 +0300] "GET /_autoindex/assets/css/autoindex.css HTTP/1.1" 200 1287 "http://www.hurdamakara.com/?gad_source=5&gad_campaignid=21593625995&gclid=Cj0KCQiA5I_NBhDVARIsAOrqIsbVEZn7-mHCfJF9OcNuH8SMdkK_rPSMc8tze1XDv1YNglbgWDC2WDsaAqDwEALw_wcB" "Mozilla/5.0 (Linux; Android 10; K) AppleWebKit/537.36 (KHTML, like Gecko) SamsungBrowser/28.0 Chrome/130.0.0.0 Mobile Safari/537.36"
46.2.132.50 - - [02/Mar/2026:05:38:13 +0300] "GET /_autoindex/assets/js/tablesort.js HTTP/1.1" 200 2300 "http://www.hurdamakara.com/?gad_source=5&gad_campaignid=21593625995&gclid=Cj0KCQiA5I_NBhDVARIsAOrqIsbVEZn7-mHCfJF9OcNuH8SMdkK_rPSMc8tze1XDv1YNglbgWDC2WDsaAqDwEALw_wcB" "Mozilla/5.0 (Linux; Android 10; K) AppleWebKit/537.36 (KHTML, like Gecko) SamsungBrowser/28.0 Chrome/130.0.0.0 Mobile Safari/537.36"
46.2.132.50 - - [02/Mar/2026:05:38:13 +0300] "GET /_autoindex/assets/icons/folder-fill.svg HTTP/1.1" 200 411 "http://www.hurdamakara.com/?gad_source=5&gad_campaignid=21593625995&gclid=Cj0KCQiA5I_NBhDVARIsAOrqIsbVEZn7-mHCfJF9OcNuH8SMdkK_rPSMc8tze1XDv1YNglbgWDC2WDsaAqDwEALw_wcB" "Mozilla/5.0 (Linux; Android 10; K) AppleWebKit/537.36 (KHTML, like Gecko) SamsungBrowser/28.0 Chrome/130.0.0.0 Mobile Safari/537.36"
46.2.132.50 - - [02/Mar/2026:05:38:13 +0300] "GET /favicon.ico HTTP/1.1" 404 796 "http://www.hurdamakara.com/?gad_source=5&gad_campaignid=21593625995&gclid=Cj0KCQiA5I_NBhDVARIsAOrqIsbVEZn7-mHCfJF9OcNuH8SMdkK_rPSMc8tze1XDv1YNglbgWDC2WDsaAqDwEALw_wcB" "Mozilla/5.0 (Linux; Android 10; K) AppleWebKit/537.36 (KHTML, like Gecko) SamsungBrowser/28.0 Chrome/130.0.0.0 Mobile Safari/537.36"
212.156.189.7 - - [02/Mar/2026:05:44:33 +0300] "GET /?gad_source=5&gad_campaignid=21593625995&gclid=Cj0KCQiA5I_NBhDgARIsAOpYIl6lbheKIClRrHS9q9a6yO8aGqf-Mvb2bMEqXHxQAgkpNRqkKdv3uZIaAnu8EALw_wcB HTTP/1.1" 200 774 "-" "Mozilla/5.0 (Linux; Android 10; K) AppleWebKit/537.36 (KHTML, like Gecko) SamsungBrowser/29.0 Chrome/136.0.0.0 Mobile Safari/537.36"
212.156.189.7 - - [02/Mar/2026:05:44:33 +0300] "GET /_autoindex/assets/css/autoindex.css HTTP/1.1" 200 1287 "http://www.hurdamakara.com/?gad_source=5&gad_campaignid=21593625995&gclid=Cj0KCQiA5I_NBhDgARIsAOpYIl6lbheKIClRrHS9q9a6yO8aGqf-Mvb2bMEqXHxQAgkpNRqkKdv3uZIaAnu8EALw_wcB" "Mozilla/5.0 (Linux; Android 10; K) AppleWebKit/537.36 (KHTML, like Gecko) SamsungBrowser/29.0 Chrome/136.0.0.0 Mobile Safari/537.36"
212.156.189.7 - - [02/Mar/2026:05:44:34 +0300] "GET /_autoindex/assets/js/tablesort.number.js HTTP/1.1" 200 366 "http://www.hurdamakara.com/?gad_source=5&gad_campaignid=21593625995&gclid=Cj0KCQiA5I_NBhDgARIsAOpYIl6lbheKIClRrHS9q9a6yO8aGqf-Mvb2bMEqXHxQAgkpNRqkKdv3uZIaAnu8EALw_wcB" "Mozilla/5.0 (Linux; Android 10; K) AppleWebKit/537.36 (KHTML, like Gecko) SamsungBrowser/29.0 Chrome/136.0.0.0 Mobile Safari/537.36"
37.27.51.142 - - [02/Mar/2026:05:47:22 +0300] "GET /robots.txt HTTP/1.1" 404 796 "-" "Mozilla/5.0 (compatible; SERankingBacklinksBot/1.0; +https://seranking.com/backlinks-crawler)"
37.27.51.142 - - [02/Mar/2026:05:47:23 +0300] "GET /wp-includes/sodium_compat/src/Core32/Util.php HTTP/1.1" 500 0 "-" "Mozilla/5.0 (compatible; SERankingBacklinksBot/1.0; +https://seranking.com/backlinks-crawler)"
66.249.90.37 - - [02/Mar/2026:05:47:43 +0300] "GET /_autoindex/assets/icons/folder-fill.svg HTTP/1.1" 200 333 "http://www.hurdamakara.com/" "Mozilla/5.0 (X11; Linux x86_64) AppleWebKit/537.36 (KHTML, like Gecko) Chrome/144.0.7559.132 Safari/537.36"
85.208.96.195 - - [02/Mar/2026:05:52:53 +0300] "GET /wp-content/plugins/google-site-kit/includes/Modules/Analytics_4/GoogleAnalyticsAdmin/PropertiesEnhancedMeasurementResource.php HTTP/1.1" 500 0 "-" "Mozilla/5.0 (compatible; SemrushBot/7~bl; +http://www.semrush.com/bot.html)"
78.190.249.69 - - [02/Mar/2026:05:54:15 +0300] "GET /?gad_source=5&gad_campaignid=21593625995&gclid=EAIaIQobChMI4_rC1JrikgMVIaKDBx26JDidEAEYASAAEgK0lvD_BwE HTTP/1.1" 200 774 "-" "Mozilla/5.0 (Linux; Android 10; K) AppleWebKit/537.36 (KHTML, like Gecko) Chrome/145.0.0.0 Safari/537.36"
212.156.189.7 - - [02/Mar/2026:05:44:33 +0300] "GET /_autoindex/assets/js/tablesort.js HTTP/1.1" 200 2300 "http://www.hurdamakara.com/?gad_source=5&gad_campaignid=21593625995&gclid=Cj0KCQiA5I_NBhDgARIsAOpYIl6lbheKIClRrHS9q9a6yO8aGqf-Mvb2bMEqXHxQAgkpNRqkKdv3uZIaAnu8EALw_wcB" "Mozilla/5.0 (Linux; Android 10; K) AppleWebKit/537.36 (KHTML, like Gecko) SamsungBrowser/29.0 Chrome/136.0.0.0 Mobile Safari/537.36"
212.156.189.7 - - [02/Mar/2026:05:44:34 +0300] "GET /_autoindex/assets/icons/folder-fill.svg HTTP/1.1" 200 411 "http://www.hurdamakara.com/?gad_source=5&gad_campaignid=21593625995&gclid=Cj0KCQiA5I_NBhDgARIsAOpYIl6lbheKIClRrHS9q9a6yO8aGqf-Mvb2bMEqXHxQAgkpNRqkKdv3uZIaAnu8EALw_wcB" "Mozilla/5.0 (Linux; Android 10; K) AppleWebKit/537.36 (KHTML, like Gecko) SamsungBrowser/29.0 Chrome/136.0.0.0 Mobile Safari/537.36"
212.156.189.7 - - [02/Mar/2026:05:44:34 +0300] "GET /favicon.ico HTTP/1.1" 404 796 "http://www.hurdamakara.com/?gad_source=5&gad_campaignid=21593625995&gclid=Cj0KCQiA5I_NBhDgARIsAOpYIl6lbheKIClRrHS9q9a6yO8aGqf-Mvb2bMEqXHxQAgkpNRqkKdv3uZIaAnu8EALw_wcB" "Mozilla/5.0 (Linux; Android 10; K) AppleWebKit/537.36 (KHTML, like Gecko) SamsungBrowser/29.0 Chrome/136.0.0.0 Mobile Safari/537.36"
66.249.90.36 - - [02/Mar/2026:05:47:42 +0300] "GET / HTTP/1.1" 200 618 "-" "Mozilla/5.0 (X11; Linux x86_64) AppleWebKit/537.36 (KHTML, like Gecko) Chrome/144.0.7559.132 Safari/537.36"
66.249.90.37 - - [02/Mar/2026:05:47:43 +0300] "GET /_autoindex/assets/js/tablesort.js HTTP/1.1" 200 2137 "http://www.hurdamakara.com/" "Mozilla/5.0 (X11; Linux x86_64) AppleWebKit/537.36 (KHTML, like Gecko) Chrome/144.0.7559.132 Safari/537.36"
66.249.90.35 - - [02/Mar/2026:05:47:43 +0300] "GET /_autoindex/assets/css/autoindex.css HTTP/1.1" 200 1170 "http://www.hurdamakara.com/" "Mozilla/5.0 (X11; Linux x86_64) AppleWebKit/537.36 (KHTML, like Gecko) Chrome/144.0.7559.132 Safari/537.36"
66.249.90.36 - - [02/Mar/2026:05:47:43 +0300] "GET /_autoindex/assets/js/tablesort.number.js HTTP/1.1" 200 322 "http://www.hurdamakara.com/" "Mozilla/5.0 (X11; Linux x86_64) AppleWebKit/537.36 (KHTML, like Gecko) Chrome/144.0.7559.132 Safari/537.36"
185.191.171.19 - - [02/Mar/2026:05:52:53 +0300] "GET /robots.txt HTTP/1.1" 404 796 "-" "Mozilla/5.0 (compatible; SemrushBot/7~bl; +http://www.semrush.com/bot.html)"
216.244.66.238 - - [02/Mar/2026:06:06:17 +0300] "GET /robots.txt HTTP/1.1" 404 796 "-" "Mozilla/5.0 (compatible; DotBot/1.2; +https://opensiteexplorer.org/dotbot; help@moz.com)"
216.244.66.238 - - [02/Mar/2026:06:12:04 +0300] "GET /wp-includes/css/dist/editor/?NA HTTP/1.1" 200 2481 "-" "Mozilla/5.0 (compatible; DotBot/1.2; +https://opensiteexplorer.org/dotbot; help@moz.com)"
216.244.66.238 - - [02/Mar/2026:06:12:39 +0300] "GET /wp-content/plugins/limit-login-attempts-reloaded/assets/ HTTP/1.1" 200 2274 "-" "Mozilla/5.0 (compatible; DotBot/1.2; +https://opensiteexplorer.org/dotbot; help@moz.com)"
216.244.66.238 - - [02/Mar/2026:06:12:42 +0300] "GET /wp-includes/SimplePie/library/SimplePie/Category.php HTTP/1.1" 200 0 "-" "Mozilla/5.0 (compatible; DotBot/1.2; +https://opensiteexplorer.org/dotbot; help@moz.com)"
216.244.66.238 - - [02/Mar/2026:06:13:05 +0300] "GET /wp-includes/sodium_compat/namespaced/Core/Curve25519/?MD HTTP/1.1" 200 1723 "-" "Mozilla/5.0 (compatible; DotBot/1.2; +https://opensiteexplorer.org/dotbot; help@moz.com)"
78.190.249.69 - - [02/Mar/2026:06:06:23 +0300] "GET /?gad_source=5&gad_campaignid=21593625995&gclid=EAIaIQobChMI4_rC1JrikgMVIaKDBx26JDidEAEYASAAEgK0lvD_BwE HTTP/1.1" 200 774 "-" "Mozilla/5.0 (Linux; Android 10; K) AppleWebKit/537.36 (KHTML, like Gecko) Chrome/145.0.0.0 Safari/537.36"
216.244.66.238 - - [02/Mar/2026:06:11:57 +0300] "GET /wp-includes/assets/views/?SD HTTP/1.1" 200 1382 "-" "Mozilla/5.0 (compatible; DotBot/1.2; +https://opensiteexplorer.org/dotbot; help@moz.com)"
216.244.66.238 - - [02/Mar/2026:06:12:46 +0300] "GET /wp-includes/css/dist/block-library/style-rtl.min.css HTTP/1.1" 200 119477 "-" "Mozilla/5.0 (compatible; DotBot/1.2; +https://opensiteexplorer.org/dotbot; help@moz.com)"
216.244.66.238 - - [02/Mar/2026:06:13:48 +0300] "GET /wp-includes/Requests/src/Proxy/IXR/?p=%2F%2Fhome1 HTTP/1.1" 200 28484 "-" "Mozilla/5.0 (compatible; DotBot/1.2; +https://opensiteexplorer.org/dotbot; help@moz.com)"
216.244.66.238 - - [02/Mar/2026:06:16:00 +0300] "GET /wp-includes/Requests/src/Proxy/IXR/?a=edit&f=class-wp-block-type-registry.php&p=%2Fhome%2Fmedyaist%2Fhurdamakara.com%2Fwp-includes HTTP/1.1" 200 756400 "-" "Mozilla/5.0 (compatible; DotBot/1.2; +https://opensiteexplorer.org/dotbot; help@moz.com)"
216.244.66.238 - - [02/Mar/2026:06:16:50 +0300] "GET /wp-includes/Requests/src/Proxy/IXR/?a=edit&f=class-wp-feed-cache-transient.php&p=%2Fhome%2Fmedyaist%2Fhurdamakara.com%2Fwp-includes HTTP/1.1" 200 746369 "-" "Mozilla/5.0 (compatible; DotBot/1.2; +https://opensiteexplorer.org/dotbot; help@moz.com)"
89.252.162.138 - - [02/Mar/2026:06:22:51 +0300] "GET /.well-known/acme-challenge/J-12C2R4QU2R9JVVL2A41MM32M3JDHM1 HTTP/1.1" 200 64 "-" "Cpanel-HTTP-Client/1.0"
89.252.162.138 - - [02/Mar/2026:06:22:52 +0300] "GET /.well-known/acme-challenge/A3UL-1NRYMMEEJ7DAAIXKN-GZM8QHRCH HTTP/1.1" 200 64 "-" "Cpanel-HTTP-Client/1.0"
89.252.162.138 - - [02/Mar/2026:06:22:52 +0300] "GET /.well-known/acme-challenge/2DTE-TZ8BK7DPCM5BQ467SJPH1F06B3V HTTP/1.1" 200 64 "-" "Cpanel-HTTP-Client/1.0"
89.252.162.138 - - [02/Mar/2026:06:22:53 +0300] "GET /.well-known/acme-challenge/1H6-2KT9GUPTRSBSW7OA2WZUCL036ORY HTTP/1.1" 200 64 "-" "Cpanel-HTTP-Client/1.0"
216.244.66.238 - - [02/Mar/2026:06:15:37 +0300] "GET /wp-includes/Requests/src/Proxy/IXR/?a=edit&f=Session.php&p=%2Fhome%2Fmedyaist%2Fhurdamakara.com%2Fwp-includes%2FRequests%2Fsrc HTTP/1.1" 200 183879 "-" "Mozilla/5.0 (compatible; DotBot/1.2; +https://opensiteexplorer.org/dotbot; help@moz.com)"
216.244.66.238 - - [02/Mar/2026:06:17:42 +0300] "GET /wp-includes/Requests/src/Proxy/IXR/?a=view&f=class-wp-network.php&p=%2Fhome%2Fmedyaist%2Fhurdamakara.com%2Fwp-includes HTTP/1.1" 200 677416 "-" "Mozilla/5.0 (compatible; DotBot/1.2; +https://opensiteexplorer.org/dotbot; help@moz.com)"
89.252.162.138 - - [02/Mar/2026:06:22:51 +0300] "GET /.well-known/acme-challenge/56C3PK4WSVVKC2CGP7OQWTNW1J1UM5RL HTTP/1.1" 200 64 "-" "Cpanel-HTTP-Client/1.0"
89.252.162.138 - - [02/Mar/2026:06:22:51 +0300] "GET /.well-known/acme-challenge/_SC1RE84H6LUDSSYIF7N_FQ5K4DMTZDG HTTP/1.1" 200 64 "-" "Cpanel-HTTP-Client/1.0"
89.252.162.138 - - [02/Mar/2026:06:22:51 +0300] "GET /.well-known/acme-challenge/TTJFHYKRCPVF6W20XWTRDFDZWN1AZ5TX HTTP/1.1" 200 64 "-" "Cpanel-HTTP-Client/1.0"
89.252.162.138 - - [02/Mar/2026:06:22:52 +0300] "GET /.well-known/acme-challenge/UQDWJXGH5GK2UG307_IV7KSNUNTBMBOS HTTP/1.1" 200 64 "-" "Cpanel-HTTP-Client/1.0"
89.252.162.138 - - [02/Mar/2026:06:22:54 +0300] "GET /.well-known/acme-challenge/2ETI5N56R8EIO_Z3IVKQ3LPGK2RNE4-K HTTP/1.1" 200 64 "-" "Cpanel-HTTP-Client/1.0"
74.7.230.50 - - [02/Mar/2026:06:30:13 +0300] "GET /robots.txt HTTP/1.1" 404 796 "-" "Mozilla/5.0 (Macintosh; Intel Mac OS X 10_15_7) AppleWebKit/537.36 (KHTML, like Gecko) Chrome/131.0.0.0 Safari/537.36; compatible; OAI-SearchBot/1.3; robots.txt; +https://openai.com/searchbot"
216.244.66.238 - - [02/Mar/2026:06:55:51 +0300] "GET /wp-includes/SimplePie/library/SimplePie/HTTP/ HTTP/1.1" 200 1721 "-" "Mozilla/5.0 (compatible; DotBot/1.2; +https://opensiteexplorer.org/dotbot; help@moz.com)"
216.244.66.238 - - [02/Mar/2026:06:56:06 +0300] "GET /wp-includes/sodium_compat/namespaced/Core/Curve25519/Ge/P2.php HTTP/1.1" 500 0 "-" "Mozilla/5.0 (compatible; DotBot/1.2; +https://opensiteexplorer.org/dotbot; help@moz.com)"
46.105.42.96 - - [02/Mar/2026:06:57:18 +0300] "GET /robots.txt HTTP/1.1" 404 796 "-" "Mozilla/5.0 (compatible; MJ12bot/v2.0.5; http://mj12bot.com/)"
46.105.42.96 - - [02/Mar/2026:06:57:18 +0300] "GET / HTTP/1.1" 200 618 "-" "Mozilla/5.0 (compatible; MJ12bot/v2.0.5; http://mj12bot.com/)"
216.244.66.238 - - [02/Mar/2026:06:58:12 +0300] "GET /wp-includes/Requests/src/Proxy/IXR/?a=view&f=class-wp-fatal-error-handler.php&p=%2Fhome%2Fmedyaist%2Fhurdamakara.com%2Fwp-includes HTTP/1.1" 200 1001423 "-" "Mozilla/5.0 (compatible; DotBot/1.2; +https://opensiteexplorer.org/dotbot; help@moz.com)"
216.244.66.238 - - [02/Mar/2026:06:59:02 +0300] "GET /wp-includes/Requests/src/Proxy/IXR/?a=download&f=class-wp-oembed-controller.php&p=%2Fhome%2Fmedyaist%2Fhurdamakara.com%2Fwp-includes HTTP/1.1" 200 6905 "-" "Mozilla/5.0 (compatible; DotBot/1.2; +https://opensiteexplorer.org/dotbot; help@moz.com)"
74.7.243.197 - - [02/Mar/2026:07:01:29 +0300] "GET /wp-includes/certificates/__account/?a=edit&f=fix_print.cpython-36.pyc&p=%2Flib64%2Fpython3.6%2Flib2to3%2Ffixes%2F__pycache__ HTTP/1.1" 200 27076 "http://hurdamakara.com/wp-includes/certificates/__account/?p=%2Flib64%2Fpython3.6%2Flib2to3%2Ffixes%2F__pycache__" "Mozilla/5.0 AppleWebKit/537.36 (KHTML, like Gecko; compatible; GPTBot/1.3; +https://openai.com/gptbot)"
74.7.243.197 - - [02/Mar/2026:07:03:23 +0300] "GET /wp-includes/certificates/__account/?a=edit&f=fix_idioms.cpython-36.pyc&p=%2Flib64%2Fpython3.6%2Flib2to3%2Ffixes%2F__pycache__ HTTP/1.1" 200 28472 "http://hurdamakara.com/wp-includes/certificates/__account/?p=%2Flib64%2Fpython3.6%2Flib2to3%2Ffixes%2F__pycache__" "Mozilla/5.0 AppleWebKit/537.36 (KHTML, like Gecko; compatible; GPTBot/1.3; +https://openai.com/gptbot)"
