78.188.116.10 - - [02/Mar/2026:00:11:14 +0300] "GET /_autoindex/assets/js/tablesort.js HTTP/1.1" 200 2300 "http://www.hurdamakara.com/?gad_source=5&gad_campaignid=21593625995&gclid=Cj0KCQiA5I_NBhDVARIsAOrqIsbaIn-tWSOE4b4U8Z6ziDHlNZESHdB4J_V_u7ZqQsX8tOx0t3pPFQYaAqh6EALw_wcB" "Mozilla/5.0 (Linux; Android 10; K) AppleWebKit/537.36 (KHTML, like Gecko) SamsungBrowser/29.0 Chrome/136.0.0.0 Mobile Safari/537.36"
78.188.116.10 - - [02/Mar/2026:00:11:14 +0300] "GET /_autoindex/assets/icons/folder-fill.svg HTTP/1.1" 200 411 "http://www.hurdamakara.com/?gad_source=5&gad_campaignid=21593625995&gclid=Cj0KCQiA5I_NBhDVARIsAOrqIsbaIn-tWSOE4b4U8Z6ziDHlNZESHdB4J_V_u7ZqQsX8tOx0t3pPFQYaAqh6EALw_wcB" "Mozilla/5.0 (Linux; Android 10; K) AppleWebKit/537.36 (KHTML, like Gecko) SamsungBrowser/29.0 Chrome/136.0.0.0 Mobile Safari/537.36"
78.188.116.10 - - [02/Mar/2026:00:11:15 +0300] "GET /favicon.ico HTTP/1.1" 404 796 "http://www.hurdamakara.com/?gad_source=5&gad_campaignid=21593625995&gclid=Cj0KCQiA5I_NBhDVARIsAOrqIsbaIn-tWSOE4b4U8Z6ziDHlNZESHdB4J_V_u7ZqQsX8tOx0t3pPFQYaAqh6EALw_wcB" "Mozilla/5.0 (Linux; Android 10; K) AppleWebKit/537.36 (KHTML, like Gecko) SamsungBrowser/29.0 Chrome/136.0.0.0 Mobile Safari/537.36"
176.219.69.140 - - [02/Mar/2026:00:11:16 +0300] "GET /?gad_source=5&gad_campaignid=21593625995&gclid=Cj0KCQiA5I_NBhDVARIsAOrqIsYuFt8LKU-f-N20owLDGAO3hcW026v9IKbPIXgn4LbXwCY6s_OIvH8aArOnEALw_wcB HTTP/1.1" 200 774 "-" "Mozilla/5.0 (Linux; Android 10; K) AppleWebKit/537.36 (KHTML, like Gecko) Chrome/130.0.0.0 Mobile Safari/537.36"
176.219.69.140 - - [02/Mar/2026:00:11:16 +0300] "GET /_autoindex/assets/css/autoindex.css HTTP/1.1" 200 1287 "http://www.hurdamakara.com/?gad_source=5&gad_campaignid=21593625995&gclid=Cj0KCQiA5I_NBhDVARIsAOrqIsYuFt8LKU-f-N20owLDGAO3hcW026v9IKbPIXgn4LbXwCY6s_OIvH8aArOnEALw_wcB" "Mozilla/5.0 (Linux; Android 10; K) AppleWebKit/537.36 (KHTML, like Gecko) Chrome/130.0.0.0 Mobile Safari/537.36"
176.219.69.140 - - [02/Mar/2026:00:11:17 +0300] "GET /_autoindex/assets/js/tablesort.js HTTP/1.1" 200 2300 "http://www.hurdamakara.com/?gad_source=5&gad_campaignid=21593625995&gclid=Cj0KCQiA5I_NBhDVARIsAOrqIsYuFt8LKU-f-N20owLDGAO3hcW026v9IKbPIXgn4LbXwCY6s_OIvH8aArOnEALw_wcB" "Mozilla/5.0 (Linux; Android 10; K) AppleWebKit/537.36 (KHTML, like Gecko) Chrome/130.0.0.0 Mobile Safari/537.36"
176.219.69.140 - - [02/Mar/2026:00:11:17 +0300] "GET /_autoindex/assets/js/tablesort.number.js HTTP/1.1" 200 366 "http://www.hurdamakara.com/?gad_source=5&gad_campaignid=21593625995&gclid=Cj0KCQiA5I_NBhDVARIsAOrqIsYuFt8LKU-f-N20owLDGAO3hcW026v9IKbPIXgn4LbXwCY6s_OIvH8aArOnEALw_wcB" "Mozilla/5.0 (Linux; Android 10; K) AppleWebKit/537.36 (KHTML, like Gecko) Chrome/130.0.0.0 Mobile Safari/537.36"
176.219.69.140 - - [02/Mar/2026:00:11:17 +0300] "GET /_autoindex/assets/icons/folder-fill.svg HTTP/1.1" 200 411 "http://www.hurdamakara.com/?gad_source=5&gad_campaignid=21593625995&gclid=Cj0KCQiA5I_NBhDVARIsAOrqIsYuFt8LKU-f-N20owLDGAO3hcW026v9IKbPIXgn4LbXwCY6s_OIvH8aArOnEALw_wcB" "Mozilla/5.0 (Linux; Android 10; K) AppleWebKit/537.36 (KHTML, like Gecko) Chrome/130.0.0.0 Mobile Safari/537.36"
176.219.69.140 - - [02/Mar/2026:00:11:17 +0300] "GET /favicon.ico HTTP/1.1" 404 796 "http://www.hurdamakara.com/?gad_source=5&gad_campaignid=21593625995&gclid=Cj0KCQiA5I_NBhDVARIsAOrqIsYuFt8LKU-f-N20owLDGAO3hcW026v9IKbPIXgn4LbXwCY6s_OIvH8aArOnEALw_wcB" "Mozilla/5.0 (Linux; Android 10; K) AppleWebKit/537.36 (KHTML, like Gecko) Chrome/130.0.0.0 Mobile Safari/537.36"
78.176.236.161 - - [02/Mar/2026:00:11:11 +0300] "GET /?gbraid=0AAAAAqcpEzthcupJx2laGimQe4o8YdFk3&gad_source=5&gad_campaignid=21593625995&gclid=Cj0KCQiA5I_NBhDVARIsAOrqIsaBkMf1GCz0lF-YR_yjL5vGQB0FNO6ZHruwWFKh5P-yL1O39T77H1oaAtGXEALw_wcB HTTP/1.1" 200 774 "android-app://com.sprunki.mod.horror.incredibox.monster.beats.music.game/" "Mozilla/5.0 (Linux; Android 10; K) AppleWebKit/537.36 (KHTML, like Gecko) SamsungBrowser/29.0 Chrome/136.0.0.0 Mobile Safari/537.36"
78.176.236.161 - - [02/Mar/2026:00:11:11 +0300] "GET /_autoindex/assets/css/autoindex.css HTTP/1.1" 200 1287 "http://www.hurdamakara.com/?gbraid=0AAAAAqcpEzthcupJx2laGimQe4o8YdFk3&gad_source=5&gad_campaignid=21593625995&gclid=Cj0KCQiA5I_NBhDVARIsAOrqIsaBkMf1GCz0lF-YR_yjL5vGQB0FNO6ZHruwWFKh5P-yL1O39T77H1oaAtGXEALw_wcB" "Mozilla/5.0 (Linux; Android 10; K) AppleWebKit/537.36 (KHTML, like Gecko) SamsungBrowser/29.0 Chrome/136.0.0.0 Mobile Safari/537.36"
78.176.236.161 - - [02/Mar/2026:00:11:11 +0300] "GET /_autoindex/assets/js/tablesort.number.js HTTP/1.1" 200 366 "http://www.hurdamakara.com/?gbraid=0AAAAAqcpEzthcupJx2laGimQe4o8YdFk3&gad_source=5&gad_campaignid=21593625995&gclid=Cj0KCQiA5I_NBhDVARIsAOrqIsaBkMf1GCz0lF-YR_yjL5vGQB0FNO6ZHruwWFKh5P-yL1O39T77H1oaAtGXEALw_wcB" "Mozilla/5.0 (Linux; Android 10; K) AppleWebKit/537.36 (KHTML, like Gecko) SamsungBrowser/29.0 Chrome/136.0.0.0 Mobile Safari/537.36"
78.176.236.161 - - [02/Mar/2026:00:11:11 +0300] "GET /_autoindex/assets/js/tablesort.js HTTP/1.1" 200 2300 "http://www.hurdamakara.com/?gbraid=0AAAAAqcpEzthcupJx2laGimQe4o8YdFk3&gad_source=5&gad_campaignid=21593625995&gclid=Cj0KCQiA5I_NBhDVARIsAOrqIsaBkMf1GCz0lF-YR_yjL5vGQB0FNO6ZHruwWFKh5P-yL1O39T77H1oaAtGXEALw_wcB" "Mozilla/5.0 (Linux; Android 10; K) AppleWebKit/537.36 (KHTML, like Gecko) SamsungBrowser/29.0 Chrome/136.0.0.0 Mobile Safari/537.36"
78.188.116.10 - - [02/Mar/2026:00:11:14 +0300] "GET /_autoindex/assets/js/tablesort.number.js HTTP/1.1" 200 366 "http://www.hurdamakara.com/?gad_source=5&gad_campaignid=21593625995&gclid=Cj0KCQiA5I_NBhDVARIsAOrqIsbaIn-tWSOE4b4U8Z6ziDHlNZESHdB4J_V_u7ZqQsX8tOx0t3pPFQYaAqh6EALw_wcB" "Mozilla/5.0 (Linux; Android 10; K) AppleWebKit/537.36 (KHTML, like Gecko) SamsungBrowser/29.0 Chrome/136.0.0.0 Mobile Safari/537.36"
176.236.239.224 - - [02/Mar/2026:00:11:41 +0300] "GET /?gad_source=5&gad_campaignid=21593625995&gclid=EAIaIQobChMItIbIrc7_kgMVewmiAx3G_wKtEAEYASAAEgLfFvD_BwE HTTP/1.1" 200 774 "-" "Mozilla/5.0 (Linux; Android 10; K) AppleWebKit/537.36 (KHTML, like Gecko) Chrome/145.0.0.0 Mobile Safari/537.36"
88.241.177.85 - - [02/Mar/2026:00:12:11 +0300] "GET /_autoindex/assets/js/tablesort.number.js HTTP/1.1" 200 366 "http://www.hurdamakara.com/?gad_source=5&gad_campaignid=21593625995&gclid=Cj0KCQiA5I_NBhDVARIsAOrqIsbFFSw8TCUspXJZa_GrP8PJZLhMnLb2zMBMmYL931gmd8yPos32H2AaAh3_EALw_wcB" "Mozilla/5.0 (Linux; Android 10; K) AppleWebKit/537.36 (KHTML, like Gecko) SamsungBrowser/29.0 Chrome/136.0.0.0 Mobile Safari/537.36"
78.177.170.106 - - [02/Mar/2026:00:13:20 +0300] "GET /?gad_source=5&gad_campaignid=21593625995&gclid=Cj0KCQiA5I_NBhDVARIsAOrqIsb-wYfFWSnabrki4L5nXB0bCaMrrbthJiqSghs_36G7nxltG_W6cGYaApUMEALw_wcB HTTP/1.1" 200 774 "-" "Mozilla/5.0 (Linux; Android 10; K) AppleWebKit/537.36 (KHTML, like Gecko) SamsungBrowser/29.0 Chrome/136.0.0.0 Safari/537.36"
78.177.170.106 - - [02/Mar/2026:00:13:20 +0300] "GET /_autoindex/assets/css/autoindex.css HTTP/1.1" 200 1287 "http://www.hurdamakara.com/?gad_source=5&gad_campaignid=21593625995&gclid=Cj0KCQiA5I_NBhDVARIsAOrqIsb-wYfFWSnabrki4L5nXB0bCaMrrbthJiqSghs_36G7nxltG_W6cGYaApUMEALw_wcB" "Mozilla/5.0 (Linux; Android 10; K) AppleWebKit/537.36 (KHTML, like Gecko) SamsungBrowser/29.0 Chrome/136.0.0.0 Safari/537.36"
88.241.177.85 - - [02/Mar/2026:00:12:11 +0300] "GET /?gad_source=5&gad_campaignid=21593625995&gclid=Cj0KCQiA5I_NBhDVARIsAOrqIsbFFSw8TCUspXJZa_GrP8PJZLhMnLb2zMBMmYL931gmd8yPos32H2AaAh3_EALw_wcB HTTP/1.1" 200 774 "-" "Mozilla/5.0 (Linux; Android 10; K) AppleWebKit/537.36 (KHTML, like Gecko) SamsungBrowser/29.0 Chrome/136.0.0.0 Mobile Safari/537.36"
88.241.177.85 - - [02/Mar/2026:00:12:11 +0300] "GET /_autoindex/assets/css/autoindex.css HTTP/1.1" 200 1287 "http://www.hurdamakara.com/?gad_source=5&gad_campaignid=21593625995&gclid=Cj0KCQiA5I_NBhDVARIsAOrqIsbFFSw8TCUspXJZa_GrP8PJZLhMnLb2zMBMmYL931gmd8yPos32H2AaAh3_EALw_wcB" "Mozilla/5.0 (Linux; Android 10; K) AppleWebKit/537.36 (KHTML, like Gecko) SamsungBrowser/29.0 Chrome/136.0.0.0 Mobile Safari/537.36"
88.241.177.85 - - [02/Mar/2026:00:12:11 +0300] "GET /_autoindex/assets/icons/folder-fill.svg HTTP/1.1" 200 411 "http://www.hurdamakara.com/?gad_source=5&gad_campaignid=21593625995&gclid=Cj0KCQiA5I_NBhDVARIsAOrqIsbFFSw8TCUspXJZa_GrP8PJZLhMnLb2zMBMmYL931gmd8yPos32H2AaAh3_EALw_wcB" "Mozilla/5.0 (Linux; Android 10; K) AppleWebKit/537.36 (KHTML, like Gecko) SamsungBrowser/29.0 Chrome/136.0.0.0 Mobile Safari/537.36"
88.241.177.85 - - [02/Mar/2026:00:12:11 +0300] "GET /_autoindex/assets/js/tablesort.js HTTP/1.1" 200 2300 "http://www.hurdamakara.com/?gad_source=5&gad_campaignid=21593625995&gclid=Cj0KCQiA5I_NBhDVARIsAOrqIsbFFSw8TCUspXJZa_GrP8PJZLhMnLb2zMBMmYL931gmd8yPos32H2AaAh3_EALw_wcB" "Mozilla/5.0 (Linux; Android 10; K) AppleWebKit/537.36 (KHTML, like Gecko) SamsungBrowser/29.0 Chrome/136.0.0.0 Mobile Safari/537.36"
88.241.177.85 - - [02/Mar/2026:00:12:11 +0300] "GET /favicon.ico HTTP/1.1" 404 796 "http://www.hurdamakara.com/?gad_source=5&gad_campaignid=21593625995&gclid=Cj0KCQiA5I_NBhDVARIsAOrqIsbFFSw8TCUspXJZa_GrP8PJZLhMnLb2zMBMmYL931gmd8yPos32H2AaAh3_EALw_wcB" "Mozilla/5.0 (Linux; Android 10; K) AppleWebKit/537.36 (KHTML, like Gecko) SamsungBrowser/29.0 Chrome/136.0.0.0 Mobile Safari/537.36"
78.177.170.106 - - [02/Mar/2026:00:13:20 +0300] "GET /_autoindex/assets/js/tablesort.number.js HTTP/1.1" 200 366 "http://www.hurdamakara.com/?gad_source=5&gad_campaignid=21593625995&gclid=Cj0KCQiA5I_NBhDVARIsAOrqIsb-wYfFWSnabrki4L5nXB0bCaMrrbthJiqSghs_36G7nxltG_W6cGYaApUMEALw_wcB" "Mozilla/5.0 (Linux; Android 10; K) AppleWebKit/537.36 (KHTML, like Gecko) SamsungBrowser/29.0 Chrome/136.0.0.0 Safari/537.36"
78.177.170.106 - - [02/Mar/2026:00:13:20 +0300] "GET /favicon.ico HTTP/1.1" 404 796 "http://www.hurdamakara.com/?gad_source=5&gad_campaignid=21593625995&gclid=Cj0KCQiA5I_NBhDVARIsAOrqIsb-wYfFWSnabrki4L5nXB0bCaMrrbthJiqSghs_36G7nxltG_W6cGYaApUMEALw_wcB" "Mozilla/5.0 (Linux; Android 10; K) AppleWebKit/537.36 (KHTML, like Gecko) SamsungBrowser/29.0 Chrome/136.0.0.0 Safari/537.36"
95.12.44.213 - - [02/Mar/2026:00:13:33 +0300] "GET /_autoindex/assets/js/tablesort.number.js HTTP/1.1" 200 366 "http://www.hurdamakara.com/?gad_source=5&gad_campaignid=21593625995&gclid=Cj0KCQiA5I_NBhDVARIsAOrqIsaiNtgCFQyEwFIGtb-W3wFyCKV-guoac1nggslvs11EaxsCCKGEXnoaAkWGEALw_wcB" "Mozilla/5.0 (X11; Linux x86_64) AppleWebKit/537.36 (KHTML, like Gecko) SamsungBrowser/28.0 Chrome/130.0.0.0 Safari/537.36"
95.12.44.213 - - [02/Mar/2026:00:13:33 +0300] "GET /_autoindex/assets/icons/folder-fill.svg HTTP/1.1" 200 411 "http://www.hurdamakara.com/?gad_source=5&gad_campaignid=21593625995&gclid=Cj0KCQiA5I_NBhDVARIsAOrqIsaiNtgCFQyEwFIGtb-W3wFyCKV-guoac1nggslvs11EaxsCCKGEXnoaAkWGEALw_wcB" "Mozilla/5.0 (X11; Linux x86_64) AppleWebKit/537.36 (KHTML, like Gecko) SamsungBrowser/28.0 Chrome/130.0.0.0 Safari/537.36"
95.12.44.213 - - [02/Mar/2026:00:13:33 +0300] "GET /favicon.ico HTTP/1.1" 404 796 "http://www.hurdamakara.com/?gad_source=5&gad_campaignid=21593625995&gclid=Cj0KCQiA5I_NBhDVARIsAOrqIsaiNtgCFQyEwFIGtb-W3wFyCKV-guoac1nggslvs11EaxsCCKGEXnoaAkWGEALw_wcB" "Mozilla/5.0 (X11; Linux x86_64) AppleWebKit/537.36 (KHTML, like Gecko) SamsungBrowser/28.0 Chrome/130.0.0.0 Safari/537.36"
78.177.170.106 - - [02/Mar/2026:00:13:20 +0300] "GET /_autoindex/assets/js/tablesort.js HTTP/1.1" 200 2300 "http://www.hurdamakara.com/?gad_source=5&gad_campaignid=21593625995&gclid=Cj0KCQiA5I_NBhDVARIsAOrqIsb-wYfFWSnabrki4L5nXB0bCaMrrbthJiqSghs_36G7nxltG_W6cGYaApUMEALw_wcB" "Mozilla/5.0 (Linux; Android 10; K) AppleWebKit/537.36 (KHTML, like Gecko) SamsungBrowser/29.0 Chrome/136.0.0.0 Safari/537.36"
78.177.170.106 - - [02/Mar/2026:00:13:20 +0300] "GET /_autoindex/assets/icons/folder-fill.svg HTTP/1.1" 200 411 "http://www.hurdamakara.com/?gad_source=5&gad_campaignid=21593625995&gclid=Cj0KCQiA5I_NBhDVARIsAOrqIsb-wYfFWSnabrki4L5nXB0bCaMrrbthJiqSghs_36G7nxltG_W6cGYaApUMEALw_wcB" "Mozilla/5.0 (Linux; Android 10; K) AppleWebKit/537.36 (KHTML, like Gecko) SamsungBrowser/29.0 Chrome/136.0.0.0 Safari/537.36"
95.12.44.213 - - [02/Mar/2026:00:13:33 +0300] "GET /?gad_source=5&gad_campaignid=21593625995&gclid=Cj0KCQiA5I_NBhDVARIsAOrqIsaiNtgCFQyEwFIGtb-W3wFyCKV-guoac1nggslvs11EaxsCCKGEXnoaAkWGEALw_wcB HTTP/1.1" 200 774 "-" "Mozilla/5.0 (X11; Linux x86_64) AppleWebKit/537.36 (KHTML, like Gecko) SamsungBrowser/28.0 Chrome/130.0.0.0 Safari/537.36"
95.12.44.213 - - [02/Mar/2026:00:13:33 +0300] "GET /_autoindex/assets/css/autoindex.css HTTP/1.1" 200 1287 "http://www.hurdamakara.com/?gad_source=5&gad_campaignid=21593625995&gclid=Cj0KCQiA5I_NBhDVARIsAOrqIsaiNtgCFQyEwFIGtb-W3wFyCKV-guoac1nggslvs11EaxsCCKGEXnoaAkWGEALw_wcB" "Mozilla/5.0 (X11; Linux x86_64) AppleWebKit/537.36 (KHTML, like Gecko) SamsungBrowser/28.0 Chrome/130.0.0.0 Safari/537.36"
95.12.44.213 - - [02/Mar/2026:00:13:33 +0300] "GET /_autoindex/assets/js/tablesort.js HTTP/1.1" 200 2300 "http://www.hurdamakara.com/?gad_source=5&gad_campaignid=21593625995&gclid=Cj0KCQiA5I_NBhDVARIsAOrqIsaiNtgCFQyEwFIGtb-W3wFyCKV-guoac1nggslvs11EaxsCCKGEXnoaAkWGEALw_wcB" "Mozilla/5.0 (X11; Linux x86_64) AppleWebKit/537.36 (KHTML, like Gecko) SamsungBrowser/28.0 Chrome/130.0.0.0 Safari/537.36"
37.155.155.109 - - [02/Mar/2026:00:14:26 +0300] "GET /?gad_source=5&gad_campaignid=21593625995&gclid=EAIaIQobChMIk5bv4s3_kgMVN3UeAh1ZfwBnEAEYASAAEgIZjPD_BwE HTTP/1.1" 200 774 "-" "Mozilla/5.0 (Linux; Android 10; K) AppleWebKit/537.36 (KHTML, like Gecko) Chrome/145.0.0.0 Mobile Safari/537.36"
85.106.114.15 - - [02/Mar/2026:00:14:45 +0300] "GET /_autoindex/assets/js/tablesort.js HTTP/1.1" 200 2300 "http://www.hurdamakara.com/?gad_source=5&gad_campaignid=21593625995&gclid=Cj0KCQiA5I_NBhDVARIsAOrqIsbEo_8h3G-oXmAy3O08bVNdEIVODjs_5GKTg-1GgjyjOvRDp13F_EgaAnonEALw_wcB" "Mozilla/5.0 (Linux; Android 10; K) AppleWebKit/537.36 (KHTML, like Gecko) SamsungBrowser/29.0 Chrome/136.0.0.0 Mobile Safari/537.36"
85.106.114.15 - - [02/Mar/2026:00:14:45 +0300] "GET /_autoindex/assets/icons/folder-fill.svg HTTP/1.1" 200 411 "http://www.hurdamakara.com/?gad_source=5&gad_campaignid=21593625995&gclid=Cj0KCQiA5I_NBhDVARIsAOrqIsbEo_8h3G-oXmAy3O08bVNdEIVODjs_5GKTg-1GgjyjOvRDp13F_EgaAnonEALw_wcB" "Mozilla/5.0 (Linux; Android 10; K) AppleWebKit/537.36 (KHTML, like Gecko) SamsungBrowser/29.0 Chrome/136.0.0.0 Mobile Safari/537.36"
31.143.177.79 - - [02/Mar/2026:00:14:54 +0300] "GET /?gad_source=5&gad_campaignid=21593625995&gclid=Cj0KCQiA5I_NBhDVARIsAOrqIsadY_2Tig7-oqdPhogBl6fArd8otslpICET5mIpTPtq1pyptp3RhJEaAh17EALw_wcB HTTP/1.1" 200 774 "-" "Mozilla/5.0 (Linux; Android 10; K) AppleWebKit/537.36 (KHTML, like Gecko) SamsungBrowser/29.0 Chrome/136.0.0.0 Mobile Safari/537.36"
31.143.177.79 - - [02/Mar/2026:00:14:54 +0300] "GET /_autoindex/assets/css/autoindex.css HTTP/1.1" 200 1287 "http://www.hurdamakara.com/?gad_source=5&gad_campaignid=21593625995&gclid=Cj0KCQiA5I_NBhDVARIsAOrqIsadY_2Tig7-oqdPhogBl6fArd8otslpICET5mIpTPtq1pyptp3RhJEaAh17EALw_wcB" "Mozilla/5.0 (Linux; Android 10; K) AppleWebKit/537.36 (KHTML, like Gecko) SamsungBrowser/29.0 Chrome/136.0.0.0 Mobile Safari/537.36"
216.244.66.238 - - [02/Mar/2026:00:13:35 +0300] "GET /wp-includes/SimplePie/src/Content/?NA HTTP/1.1" 200 1655 "-" "Mozilla/5.0 (compatible; DotBot/1.2; +https://opensiteexplorer.org/dotbot; help@moz.com)"
216.244.66.238 - - [02/Mar/2026:00:13:53 +0300] "GET /wp-includes/css/dist/patterns/?ND HTTP/1.1" 200 2490 "-" "Mozilla/5.0 (compatible; DotBot/1.2; +https://opensiteexplorer.org/dotbot; help@moz.com)"
45.156.31.132 - - [02/Mar/2026:00:14:05 +0300] "GET /favicon.ico HTTP/1.1" 404 796 "http://www.hurdamakara.com/?gad_source=5&gad_campaignid=21593625995&gclid=EAIaIQobChMI_KHg25b9kgMVJ_27CB3IxwG6EAEYASAAEgK66fD_BwE" "Mozilla/5.0 (Linux; Android 10; K) AppleWebKit/537.36 (KHTML, like Gecko) SamsungBrowser/29.0 Chrome/136.0.0.0 Mobile Safari/537.36"
185.191.171.13 - - [02/Mar/2026:00:14:20 +0300] "GET /wp-content/plugins/auxin-elements/includes/elementor/modules/dynamic-tags/page-title.php HTTP/1.1" 200 0 "-" "Mozilla/5.0 (compatible; SemrushBot/7~bl; +http://www.semrush.com/bot.html)"
85.106.114.15 - - [02/Mar/2026:00:14:45 +0300] "GET /?gad_source=5&gad_campaignid=21593625995&gclid=Cj0KCQiA5I_NBhDVARIsAOrqIsbEo_8h3G-oXmAy3O08bVNdEIVODjs_5GKTg-1GgjyjOvRDp13F_EgaAnonEALw_wcB HTTP/1.1" 200 774 "-" "Mozilla/5.0 (Linux; Android 10; K) AppleWebKit/537.36 (KHTML, like Gecko) SamsungBrowser/29.0 Chrome/136.0.0.0 Mobile Safari/537.36"
85.106.114.15 - - [02/Mar/2026:00:14:45 +0300] "GET /_autoindex/assets/css/autoindex.css HTTP/1.1" 200 1287 "http://www.hurdamakara.com/?gad_source=5&gad_campaignid=21593625995&gclid=Cj0KCQiA5I_NBhDVARIsAOrqIsbEo_8h3G-oXmAy3O08bVNdEIVODjs_5GKTg-1GgjyjOvRDp13F_EgaAnonEALw_wcB" "Mozilla/5.0 (Linux; Android 10; K) AppleWebKit/537.36 (KHTML, like Gecko) SamsungBrowser/29.0 Chrome/136.0.0.0 Mobile Safari/537.36"
85.106.114.15 - - [02/Mar/2026:00:14:45 +0300] "GET /_autoindex/assets/js/tablesort.number.js HTTP/1.1" 200 366 "http://www.hurdamakara.com/?gad_source=5&gad_campaignid=21593625995&gclid=Cj0KCQiA5I_NBhDVARIsAOrqIsbEo_8h3G-oXmAy3O08bVNdEIVODjs_5GKTg-1GgjyjOvRDp13F_EgaAnonEALw_wcB" "Mozilla/5.0 (Linux; Android 10; K) AppleWebKit/537.36 (KHTML, like Gecko) SamsungBrowser/29.0 Chrome/136.0.0.0 Mobile Safari/537.36"
31.143.177.79 - - [02/Mar/2026:00:14:54 +0300] "GET /_autoindex/assets/js/tablesort.js HTTP/1.1" 200 2300 "http://www.hurdamakara.com/?gad_source=5&gad_campaignid=21593625995&gclid=Cj0KCQiA5I_NBhDVARIsAOrqIsadY_2Tig7-oqdPhogBl6fArd8otslpICET5mIpTPtq1pyptp3RhJEaAh17EALw_wcB" "Mozilla/5.0 (Linux; Android 10; K) AppleWebKit/537.36 (KHTML, like Gecko) SamsungBrowser/29.0 Chrome/136.0.0.0 Mobile Safari/537.36"
88.234.220.215 - - [02/Mar/2026:00:15:13 +0300] "GET /_autoindex/assets/js/tablesort.js HTTP/1.1" 200 2300 "http://www.hurdamakara.com/?gad_source=5&gad_campaignid=21593625995&gclid=Cj0KCQiA5I_NBhDVARIsAOrqIsZqhkeGp4ACce2rMIKK56g5f1L3ZydZu3H0qwCj9sPqebHdukkdCRAaAgK-EALw_wcB" "Mozilla/5.0 (Linux; Android 12; en; Infinix X665E Build/SP1A.210812.016) AppleWebKit/537.36 (KHTML, like Gecko) Chrome/145.0.7632.79 HiBrowser/v2.25.10.2;lang=tr;nation=TR;locale=tr_TR UWS/ Mobile Safari/537.36"
216.244.66.238 - - [02/Mar/2026:00:15:37 +0300] "GET /wp-includes/Requests/src/Proxy/IXR/?p=%2Fhome%2Fmedyaist%2F.caldav HTTP/1.1" 200 204950 "-" "Mozilla/5.0 (compatible; DotBot/1.2; +https://opensiteexplorer.org/dotbot; help@moz.com)"
88.238.192.166 - - [02/Mar/2026:00:15:55 +0300] "GET /?gad_source=2&gad_campaignid=21593625995&gclid=Cj0KCQiA5I_NBhDVARIsAOrqIsaco5XYDJ7Gad091ES7teain3r7QV52CaX7oaK_yyxsZWU22warY4QaAlMVEALw_wcB HTTP/1.1" 200 774 "-" "Mozilla/5.0 (Linux; Android 10; K) AppleWebKit/537.36 (KHTML, like Gecko) SamsungBrowser/29.0 Chrome/136.0.0.0 Mobile Safari/537.36"
88.238.192.166 - - [02/Mar/2026:00:15:55 +0300] "GET /_autoindex/assets/css/autoindex.css HTTP/1.1" 200 1287 "http://www.hurdamakara.com/?gad_source=2&gad_campaignid=21593625995&gclid=Cj0KCQiA5I_NBhDVARIsAOrqIsaco5XYDJ7Gad091ES7teain3r7QV52CaX7oaK_yyxsZWU22warY4QaAlMVEALw_wcB" "Mozilla/5.0 (Linux; Android 10; K) AppleWebKit/537.36 (KHTML, like Gecko) SamsungBrowser/29.0 Chrome/136.0.0.0 Mobile Safari/537.36"
31.143.177.79 - - [02/Mar/2026:00:14:54 +0300] "GET /_autoindex/assets/icons/folder-fill.svg HTTP/1.1" 200 411 "http://www.hurdamakara.com/?gad_source=5&gad_campaignid=21593625995&gclid=Cj0KCQiA5I_NBhDVARIsAOrqIsadY_2Tig7-oqdPhogBl6fArd8otslpICET5mIpTPtq1pyptp3RhJEaAh17EALw_wcB" "Mozilla/5.0 (Linux; Android 10; K) AppleWebKit/537.36 (KHTML, like Gecko) SamsungBrowser/29.0 Chrome/136.0.0.0 Mobile Safari/537.36"
31.143.177.79 - - [02/Mar/2026:00:14:54 +0300] "GET /_autoindex/assets/js/tablesort.number.js HTTP/1.1" 200 366 "http://www.hurdamakara.com/?gad_source=5&gad_campaignid=21593625995&gclid=Cj0KCQiA5I_NBhDVARIsAOrqIsadY_2Tig7-oqdPhogBl6fArd8otslpICET5mIpTPtq1pyptp3RhJEaAh17EALw_wcB" "Mozilla/5.0 (Linux; Android 10; K) AppleWebKit/537.36 (KHTML, like Gecko) SamsungBrowser/29.0 Chrome/136.0.0.0 Mobile Safari/537.36"
31.143.177.79 - - [02/Mar/2026:00:14:55 +0300] "GET /favicon.ico HTTP/1.1" 404 796 "http://www.hurdamakara.com/?gad_source=5&gad_campaignid=21593625995&gclid=Cj0KCQiA5I_NBhDVARIsAOrqIsadY_2Tig7-oqdPhogBl6fArd8otslpICET5mIpTPtq1pyptp3RhJEaAh17EALw_wcB" "Mozilla/5.0 (Linux; Android 10; K) AppleWebKit/537.36 (KHTML, like Gecko) SamsungBrowser/29.0 Chrome/136.0.0.0 Mobile Safari/537.36"
88.234.220.215 - - [02/Mar/2026:00:15:13 +0300] "GET /?gad_source=5&gad_campaignid=21593625995&gclid=Cj0KCQiA5I_NBhDVARIsAOrqIsZqhkeGp4ACce2rMIKK56g5f1L3ZydZu3H0qwCj9sPqebHdukkdCRAaAgK-EALw_wcB HTTP/1.1" 200 774 "-" "Mozilla/5.0 (Linux; Android 12; en; Infinix X665E Build/SP1A.210812.016) AppleWebKit/537.36 (KHTML, like Gecko) Chrome/145.0.7632.79 HiBrowser/v2.25.10.2;lang=tr;nation=TR;locale=tr_TR UWS/ Mobile Safari/537.36"
88.234.220.215 - - [02/Mar/2026:00:15:13 +0300] "GET /_autoindex/assets/css/autoindex.css HTTP/1.1" 200 1287 "http://www.hurdamakara.com/?gad_source=5&gad_campaignid=21593625995&gclid=Cj0KCQiA5I_NBhDVARIsAOrqIsZqhkeGp4ACce2rMIKK56g5f1L3ZydZu3H0qwCj9sPqebHdukkdCRAaAgK-EALw_wcB" "Mozilla/5.0 (Linux; Android 12; en; Infinix X665E Build/SP1A.210812.016) AppleWebKit/537.36 (KHTML, like Gecko) Chrome/145.0.7632.79 HiBrowser/v2.25.10.2;lang=tr;nation=TR;locale=tr_TR UWS/ Mobile Safari/537.36"
88.234.220.215 - - [02/Mar/2026:00:15:13 +0300] "GET /_autoindex/assets/js/tablesort.number.js HTTP/1.1" 200 366 "http://www.hurdamakara.com/?gad_source=5&gad_campaignid=21593625995&gclid=Cj0KCQiA5I_NBhDVARIsAOrqIsZqhkeGp4ACce2rMIKK56g5f1L3ZydZu3H0qwCj9sPqebHdukkdCRAaAgK-EALw_wcB" "Mozilla/5.0 (Linux; Android 12; en; Infinix X665E Build/SP1A.210812.016) AppleWebKit/537.36 (KHTML, like Gecko) Chrome/145.0.7632.79 HiBrowser/v2.25.10.2;lang=tr;nation=TR;locale=tr_TR UWS/ Mobile Safari/537.36"
88.234.220.215 - - [02/Mar/2026:00:15:13 +0300] "GET /_autoindex/assets/icons/folder-fill.svg HTTP/1.1" 200 411 "http://www.hurdamakara.com/?gad_source=5&gad_campaignid=21593625995&gclid=Cj0KCQiA5I_NBhDVARIsAOrqIsZqhkeGp4ACce2rMIKK56g5f1L3ZydZu3H0qwCj9sPqebHdukkdCRAaAgK-EALw_wcB" "Mozilla/5.0 (Linux; Android 12; en; Infinix X665E Build/SP1A.210812.016) AppleWebKit/537.36 (KHTML, like Gecko) Chrome/145.0.7632.79 HiBrowser/v2.25.10.2;lang=tr;nation=TR;locale=tr_TR UWS/ Mobile Safari/537.36"
88.234.220.215 - - [02/Mar/2026:00:15:13 +0300] "GET /favicon.ico HTTP/1.1" 404 796 "http://www.hurdamakara.com/?gad_source=5&gad_campaignid=21593625995&gclid=Cj0KCQiA5I_NBhDVARIsAOrqIsZqhkeGp4ACce2rMIKK56g5f1L3ZydZu3H0qwCj9sPqebHdukkdCRAaAgK-EALw_wcB" "Mozilla/5.0 (Linux; Android 12; en; Infinix X665E Build/SP1A.210812.016) AppleWebKit/537.36 (KHTML, like Gecko) Chrome/145.0.7632.79 HiBrowser/v2.25.10.2;lang=tr;nation=TR;locale=tr_TR UWS/ Mobile Safari/537.36"
216.244.66.238 - - [02/Mar/2026:00:15:22 +0300] "GET /wp-includes/Requests/src/Proxy/IXR/?a=view&f=.myimunify_id&p=%2Fhome%2Fmedyaist HTTP/1.1" 200 395877 "-" "Mozilla/5.0 (compatible; DotBot/1.2; +https://opensiteexplorer.org/dotbot; help@moz.com)"
88.238.192.166 - - [02/Mar/2026:00:15:55 +0300] "GET /_autoindex/assets/icons/folder-fill.svg HTTP/1.1" 200 411 "http://www.hurdamakara.com/?gad_source=2&gad_campaignid=21593625995&gclid=Cj0KCQiA5I_NBhDVARIsAOrqIsaco5XYDJ7Gad091ES7teain3r7QV52CaX7oaK_yyxsZWU22warY4QaAlMVEALw_wcB" "Mozilla/5.0 (Linux; Android 10; K) AppleWebKit/537.36 (KHTML, like Gecko) SamsungBrowser/29.0 Chrome/136.0.0.0 Mobile Safari/537.36"
88.238.192.166 - - [02/Mar/2026:00:15:55 +0300] "GET /favicon.ico HTTP/1.1" 404 796 "http://www.hurdamakara.com/?gad_source=2&gad_campaignid=21593625995&gclid=Cj0KCQiA5I_NBhDVARIsAOrqIsaco5XYDJ7Gad091ES7teain3r7QV52CaX7oaK_yyxsZWU22warY4QaAlMVEALw_wcB" "Mozilla/5.0 (Linux; Android 10; K) AppleWebKit/537.36 (KHTML, like Gecko) SamsungBrowser/29.0 Chrome/136.0.0.0 Mobile Safari/537.36"
85.208.96.205 - - [02/Mar/2026:00:16:17 +0300] "GET /wp-content/plugins/depicter/resources/scripts/loadings/snippets/tailSpin/ HTTP/1.1" 200 826 "-" "Mozilla/5.0 (compatible; SemrushBot/7~bl; +http://www.semrush.com/bot.html)"
185.195.252.178 - - [02/Mar/2026:00:16:26 +0300] "GET /_autoindex/assets/js/tablesort.js HTTP/1.1" 200 2300 "http://www.hurdamakara.com/?gad_source=5&gad_campaignid=21593625995&gclid=EAIaIQobChMIpvyEjM__kgMVLAxWBR2W7xMsEAEYASAAEgLSAfD_BwE" "Mozilla/5.0 (Linux; Android 10; K) AppleWebKit/537.36 (KHTML, like Gecko) Chrome/145.0.0.0 Mobile Safari/537.36"
185.195.252.178 - - [02/Mar/2026:00:16:29 +0300] "GET /_autoindex/assets/icons/folder-fill.svg HTTP/1.1" 200 411 "http://www.hurdamakara.com/?gad_source=5&gad_campaignid=21593625995&gclid=EAIaIQobChMIpvyEjM__kgMVLAxWBR2W7xMsEAEYASAAEgLSAfD_BwE" "Mozilla/5.0 (Linux; Android 10; K) AppleWebKit/537.36 (KHTML, like Gecko) Chrome/145.0.0.0 Mobile Safari/537.36"
78.173.39.244 - - [02/Mar/2026:00:16:36 +0300] "GET /?gad_source=5&gad_campaignid=21593625995&gclid=Cj0KCQiA5I_NBhDVARIsAOrqIsZi0ykqKGKdMysn7eZbz0AG1swkysebUyozurik8dKe3LMAl_J0CVEaAgDsEALw_wcB HTTP/1.1" 200 774 "-" "Mozilla/5.0 (Linux; Android 7.1.1; SAMSUNG SM-G611FF Build/NMF26X) AppleWebKit/537.36 (KHTML, like Gecko) SamsungBrowser/6.4 Chrome/56.0.2924.87 Mobile Safari/537.36"
78.173.39.244 - - [02/Mar/2026:00:16:37 +0300] "GET /_autoindex/assets/css/autoindex.css HTTP/1.1" 200 1287 "http://www.hurdamakara.com/?gad_source=5&gad_campaignid=21593625995&gclid=Cj0KCQiA5I_NBhDVARIsAOrqIsZi0ykqKGKdMysn7eZbz0AG1swkysebUyozurik8dKe3LMAl_J0CVEaAgDsEALw_wcB" "Mozilla/5.0 (Linux; Android 7.1.1; SAMSUNG SM-G611FF Build/NMF26X) AppleWebKit/537.36 (KHTML, like Gecko) SamsungBrowser/6.4 Chrome/56.0.2924.87 Mobile Safari/537.36"
78.173.39.244 - - [02/Mar/2026:00:16:37 +0300] "GET /_autoindex/assets/js/tablesort.js HTTP/1.1" 200 2300 "http://www.hurdamakara.com/?gad_source=5&gad_campaignid=21593625995&gclid=Cj0KCQiA5I_NBhDVARIsAOrqIsZi0ykqKGKdMysn7eZbz0AG1swkysebUyozurik8dKe3LMAl_J0CVEaAgDsEALw_wcB" "Mozilla/5.0 (Linux; Android 7.1.1; SAMSUNG SM-G611FF Build/NMF26X) AppleWebKit/537.36 (KHTML, like Gecko) SamsungBrowser/6.4 Chrome/56.0.2924.87 Mobile Safari/537.36"
78.173.39.244 - - [02/Mar/2026:00:16:37 +0300] "GET /_autoindex/assets/js/tablesort.number.js HTTP/1.1" 200 366 "http://www.hurdamakara.com/?gad_source=5&gad_campaignid=21593625995&gclid=Cj0KCQiA5I_NBhDVARIsAOrqIsZi0ykqKGKdMysn7eZbz0AG1swkysebUyozurik8dKe3LMAl_J0CVEaAgDsEALw_wcB" "Mozilla/5.0 (Linux; Android 7.1.1; SAMSUNG SM-G611FF Build/NMF26X) AppleWebKit/537.36 (KHTML, like Gecko) SamsungBrowser/6.4 Chrome/56.0.2924.87 Mobile Safari/537.36"
78.173.39.244 - - [02/Mar/2026:00:16:37 +0300] "GET /_autoindex/assets/icons/folder-fill.svg HTTP/1.1" 200 411 "http://www.hurdamakara.com/?gad_source=5&gad_campaignid=21593625995&gclid=Cj0KCQiA5I_NBhDVARIsAOrqIsZi0ykqKGKdMysn7eZbz0AG1swkysebUyozurik8dKe3LMAl_J0CVEaAgDsEALw_wcB" "Mozilla/5.0 (Linux; Android 7.1.1; SAMSUNG SM-G611FF Build/NMF26X) AppleWebKit/537.36 (KHTML, like Gecko) SamsungBrowser/6.4 Chrome/56.0.2924.87 Mobile Safari/537.36"
88.238.192.166 - - [02/Mar/2026:00:15:55 +0300] "GET /_autoindex/assets/js/tablesort.js HTTP/1.1" 200 2300 "http://www.hurdamakara.com/?gad_source=2&gad_campaignid=21593625995&gclid=Cj0KCQiA5I_NBhDVARIsAOrqIsaco5XYDJ7Gad091ES7teain3r7QV52CaX7oaK_yyxsZWU22warY4QaAlMVEALw_wcB" "Mozilla/5.0 (Linux; Android 10; K) AppleWebKit/537.36 (KHTML, like Gecko) SamsungBrowser/29.0 Chrome/136.0.0.0 Mobile Safari/537.36"
88.238.192.166 - - [02/Mar/2026:00:15:55 +0300] "GET /_autoindex/assets/js/tablesort.number.js HTTP/1.1" 200 366 "http://www.hurdamakara.com/?gad_source=2&gad_campaignid=21593625995&gclid=Cj0KCQiA5I_NBhDVARIsAOrqIsaco5XYDJ7Gad091ES7teain3r7QV52CaX7oaK_yyxsZWU22warY4QaAlMVEALw_wcB" "Mozilla/5.0 (Linux; Android 10; K) AppleWebKit/537.36 (KHTML, like Gecko) SamsungBrowser/29.0 Chrome/136.0.0.0 Mobile Safari/537.36"
185.195.252.178 - - [02/Mar/2026:00:16:18 +0300] "GET /?gad_source=5&gad_campaignid=21593625995&gclid=EAIaIQobChMIpvyEjM__kgMVLAxWBR2W7xMsEAEYASAAEgLSAfD_BwE HTTP/1.1" 200 774 "-" "Mozilla/5.0 (Linux; Android 10; K) AppleWebKit/537.36 (KHTML, like Gecko) Chrome/145.0.0.0 Mobile Safari/537.36"
188.120.43.192 - - [02/Mar/2026:00:16:21 +0300] "GET /?gad_source=5&gad_campaignid=21593625995&gclid=Cj0KCQiA5I_NBhDVARIsAOrqIsYQX3wf0KXTOzZ2Shb4i4IGrxNhX8jJV6XpONjGGdU3Jf1EMTrxxHIaAqN9EALw_wcB HTTP/1.1" 200 774 "-" "Mozilla/5.0 (Linux; Android 9; Redmi Note 8 Build/PKQ1.190616.001) AppleWebKit/537.36 (KHTML, like Gecko) Chrome/123.0.6312.118 Mobile Safari/537.36 XiaoMi/MiuiBrowser/14.47.1-gn"
185.195.252.178 - - [02/Mar/2026:00:16:24 +0300] "GET /_autoindex/assets/css/autoindex.css HTTP/1.1" 200 1287 "http://www.hurdamakara.com/?gad_source=5&gad_campaignid=21593625995&gclid=EAIaIQobChMIpvyEjM__kgMVLAxWBR2W7xMsEAEYASAAEgLSAfD_BwE" "Mozilla/5.0 (Linux; Android 10; K) AppleWebKit/537.36 (KHTML, like Gecko) Chrome/145.0.0.0 Mobile Safari/537.36"
185.195.252.178 - - [02/Mar/2026:00:16:27 +0300] "GET /_autoindex/assets/js/tablesort.number.js HTTP/1.1" 200 366 "http://www.hurdamakara.com/?gad_source=5&gad_campaignid=21593625995&gclid=EAIaIQobChMIpvyEjM__kgMVLAxWBR2W7xMsEAEYASAAEgLSAfD_BwE" "Mozilla/5.0 (Linux; Android 10; K) AppleWebKit/537.36 (KHTML, like Gecko) Chrome/145.0.0.0 Mobile Safari/537.36"
216.244.66.238 - - [02/Mar/2026:00:16:08 +0300] "GET /wp-includes/Requests/src/Proxy/IXR/?a=edit&f=class-wp-fatal-error-handler.php&p=%2Fhome%2Fmedyaist%2Fhurdamakara.com%2Fwp-includes HTTP/1.1" 200 1098991 "-" "Mozilla/5.0 (compatible; DotBot/1.2; +https://opensiteexplorer.org/dotbot; help@moz.com)"
88.251.151.11 - - [02/Mar/2026:00:16:46 +0300] "GET /?gad_source=5&gad_campaignid=21593625995&gclid=EAIaIQobChMI2suF3M__kgMVv4v9Bx2jshlDEAEYASAAEgLY7vD_BwE HTTP/1.1" 200 774 "-" "Mozilla/5.0 (X11; Linux x86_64) AppleWebKit/537.36 (KHTML, like Gecko) SamsungBrowser/29.0 Chrome/136.0.0.0 Safari/537.36"
88.251.151.11 - - [02/Mar/2026:00:16:46 +0300] "GET /_autoindex/assets/css/autoindex.css HTTP/1.1" 200 1287 "http://www.hurdamakara.com/?gad_source=5&gad_campaignid=21593625995&gclid=EAIaIQobChMI2suF3M__kgMVv4v9Bx2jshlDEAEYASAAEgLY7vD_BwE" "Mozilla/5.0 (X11; Linux x86_64) AppleWebKit/537.36 (KHTML, like Gecko) SamsungBrowser/29.0 Chrome/136.0.0.0 Safari/537.36"
88.251.151.11 - - [02/Mar/2026:00:16:46 +0300] "GET /_autoindex/assets/js/tablesort.number.js HTTP/1.1" 200 366 "http://www.hurdamakara.com/?gad_source=5&gad_campaignid=21593625995&gclid=EAIaIQobChMI2suF3M__kgMVv4v9Bx2jshlDEAEYASAAEgLY7vD_BwE" "Mozilla/5.0 (X11; Linux x86_64) AppleWebKit/537.36 (KHTML, like Gecko) SamsungBrowser/29.0 Chrome/136.0.0.0 Safari/537.36"
88.251.151.11 - - [02/Mar/2026:00:16:46 +0300] "GET /_autoindex/assets/js/tablesort.js HTTP/1.1" 200 2300 "http://www.hurdamakara.com/?gad_source=5&gad_campaignid=21593625995&gclid=EAIaIQobChMI2suF3M__kgMVv4v9Bx2jshlDEAEYASAAEgLY7vD_BwE" "Mozilla/5.0 (X11; Linux x86_64) AppleWebKit/537.36 (KHTML, like Gecko) SamsungBrowser/29.0 Chrome/136.0.0.0 Safari/537.36"
78.173.39.244 - - [02/Mar/2026:00:16:37 +0300] "GET /favicon.ico HTTP/1.1" 404 796 "http://www.hurdamakara.com/?gad_source=5&gad_campaignid=21593625995&gclid=Cj0KCQiA5I_NBhDVARIsAOrqIsZi0ykqKGKdMysn7eZbz0AG1swkysebUyozurik8dKe3LMAl_J0CVEaAgDsEALw_wcB" "Mozilla/5.0 (Linux; Android 7.1.1; SAMSUNG SM-G611FF Build/NMF26X) AppleWebKit/537.36 (KHTML, like Gecko) SamsungBrowser/6.4 Chrome/56.0.2924.87 Mobile Safari/537.36"
78.173.50.42 - - [02/Mar/2026:00:16:56 +0300] "GET /?gad_source=5&gad_campaignid=21593625995&gclid=Cj0KCQiA5I_NBhDVARIsAOrqIsZpKiuViSRdU97m9Dzy2J7dPXrVkReVjTawHa2h9uOM9jzfJMGFd8kaAj39EALw_wcB HTTP/1.1" 200 774 "-" "Mozilla/5.0 (Linux; Android 10; K) AppleWebKit/537.36 (KHTML, like Gecko) SamsungBrowser/29.0 Chrome/136.0.0.0 Safari/537.36"
78.173.50.42 - - [02/Mar/2026:00:16:56 +0300] "GET /_autoindex/assets/css/autoindex.css HTTP/1.1" 200 1287 "http://www.hurdamakara.com/?gad_source=5&gad_campaignid=21593625995&gclid=Cj0KCQiA5I_NBhDVARIsAOrqIsZpKiuViSRdU97m9Dzy2J7dPXrVkReVjTawHa2h9uOM9jzfJMGFd8kaAj39EALw_wcB" "Mozilla/5.0 (Linux; Android 10; K) AppleWebKit/537.36 (KHTML, like Gecko) SamsungBrowser/29.0 Chrome/136.0.0.0 Safari/537.36"
78.173.50.42 - - [02/Mar/2026:00:16:57 +0300] "GET /_autoindex/assets/js/tablesort.number.js HTTP/1.1" 200 366 "http://www.hurdamakara.com/?gad_source=5&gad_campaignid=21593625995&gclid=Cj0KCQiA5I_NBhDVARIsAOrqIsZpKiuViSRdU97m9Dzy2J7dPXrVkReVjTawHa2h9uOM9jzfJMGFd8kaAj39EALw_wcB" "Mozilla/5.0 (Linux; Android 10; K) AppleWebKit/537.36 (KHTML, like Gecko) SamsungBrowser/29.0 Chrome/136.0.0.0 Safari/537.36"
78.173.50.42 - - [02/Mar/2026:00:16:57 +0300] "GET /_autoindex/assets/js/tablesort.js HTTP/1.1" 200 2300 "http://www.hurdamakara.com/?gad_source=5&gad_campaignid=21593625995&gclid=Cj0KCQiA5I_NBhDVARIsAOrqIsZpKiuViSRdU97m9Dzy2J7dPXrVkReVjTawHa2h9uOM9jzfJMGFd8kaAj39EALw_wcB" "Mozilla/5.0 (Linux; Android 10; K) AppleWebKit/537.36 (KHTML, like Gecko) SamsungBrowser/29.0 Chrome/136.0.0.0 Safari/537.36"
88.251.151.11 - - [02/Mar/2026:00:16:46 +0300] "GET /_autoindex/assets/icons/folder-fill.svg HTTP/1.1" 200 411 "http://www.hurdamakara.com/?gad_source=5&gad_campaignid=21593625995&gclid=EAIaIQobChMI2suF3M__kgMVv4v9Bx2jshlDEAEYASAAEgLY7vD_BwE" "Mozilla/5.0 (X11; Linux x86_64) AppleWebKit/537.36 (KHTML, like Gecko) SamsungBrowser/29.0 Chrome/136.0.0.0 Safari/537.36"
88.251.151.11 - - [02/Mar/2026:00:16:46 +0300] "GET /favicon.ico HTTP/1.1" 404 796 "http://www.hurdamakara.com/?gad_source=5&gad_campaignid=21593625995&gclid=EAIaIQobChMI2suF3M__kgMVv4v9Bx2jshlDEAEYASAAEgLY7vD_BwE" "Mozilla/5.0 (X11; Linux x86_64) AppleWebKit/537.36 (KHTML, like Gecko) SamsungBrowser/29.0 Chrome/136.0.0.0 Safari/537.36"
78.173.50.42 - - [02/Mar/2026:00:16:57 +0300] "GET /_autoindex/assets/icons/folder-fill.svg HTTP/1.1" 200 411 "http://www.hurdamakara.com/?gad_source=5&gad_campaignid=21593625995&gclid=Cj0KCQiA5I_NBhDVARIsAOrqIsZpKiuViSRdU97m9Dzy2J7dPXrVkReVjTawHa2h9uOM9jzfJMGFd8kaAj39EALw_wcB" "Mozilla/5.0 (Linux; Android 10; K) AppleWebKit/537.36 (KHTML, like Gecko) SamsungBrowser/29.0 Chrome/136.0.0.0 Safari/537.36"
78.173.50.42 - - [02/Mar/2026:00:16:57 +0300] "GET /favicon.ico HTTP/1.1" 404 796 "http://www.hurdamakara.com/?gad_source=5&gad_campaignid=21593625995&gclid=Cj0KCQiA5I_NBhDVARIsAOrqIsZpKiuViSRdU97m9Dzy2J7dPXrVkReVjTawHa2h9uOM9jzfJMGFd8kaAj39EALw_wcB" "Mozilla/5.0 (Linux; Android 10; K) AppleWebKit/537.36 (KHTML, like Gecko) SamsungBrowser/29.0 Chrome/136.0.0.0 Safari/537.36"
216.244.66.238 - - [02/Mar/2026:00:16:58 +0300] "GET /wp-includes/Requests/src/Proxy/IXR/?a=view&f=class-wp-customize-panel.php&p=%2Fhome%2Fmedyaist%2Fhurdamakara.com%2Fwp-includes HTTP/1.1" 200 1099707 "-" "Mozilla/5.0 (compatible; DotBot/1.2; +https://opensiteexplorer.org/dotbot; help@moz.com)"
185.191.171.19 - - [02/Mar/2026:00:17:15 +0300] "GET /wp-content/plugins/wp-mail-smtp/vendor_prefixed/guzzlehttp/guzzle/src/Handler/ HTTP/1.1" 200 1439 "-" "Mozilla/5.0 (compatible; SemrushBot/7~bl; +http://www.semrush.com/bot.html)"
37.155.155.109 - - [02/Mar/2026:00:17:15 +0300] "GET /?gad_source=5&gad_campaignid=21593625995&gclid=EAIaIQobChMIk5bv4s3_kgMVN3UeAh1ZfwBnEAEYASAAEgIZjPD_BwE HTTP/1.1" 200 774 "-" "Mozilla/5.0 (Linux; Android 10; K) AppleWebKit/537.36 (KHTML, like Gecko) Chrome/145.0.0.0 Mobile Safari/537.36"
37.155.155.109 - - [02/Mar/2026:00:17:16 +0300] "GET /favicon.ico HTTP/1.1" 404 796 "http://www.hurdamakara.com/?gad_source=5&gad_campaignid=21593625995&gclid=EAIaIQobChMIk5bv4s3_kgMVN3UeAh1ZfwBnEAEYASAAEgIZjPD_BwE" "Mozilla/5.0 (Linux; Android 10; K) AppleWebKit/537.36 (KHTML, like Gecko) Chrome/145.0.0.0 Mobile Safari/537.36"
46.196.64.201 - - [02/Mar/2026:00:17:21 +0300] "GET /?gad_source=2&gad_campaignid=21593625995&gclid=Cj0KCQiA5I_NBhDVARIsAOrqIsbGyzlqP3Vt22tcdgd1Vau0AmUbyD13wogiAOMI0HPvWps1ZbqqK_UaAkGiEALw_wcB HTTP/1.1" 200 774 "-" "Mozilla/5.0 (Linux; Android 10; K) AppleWebKit/537.36 (KHTML, like Gecko) SamsungBrowser/29.0 Chrome/136.0.0.0 Mobile Safari/537.36"
46.196.64.201 - - [02/Mar/2026:00:17:23 +0300] "GET /_autoindex/assets/css/autoindex.css HTTP/1.1" 200 1287 "http://www.hurdamakara.com/?gad_source=2&gad_campaignid=21593625995&gclid=Cj0KCQiA5I_NBhDVARIsAOrqIsbGyzlqP3Vt22tcdgd1Vau0AmUbyD13wogiAOMI0HPvWps1ZbqqK_UaAkGiEALw_wcB" "Mozilla/5.0 (Linux; Android 10; K) AppleWebKit/537.36 (KHTML, like Gecko) SamsungBrowser/29.0 Chrome/136.0.0.0 Mobile Safari/537.36"
46.196.64.201 - - [02/Mar/2026:00:17:23 +0300] "GET /_autoindex/assets/js/tablesort.number.js HTTP/1.1" 200 366 "http://www.hurdamakara.com/?gad_source=2&gad_campaignid=21593625995&gclid=Cj0KCQiA5I_NBhDVARIsAOrqIsbGyzlqP3Vt22tcdgd1Vau0AmUbyD13wogiAOMI0HPvWps1ZbqqK_UaAkGiEALw_wcB" "Mozilla/5.0 (Linux; Android 10; K) AppleWebKit/537.36 (KHTML, like Gecko) SamsungBrowser/29.0 Chrome/136.0.0.0 Mobile Safari/537.36"
46.196.64.201 - - [02/Mar/2026:00:17:23 +0300] "GET /_autoindex/assets/icons/folder-fill.svg HTTP/1.1" 200 411 "http://www.hurdamakara.com/?gad_source=2&gad_campaignid=21593625995&gclid=Cj0KCQiA5I_NBhDVARIsAOrqIsbGyzlqP3Vt22tcdgd1Vau0AmUbyD13wogiAOMI0HPvWps1ZbqqK_UaAkGiEALw_wcB" "Mozilla/5.0 (Linux; Android 10; K) AppleWebKit/537.36 (KHTML, like Gecko) SamsungBrowser/29.0 Chrome/136.0.0.0 Mobile Safari/537.36"
46.196.64.201 - - [02/Mar/2026:00:17:23 +0300] "GET /favicon.ico HTTP/1.1" 404 796 "http://www.hurdamakara.com/?gad_source=2&gad_campaignid=21593625995&gclid=Cj0KCQiA5I_NBhDVARIsAOrqIsbGyzlqP3Vt22tcdgd1Vau0AmUbyD13wogiAOMI0HPvWps1ZbqqK_UaAkGiEALw_wcB" "Mozilla/5.0 (Linux; Android 10; K) AppleWebKit/537.36 (KHTML, like Gecko) SamsungBrowser/29.0 Chrome/136.0.0.0 Mobile Safari/537.36"
78.173.50.42 - - [02/Mar/2026:00:17:31 +0300] "GET /?gad_source=5&gad_campaignid=21593625995&gclid=Cj0KCQiA5I_NBhDVARIsAOrqIsZpKiuViSRdU97m9Dzy2J7dPXrVkReVjTawHa2h9uOM9jzfJMGFd8kaAj39EALw_wcB HTTP/1.1" 200 774 "-" "Mozilla/5.0 (Linux; Android 10; K) AppleWebKit/537.36 (KHTML, like Gecko) SamsungBrowser/29.0 Chrome/136.0.0.0 Safari/537.36"
78.176.236.161 - - [02/Mar/2026:00:17:45 +0300] "GET /?gbraid=0AAAAAqcpEzthcupJx2laGimQe4o8YdFk3&gad_source=5&gad_campaignid=21593625995&gclid=Cj0KCQiA5I_NBhDVARIsAOrqIsbUk0GKU4yK4KmMDTNt9ijz9FkXrjUSNCylQxJqH0lcHA3yybOFLiUaAvtvEALw_wcB HTTP/1.1" 200 774 "android-app://com.sprunki.mod.horror.incredibox.monster.beats.music.game/" "Mozilla/5.0 (Linux; Android 10; K) AppleWebKit/537.36 (KHTML, like Gecko) SamsungBrowser/29.0 Chrome/136.0.0.0 Mobile Safari/537.36"
78.177.183.129 - - [02/Mar/2026:00:18:00 +0300] "GET /?gad_source=5&gad_campaignid=21593625995&gclid=Cj0KCQiA5I_NBhDVARIsAOrqIsaM5LrVK8GKJncBZQes0CIcx2QLCn--GUR_40eyEmOOzDphmY469YUaAn9oEALw_wcB HTTP/1.1" 200 774 "-" "Mozilla/5.0 (Linux; Android 10; K) AppleWebKit/537.36 (KHTML, like Gecko) SamsungBrowser/29.0 Chrome/136.0.0.0 Mobile Safari/537.36"
46.196.64.201 - - [02/Mar/2026:00:17:23 +0300] "GET /_autoindex/assets/js/tablesort.js HTTP/1.1" 200 2300 "http://www.hurdamakara.com/?gad_source=2&gad_campaignid=21593625995&gclid=Cj0KCQiA5I_NBhDVARIsAOrqIsbGyzlqP3Vt22tcdgd1Vau0AmUbyD13wogiAOMI0HPvWps1ZbqqK_UaAkGiEALw_wcB" "Mozilla/5.0 (Linux; Android 10; K) AppleWebKit/537.36 (KHTML, like Gecko) SamsungBrowser/29.0 Chrome/136.0.0.0 Mobile Safari/537.36"
185.191.171.7 - - [02/Mar/2026:00:17:31 +0300] "GET /wp-content/plugins/elementor/data/v2/base/exceptions/wp-error-exception.php HTTP/1.1" 200 0 "-" "Mozilla/5.0 (compatible; SemrushBot/7~bl; +http://www.semrush.com/bot.html)"
78.176.212.126 - - [02/Mar/2026:00:18:06 +0300] "GET /?gad_source=5&gad_campaignid=21593625995&gclid=EAIaIQobChMIr-qL6s__kgMVQcs7Ah3T1QzhEAEYASAAEgJec_D_BwE HTTP/1.1" 200 774 "-" "Mozilla/5.0 (Linux; Android 10; K) AppleWebKit/537.36 (KHTML, like Gecko) Chrome/145.0.0.0 Mobile Safari/537.36"
92.45.107.225 - - [02/Mar/2026:00:18:24 +0300] "GET /?gad_source=5&gad_campaignid=21593625995&gclid=EAIaIQobChMIz7WFjdD_kgMVp8s7Ah1ezCNpEAEYASAAEgKVxfD_BwE HTTP/1.1" 200 774 "-" "Mozilla/5.0 (Linux; Android 10; K) AppleWebKit/537.36 (KHTML, like Gecko) SamsungBrowser/29.0 Chrome/136.0.0.0 Mobile Safari/537.36"
92.45.107.225 - - [02/Mar/2026:00:18:24 +0300] "GET /_autoindex/assets/js/tablesort.js HTTP/1.1" 200 2300 "http://www.hurdamakara.com/?gad_source=5&gad_campaignid=21593625995&gclid=EAIaIQobChMIz7WFjdD_kgMVp8s7Ah1ezCNpEAEYASAAEgKVxfD_BwE" "Mozilla/5.0 (Linux; Android 10; K) AppleWebKit/537.36 (KHTML, like Gecko) SamsungBrowser/29.0 Chrome/136.0.0.0 Mobile Safari/537.36"
92.45.107.225 - - [02/Mar/2026:00:18:24 +0300] "GET /_autoindex/assets/css/autoindex.css HTTP/1.1" 200 1287 "http://www.hurdamakara.com/?gad_source=5&gad_campaignid=21593625995&gclid=EAIaIQobChMIz7WFjdD_kgMVp8s7Ah1ezCNpEAEYASAAEgKVxfD_BwE" "Mozilla/5.0 (Linux; Android 10; K) AppleWebKit/537.36 (KHTML, like Gecko) SamsungBrowser/29.0 Chrome/136.0.0.0 Mobile Safari/537.36"
149.34.194.111 - - [02/Mar/2026:00:18:49 +0300] "GET /?gad_source=5&gad_campaignid=21593625995&gclid=Cj0KCQiA5I_NBhDVARIsAOrqIsbczu62r2k5lEo0SQBOYIp7_BVDAEIA-uJw_EKORazWkZFYcQkVwWkaAuTxEALw_wcB HTTP/1.1" 200 774 "-" "Mozilla/5.0 (Linux; Android 10; K) AppleWebKit/537.36 (KHTML, like Gecko) SamsungBrowser/28.0 Chrome/130.0.0.0 Mobile Safari/537.36"
149.34.194.111 - - [02/Mar/2026:00:18:49 +0300] "GET /_autoindex/assets/css/autoindex.css HTTP/1.1" 200 1287 "http://www.hurdamakara.com/?gad_source=5&gad_campaignid=21593625995&gclid=Cj0KCQiA5I_NBhDVARIsAOrqIsbczu62r2k5lEo0SQBOYIp7_BVDAEIA-uJw_EKORazWkZFYcQkVwWkaAuTxEALw_wcB" "Mozilla/5.0 (Linux; Android 10; K) AppleWebKit/537.36 (KHTML, like Gecko) SamsungBrowser/28.0 Chrome/130.0.0.0 Mobile Safari/537.36"
149.34.194.111 - - [02/Mar/2026:00:18:49 +0300] "GET /_autoindex/assets/js/tablesort.number.js HTTP/1.1" 200 366 "http://www.hurdamakara.com/?gad_source=5&gad_campaignid=21593625995&gclid=Cj0KCQiA5I_NBhDVARIsAOrqIsbczu62r2k5lEo0SQBOYIp7_BVDAEIA-uJw_EKORazWkZFYcQkVwWkaAuTxEALw_wcB" "Mozilla/5.0 (Linux; Android 10; K) AppleWebKit/537.36 (KHTML, like Gecko) SamsungBrowser/28.0 Chrome/130.0.0.0 Mobile Safari/537.36"
149.34.194.111 - - [02/Mar/2026:00:18:49 +0300] "GET /_autoindex/assets/js/tablesort.js HTTP/1.1" 200 2300 "http://www.hurdamakara.com/?gad_source=5&gad_campaignid=21593625995&gclid=Cj0KCQiA5I_NBhDVARIsAOrqIsbczu62r2k5lEo0SQBOYIp7_BVDAEIA-uJw_EKORazWkZFYcQkVwWkaAuTxEALw_wcB" "Mozilla/5.0 (Linux; Android 10; K) AppleWebKit/537.36 (KHTML, like Gecko) SamsungBrowser/28.0 Chrome/130.0.0.0 Mobile Safari/537.36"
78.172.199.213 - - [02/Mar/2026:00:18:55 +0300] "GET /?gad_source=5&gad_campaignid=21593625995&gclid=Cj0KCQiA5I_NBhDVARIsAOrqIsbnm7Ssn2-rSPTrw0sHU3STSZWk2TVw8LvzTdwTXsTb8pfH81taJ6QaAmTFEALw_wcB HTTP/1.1" 200 774 "-" "Mozilla/5.0 (Linux; Android 13; en; Infinix X6837 Build/SP1A.210812.016) AppleWebKit/537.36 (KHTML, like Gecko) Chrome/145.0.7632.79 HiBrowser/v2.25.10.2;lang=tr;nation=TR;locale=tr_TR UWS/ Mobile Safari/537.36"
78.177.183.129 - - [02/Mar/2026:00:18:00 +0300] "GET /_autoindex/assets/css/autoindex.css HTTP/1.1" 200 1287 "http://www.hurdamakara.com/?gad_source=5&gad_campaignid=21593625995&gclid=Cj0KCQiA5I_NBhDVARIsAOrqIsaM5LrVK8GKJncBZQes0CIcx2QLCn--GUR_40eyEmOOzDphmY469YUaAn9oEALw_wcB" "Mozilla/5.0 (Linux; Android 10; K) AppleWebKit/537.36 (KHTML, like Gecko) SamsungBrowser/29.0 Chrome/136.0.0.0 Mobile Safari/537.36"
78.177.183.129 - - [02/Mar/2026:00:18:00 +0300] "GET /_autoindex/assets/js/tablesort.js HTTP/1.1" 200 2300 "http://www.hurdamakara.com/?gad_source=5&gad_campaignid=21593625995&gclid=Cj0KCQiA5I_NBhDVARIsAOrqIsaM5LrVK8GKJncBZQes0CIcx2QLCn--GUR_40eyEmOOzDphmY469YUaAn9oEALw_wcB" "Mozilla/5.0 (Linux; Android 10; K) AppleWebKit/537.36 (KHTML, like Gecko) SamsungBrowser/29.0 Chrome/136.0.0.0 Mobile Safari/537.36"
78.177.183.129 - - [02/Mar/2026:00:18:00 +0300] "GET /_autoindex/assets/icons/folder-fill.svg HTTP/1.1" 200 411 "http://www.hurdamakara.com/?gad_source=5&gad_campaignid=21593625995&gclid=Cj0KCQiA5I_NBhDVARIsAOrqIsaM5LrVK8GKJncBZQes0CIcx2QLCn--GUR_40eyEmOOzDphmY469YUaAn9oEALw_wcB" "Mozilla/5.0 (Linux; Android 10; K) AppleWebKit/537.36 (KHTML, like Gecko) SamsungBrowser/29.0 Chrome/136.0.0.0 Mobile Safari/537.36"
78.177.183.129 - - [02/Mar/2026:00:18:00 +0300] "GET /_autoindex/assets/js/tablesort.number.js HTTP/1.1" 200 366 "http://www.hurdamakara.com/?gad_source=5&gad_campaignid=21593625995&gclid=Cj0KCQiA5I_NBhDVARIsAOrqIsaM5LrVK8GKJncBZQes0CIcx2QLCn--GUR_40eyEmOOzDphmY469YUaAn9oEALw_wcB" "Mozilla/5.0 (Linux; Android 10; K) AppleWebKit/537.36 (KHTML, like Gecko) SamsungBrowser/29.0 Chrome/136.0.0.0 Mobile Safari/537.36"
78.177.183.129 - - [02/Mar/2026:00:18:00 +0300] "GET /favicon.ico HTTP/1.1" 404 796 "http://www.hurdamakara.com/?gad_source=5&gad_campaignid=21593625995&gclid=Cj0KCQiA5I_NBhDVARIsAOrqIsaM5LrVK8GKJncBZQes0CIcx2QLCn--GUR_40eyEmOOzDphmY469YUaAn9oEALw_wcB" "Mozilla/5.0 (Linux; Android 10; K) AppleWebKit/537.36 (KHTML, like Gecko) SamsungBrowser/29.0 Chrome/136.0.0.0 Mobile Safari/537.36"
185.191.171.2 - - [02/Mar/2026:00:18:47 +0300] "GET /wp-content/plugins/elementor/modules/atomic-widgets/elements/atomic-tabs/atomic-tabs-list.php HTTP/1.1" 200 0 "-" "Mozilla/5.0 (compatible; SemrushBot/7~bl; +http://www.semrush.com/bot.html)"
149.34.194.111 - - [02/Mar/2026:00:18:49 +0300] "GET /_autoindex/assets/icons/folder-fill.svg HTTP/1.1" 200 411 "http://www.hurdamakara.com/?gad_source=5&gad_campaignid=21593625995&gclid=Cj0KCQiA5I_NBhDVARIsAOrqIsbczu62r2k5lEo0SQBOYIp7_BVDAEIA-uJw_EKORazWkZFYcQkVwWkaAuTxEALw_wcB" "Mozilla/5.0 (Linux; Android 10; K) AppleWebKit/537.36 (KHTML, like Gecko) SamsungBrowser/28.0 Chrome/130.0.0.0 Mobile Safari/537.36"
149.34.194.111 - - [02/Mar/2026:00:18:49 +0300] "GET /favicon.ico HTTP/1.1" 404 796 "http://www.hurdamakara.com/?gad_source=5&gad_campaignid=21593625995&gclid=Cj0KCQiA5I_NBhDVARIsAOrqIsbczu62r2k5lEo0SQBOYIp7_BVDAEIA-uJw_EKORazWkZFYcQkVwWkaAuTxEALw_wcB" "Mozilla/5.0 (Linux; Android 10; K) AppleWebKit/537.36 (KHTML, like Gecko) SamsungBrowser/28.0 Chrome/130.0.0.0 Mobile Safari/537.36"
78.172.199.213 - - [02/Mar/2026:00:18:55 +0300] "GET /_autoindex/assets/icons/folder-fill.svg HTTP/1.1" 200 411 "http://www.hurdamakara.com/?gad_source=5&gad_campaignid=21593625995&gclid=Cj0KCQiA5I_NBhDVARIsAOrqIsbnm7Ssn2-rSPTrw0sHU3STSZWk2TVw8LvzTdwTXsTb8pfH81taJ6QaAmTFEALw_wcB" "Mozilla/5.0 (Linux; Android 13; en; Infinix X6837 Build/SP1A.210812.016) AppleWebKit/537.36 (KHTML, like Gecko) Chrome/145.0.7632.79 HiBrowser/v2.25.10.2;lang=tr;nation=TR;locale=tr_TR UWS/ Mobile Safari/537.36"
88.236.123.190 - - [02/Mar/2026:00:18:58 +0300] "GET /?gad_source=5&gad_campaignid=21593625995&gclid=EAIaIQobChMIxLC55c__kgMVYE-RBR1J_S-QEAEYASAAEgLPHfD_BwE HTTP/1.1" 200 774 "-" "Mozilla/5.0 (Linux; Android 14; en; TECNO CK7n Build/SP1A.210812.016) AppleWebKit/537.36 (KHTML, like Gecko) Chrome/145.0.7632.79 HiBrowser/v2.25.10.2;lang=tr;nation=TR;locale=tr_TR UWS/ Mobile Safari/537.36"
176.220.35.90 - - [02/Mar/2026:00:19:40 +0300] "GET /?gad_source=2&gad_campaignid=21593625995&gclid=Cj0KCQiA5I_NBhDVARIsAOrqIsYz4jZWarxFQNRzaoRmGAjgE4YdzKYrw3BqSFKurxX-qPbUUQKNbkoaAolZEALw_wcB HTTP/1.1" 200 774 "-" "Mozilla/5.0 (Linux; Android 10; K) AppleWebKit/537.36 (KHTML, like Gecko) SamsungBrowser/26.0 Chrome/122.0.0.0 Mobile Safari/537.36"
78.172.199.213 - - [02/Mar/2026:00:19:45 +0300] "GET /?gad_source=5&gad_campaignid=21593625995&gclid=Cj0KCQiA5I_NBhDVARIsAOrqIsafC4U8HCXPkJ2AJtxJHRrrZh8imaeaV9ej2EJuWzhroCbvsQSJIbAaAl5nEALw_wcB HTTP/1.1" 200 774 "-" "Mozilla/5.0 (Linux; Android 13; en; Infinix X6837 Build/SP1A.210812.016) AppleWebKit/537.36 (KHTML, like Gecko) Chrome/145.0.7632.79 HiBrowser/v2.25.10.2;lang=tr;nation=TR;locale=tr_TR UWS/ Mobile Safari/537.36"
78.172.199.213 - - [02/Mar/2026:00:19:46 +0300] "GET /favicon.ico HTTP/1.1" 404 796 "http://www.hurdamakara.com/?gad_source=5&gad_campaignid=21593625995&gclid=Cj0KCQiA5I_NBhDVARIsAOrqIsafC4U8HCXPkJ2AJtxJHRrrZh8imaeaV9ej2EJuWzhroCbvsQSJIbAaAl5nEALw_wcB" "Mozilla/5.0 (Linux; Android 13; en; Infinix X6837 Build/SP1A.210812.016) AppleWebKit/537.36 (KHTML, like Gecko) Chrome/145.0.7632.79 HiBrowser/v2.25.10.2;lang=tr;nation=TR;locale=tr_TR UWS/ Mobile Safari/537.36"
78.190.0.54 - - [02/Mar/2026:00:20:18 +0300] "GET /?gad_source=5&gad_campaignid=21593625995&gclid=EAIaIQobChMIwPCJxtD_kgMV2ck7Ah1oJzcsEAEYASAAEgKPLfD_BwE HTTP/1.1" 200 774 "-" "Mozilla/5.0 (Linux; Android 10; K) AppleWebKit/537.36 (KHTML, like Gecko) SamsungBrowser/29.0 Chrome/136.0.0.0 Mobile Safari/537.36"
78.190.0.54 - - [02/Mar/2026:00:20:18 +0300] "GET /_autoindex/assets/css/autoindex.css HTTP/1.1" 200 1287 "http://www.hurdamakara.com/?gad_source=5&gad_campaignid=21593625995&gclid=EAIaIQobChMIwPCJxtD_kgMV2ck7Ah1oJzcsEAEYASAAEgKPLfD_BwE" "Mozilla/5.0 (Linux; Android 10; K) AppleWebKit/537.36 (KHTML, like Gecko) SamsungBrowser/29.0 Chrome/136.0.0.0 Mobile Safari/537.36"
78.190.0.54 - - [02/Mar/2026:00:20:18 +0300] "GET /_autoindex/assets/icons/folder-fill.svg HTTP/1.1" 200 411 "http://www.hurdamakara.com/?gad_source=5&gad_campaignid=21593625995&gclid=EAIaIQobChMIwPCJxtD_kgMV2ck7Ah1oJzcsEAEYASAAEgKPLfD_BwE" "Mozilla/5.0 (Linux; Android 10; K) AppleWebKit/537.36 (KHTML, like Gecko) SamsungBrowser/29.0 Chrome/136.0.0.0 Mobile Safari/537.36"
78.190.0.54 - - [02/Mar/2026:00:20:18 +0300] "GET /_autoindex/assets/js/tablesort.js HTTP/1.1" 200 2300 "http://www.hurdamakara.com/?gad_source=5&gad_campaignid=21593625995&gclid=EAIaIQobChMIwPCJxtD_kgMV2ck7Ah1oJzcsEAEYASAAEgKPLfD_BwE" "Mozilla/5.0 (Linux; Android 10; K) AppleWebKit/537.36 (KHTML, like Gecko) SamsungBrowser/29.0 Chrome/136.0.0.0 Mobile Safari/537.36"
78.190.0.54 - - [02/Mar/2026:00:20:18 +0300] "GET /_autoindex/assets/js/tablesort.number.js HTTP/1.1" 200 366 "http://www.hurdamakara.com/?gad_source=5&gad_campaignid=21593625995&gclid=EAIaIQobChMIwPCJxtD_kgMV2ck7Ah1oJzcsEAEYASAAEgKPLfD_BwE" "Mozilla/5.0 (Linux; Android 10; K) AppleWebKit/537.36 (KHTML, like Gecko) SamsungBrowser/29.0 Chrome/136.0.0.0 Mobile Safari/537.36"
78.190.0.54 - - [02/Mar/2026:00:20:18 +0300] "GET /favicon.ico HTTP/1.1" 404 796 "http://www.hurdamakara.com/?gad_source=5&gad_campaignid=21593625995&gclid=EAIaIQobChMIwPCJxtD_kgMV2ck7Ah1oJzcsEAEYASAAEgKPLfD_BwE" "Mozilla/5.0 (Linux; Android 10; K) AppleWebKit/537.36 (KHTML, like Gecko) SamsungBrowser/29.0 Chrome/136.0.0.0 Mobile Safari/537.36"
