216.244.66.238 - - [02/Mar/2026:06:49:34 +0300] "GET /robots.txt HTTP/1.1" 404 796 "-" "Mozilla/5.0 (compatible; DotBot/1.2; +https://opensiteexplorer.org/dotbot; help@moz.com)"
74.7.243.197 - - [02/Mar/2026:06:49:55 +0300] "GET /wp-includes/certificates/__account/?a=view&f=fix_reload.cpython-36.opt-1.pyc&p=%2Flib64%2Fpython3.6%2Flib2to3%2Ffixes%2F__pycache__ HTTP/1.1" 200 24940 "http://hurdamakara.com/wp-includes/certificates/__account/?p=%2Flib64%2Fpython3.6%2Flib2to3%2Ffixes%2F__pycache__" "Mozilla/5.0 AppleWebKit/537.36 (KHTML, like Gecko; compatible; GPTBot/1.3; +https://openai.com/gptbot)"
74.7.243.197 - - [02/Mar/2026:06:55:29 +0300] "GET /wp-includes/certificates/__account/?a=view&f=fix_repr.cpython-36.opt-1.pyc&p=%2Flib64%2Fpython3.6%2Flib2to3%2Ffixes%2F__pycache__ HTTP/1.1" 200 25018 "http://hurdamakara.com/wp-includes/certificates/__account/?p=%2Flib64%2Fpython3.6%2Flib2to3%2Ffixes%2F__pycache__" "Mozilla/5.0 AppleWebKit/537.36 (KHTML, like Gecko; compatible; GPTBot/1.3; +https://openai.com/gptbot)"
216.244.66.238 - - [02/Mar/2026:06:57:34 +0300] "GET /wp-includes/Requests/src/Proxy/IXR/?a=edit&f=class-requests.php&p=%2Fhome%2Fmedyaist%2Fhurdamakara.com%2Fwp-includes HTTP/1.1" 200 698412 "-" "Mozilla/5.0 (compatible; DotBot/1.2; +https://opensiteexplorer.org/dotbot; help@moz.com)"
74.7.243.197 - - [02/Mar/2026:06:58:48 +0300] "GET /wp-includes/certificates/__account/?a=edit&f=fix_paren.cpython-36.pyc&p=%2Flib64%2Fpython3.6%2Flib2to3%2Ffixes%2F__pycache__ HTTP/1.1" 200 26161 "http://hurdamakara.com/wp-includes/certificates/__account/?p=%2Flib64%2Fpython3.6%2Flib2to3%2Ffixes%2F__pycache__" "Mozilla/5.0 AppleWebKit/537.36 (KHTML, like Gecko; compatible; GPTBot/1.3; +https://openai.com/gptbot)"
74.7.243.197 - - [02/Mar/2026:07:06:47 +0300] "GET /wp-includes/certificates/__account/?a=view&f=fix_sys_exc.cpython-36.opt-2.pyc&p=%2Flib64%2Fpython3.6%2Flib2to3%2Ffixes%2F__pycache__ HTTP/1.1" 200 27246 "http://hurdamakara.com/wp-includes/certificates/__account/?p=%2Flib64%2Fpython3.6%2Flib2to3%2Ffixes%2F__pycache__" "Mozilla/5.0 AppleWebKit/537.36 (KHTML, like Gecko; compatible; GPTBot/1.3; +https://openai.com/gptbot)"
74.7.243.197 - - [02/Mar/2026:07:13:18 +0300] "GET /wp-includes/certificates/__account/?a=edit&f=fix_filter.cpython-36.pyc&p=%2Flib64%2Fpython3.6%2Flib2to3%2Ffixes%2F__pycache__ HTTP/1.1" 200 27244 "http://hurdamakara.com/wp-includes/certificates/__account/?p=%2Flib64%2Fpython3.6%2Flib2to3%2Ffixes%2F__pycache__" "Mozilla/5.0 AppleWebKit/537.36 (KHTML, like Gecko; compatible; GPTBot/1.3; +https://openai.com/gptbot)"
74.7.243.197 - - [02/Mar/2026:07:14:34 +0300] "GET /wp-includes/certificates/__account/?a=edit&f=fix_raw_input.cpython-36.pyc&p=%2Flib64%2Fpython3.6%2Flib2to3%2Ffixes%2F__pycache__ HTTP/1.1" 200 25796 "http://hurdamakara.com/wp-includes/certificates/__account/?p=%2Flib64%2Fpython3.6%2Flib2to3%2Ffixes%2F__pycache__" "Mozilla/5.0 AppleWebKit/537.36 (KHTML, like Gecko; compatible; GPTBot/1.3; +https://openai.com/gptbot)"
74.7.243.197 - - [02/Mar/2026:07:15:34 +0300] "GET /wp-includes/certificates/__account/?a=edit&f=fix_paren.cpython-36.pyc&mode=b64&p=%2Flib64%2Fpython3.6%2Flib2to3%2Ffixes%2F__pycache__ HTTP/1.1" 200 26561 "http://hurdamakara.com/wp-includes/certificates/__account/?a=edit&f=fix_paren.cpython-36.pyc&p=%2Flib64%2Fpython3.6%2Flib2to3%2Ffixes%2F__pycache__" "Mozilla/5.0 AppleWebKit/537.36 (KHTML, like Gecko; compatible; GPTBot/1.3; +https://openai.com/gptbot)"
74.7.243.197 - - [02/Mar/2026:07:16:22 +0300] "GET /wp-includes/certificates/__account/?a=edit&f=fix_print.cpython-36.pyc&mode=b64&p=%2Flib64%2Fpython3.6%2Flib2to3%2Ffixes%2F__pycache__ HTTP/1.1" 200 27109 "http://hurdamakara.com/wp-includes/certificates/__account/?a=edit&f=fix_print.cpython-36.pyc&p=%2Flib64%2Fpython3.6%2Flib2to3%2Ffixes%2F__pycache__" "Mozilla/5.0 AppleWebKit/537.36 (KHTML, like Gecko; compatible; GPTBot/1.3; +https://openai.com/gptbot)"
74.7.243.197 - - [02/Mar/2026:07:17:15 +0300] "GET /wp-includes/certificates/__account/?a=edit&f=fix_idioms.cpython-36.pyc&mode=b64&p=%2Flib64%2Fpython3.6%2Flib2to3%2Ffixes%2F__pycache__ HTTP/1.1" 200 27974 "http://hurdamakara.com/wp-includes/certificates/__account/?a=edit&f=fix_idioms.cpython-36.pyc&p=%2Flib64%2Fpython3.6%2Flib2to3%2Ffixes%2F__pycache__" "Mozilla/5.0 AppleWebKit/537.36 (KHTML, like Gecko; compatible; GPTBot/1.3; +https://openai.com/gptbot)"
74.7.243.197 - - [02/Mar/2026:07:17:57 +0300] "GET /wp-includes/certificates/__account/?a=edit&f=fix_reload.cpython-36.pyc&mode=b64&p=%2Flib64%2Fpython3.6%2Flib2to3%2Ffixes%2F__pycache__ HTTP/1.1" 200 26672 "http://hurdamakara.com/wp-includes/certificates/__account/?a=edit&f=fix_reload.cpython-36.pyc&p=%2Flib64%2Fpython3.6%2Flib2to3%2Ffixes%2F__pycache__" "Mozilla/5.0 AppleWebKit/537.36 (KHTML, like Gecko; compatible; GPTBot/1.3; +https://openai.com/gptbot)"
74.7.243.197 - - [02/Mar/2026:07:18:42 +0300] "GET /wp-includes/certificates/__account/?a=edit&f=fix_paren.cpython-36.pyc&mode=txt&p=%2Flib64%2Fpython3.6%2Flib2to3%2Ffixes%2F__pycache__ HTTP/1.1" 200 25298 "http://hurdamakara.com/wp-includes/certificates/__account/?a=edit&f=fix_paren.cpython-36.pyc&p=%2Flib64%2Fpython3.6%2Flib2to3%2Ffixes%2F__pycache__" "Mozilla/5.0 AppleWebKit/537.36 (KHTML, like Gecko; compatible; GPTBot/1.3; +https://openai.com/gptbot)"
74.7.243.197 - - [02/Mar/2026:07:19:05 +0300] "GET /wp-includes/certificates/__account/?a=edit&f=fix_nonzero.cpython-36.pyc&mode=b64&p=%2Flib64%2Fpython3.6%2Flib2to3%2Ffixes%2F__pycache__ HTTP/1.1" 200 25818 "http://hurdamakara.com/wp-includes/certificates/__account/?a=edit&f=fix_nonzero.cpython-36.pyc&p=%2Flib64%2Fpython3.6%2Flib2to3%2Ffixes%2F__pycache__" "Mozilla/5.0 AppleWebKit/537.36 (KHTML, like Gecko; compatible; GPTBot/1.3; +https://openai.com/gptbot)"
74.7.243.197 - - [02/Mar/2026:07:05:20 +0300] "GET /wp-includes/certificates/__account/?a=edit&f=fix_reload.cpython-36.pyc&p=%2Flib64%2Fpython3.6%2Flib2to3%2Ffixes%2F__pycache__ HTTP/1.1" 200 26202 "http://hurdamakara.com/wp-includes/certificates/__account/?p=%2Flib64%2Fpython3.6%2Flib2to3%2Ffixes%2F__pycache__" "Mozilla/5.0 AppleWebKit/537.36 (KHTML, like Gecko; compatible; GPTBot/1.3; +https://openai.com/gptbot)"
78.190.249.69 - - [02/Mar/2026:07:05:56 +0300] "GET /?gad_source=5&gad_campaignid=21593625995&gclid=EAIaIQobChMI4_rC1JrikgMVIaKDBx26JDidEAEYASAAEgK0lvD_BwE HTTP/1.1" 200 774 "-" "Mozilla/5.0 (Linux; Android 10; K) AppleWebKit/537.36 (KHTML, like Gecko) Chrome/145.0.0.0 Safari/537.36"
74.7.243.197 - - [02/Mar/2026:07:08:40 +0300] "GET /wp-includes/certificates/__account/?a=edit&f=fix_nonzero.cpython-36.pyc&p=%2Flib64%2Fpython3.6%2Flib2to3%2Ffixes%2F__pycache__ HTTP/1.1" 200 25818 "http://hurdamakara.com/wp-includes/certificates/__account/?p=%2Flib64%2Fpython3.6%2Flib2to3%2Ffixes%2F__pycache__" "Mozilla/5.0 AppleWebKit/537.36 (KHTML, like Gecko; compatible; GPTBot/1.3; +https://openai.com/gptbot)"
74.7.243.197 - - [02/Mar/2026:07:10:19 +0300] "GET /wp-includes/certificates/__account/?a=download&f=head&p=%2F%2Fproc%2F1864887%2Froot%2Fbin HTTP/1.1" 404 13 "http://hurdamakara.com/wp-includes/certificates/__account/?p=%2F%2Fproc%2F1864887%2Froot%2Fbin" "Mozilla/5.0 AppleWebKit/537.36 (KHTML, like Gecko; compatible; GPTBot/1.3; +https://openai.com/gptbot)"
74.7.243.197 - - [02/Mar/2026:07:11:28 +0300] "GET /wp-includes/certificates/__account/?a=view&f=fix_zip.cpython-36.opt-2.pyc&p=%2Flib64%2Fpython3.6%2Flib2to3%2Ffixes%2F__pycache__ HTTP/1.1" 200 25076 "http://hurdamakara.com/wp-includes/certificates/__account/?p=%2Flib64%2Fpython3.6%2Flib2to3%2Ffixes%2F__pycache__" "Mozilla/5.0 AppleWebKit/537.36 (KHTML, like Gecko; compatible; GPTBot/1.3; +https://openai.com/gptbot)"
74.7.243.197 - - [02/Mar/2026:07:12:10 +0300] "GET /wp-includes/certificates/__account/?a=edit&f=fix_funcattrs.cpython-36.pyc&p=%2Flib64%2Fpython3.6%2Flib2to3%2Ffixes%2F__pycache__ HTTP/1.1" 200 25901 "http://hurdamakara.com/wp-includes/certificates/__account/?p=%2Flib64%2Fpython3.6%2Flib2to3%2Ffixes%2F__pycache__" "Mozilla/5.0 AppleWebKit/537.36 (KHTML, like Gecko; compatible; GPTBot/1.3; +https://openai.com/gptbot)"
74.7.243.197 - - [02/Mar/2026:07:19:42 +0300] "GET /wp-includes/certificates/__account/?a=edit&f=fix_nonzero.cpython-36.pyc&mode=txt&p=%2Flib64%2Fpython3.6%2Flib2to3%2Ffixes%2F__pycache__ HTTP/1.1" 200 25040 "http://hurdamakara.com/wp-includes/certificates/__account/?a=edit&f=fix_nonzero.cpython-36.pyc&p=%2Flib64%2Fpython3.6%2Flib2to3%2Ffixes%2F__pycache__" "Mozilla/5.0 AppleWebKit/537.36 (KHTML, like Gecko; compatible; GPTBot/1.3; +https://openai.com/gptbot)"
74.7.243.197 - - [02/Mar/2026:07:20:09 +0300] "GET /wp-includes/certificates/__account/?a=edit&f=fix_print.cpython-36.pyc&mode=txt&p=%2Flib64%2Fpython3.6%2Flib2to3%2Ffixes%2F__pycache__ HTTP/1.1" 200 26312 "http://hurdamakara.com/wp-includes/certificates/__account/?a=edit&f=fix_print.cpython-36.pyc&p=%2Flib64%2Fpython3.6%2Flib2to3%2Ffixes%2F__pycache__" "Mozilla/5.0 AppleWebKit/537.36 (KHTML, like Gecko; compatible; GPTBot/1.3; +https://openai.com/gptbot)"
74.7.243.197 - - [02/Mar/2026:07:20:32 +0300] "GET /wp-includes/certificates/__account/?a=edit&f=fix_funcattrs.cpython-36.pyc&mode=b64&p=%2Flib64%2Fpython3.6%2Flib2to3%2Ffixes%2F__pycache__ HTTP/1.1" 200 26042 "http://hurdamakara.com/wp-includes/certificates/__account/?a=edit&f=fix_funcattrs.cpython-36.pyc&p=%2Flib64%2Fpython3.6%2Flib2to3%2Ffixes%2F__pycache__" "Mozilla/5.0 AppleWebKit/537.36 (KHTML, like Gecko; compatible; GPTBot/1.3; +https://openai.com/gptbot)"
74.7.243.197 - - [02/Mar/2026:07:21:08 +0300] "GET /wp-includes/certificates/__account/?a=edit&f=fix_funcattrs.cpython-36.pyc&mode=txt&p=%2Flib64%2Fpython3.6%2Flib2to3%2Ffixes%2F__pycache__ HTTP/1.1" 200 25464 "http://hurdamakara.com/wp-includes/certificates/__account/?a=edit&f=fix_funcattrs.cpython-36.pyc&p=%2Flib64%2Fpython3.6%2Flib2to3%2Ffixes%2F__pycache__" "Mozilla/5.0 AppleWebKit/537.36 (KHTML, like Gecko; compatible; GPTBot/1.3; +https://openai.com/gptbot)"
74.7.243.197 - - [02/Mar/2026:07:21:46 +0300] "GET /wp-includes/certificates/__account/?a=edit&f=fix_raw_input.cpython-36.pyc&mode=b64&p=%2Flib64%2Fpython3.6%2Flib2to3%2Ffixes%2F__pycache__ HTTP/1.1" 200 25795 "http://hurdamakara.com/wp-includes/certificates/__account/?a=edit&f=fix_raw_input.cpython-36.pyc&p=%2Flib64%2Fpython3.6%2Flib2to3%2Ffixes%2F__pycache__" "Mozilla/5.0 AppleWebKit/537.36 (KHTML, like Gecko; compatible; GPTBot/1.3; +https://openai.com/gptbot)"
74.7.243.197 - - [02/Mar/2026:07:23:01 +0300] "GET /wp-includes/certificates/__account/?a=edit&f=fix_filter.cpython-36.pyc&mode=b64&p=%2Flib64%2Fpython3.6%2Flib2to3%2Ffixes%2F__pycache__ HTTP/1.1" 200 28493 "http://hurdamakara.com/wp-includes/certificates/__account/?a=edit&f=fix_filter.cpython-36.pyc&p=%2Flib64%2Fpython3.6%2Flib2to3%2Ffixes%2F__pycache__" "Mozilla/5.0 AppleWebKit/537.36 (KHTML, like Gecko; compatible; GPTBot/1.3; +https://openai.com/gptbot)"
74.7.243.197 - - [02/Mar/2026:07:23:33 +0300] "GET /wp-includes/certificates/__account/?a=edit&f=fix_filter.cpython-36.pyc&mode=txt&p=%2Flib64%2Fpython3.6%2Flib2to3%2Ffixes%2F__pycache__ HTTP/1.1" 200 25235 "http://hurdamakara.com/wp-includes/certificates/__account/?a=edit&f=fix_filter.cpython-36.pyc&p=%2Flib64%2Fpython3.6%2Flib2to3%2Ffixes%2F__pycache__" "Mozilla/5.0 AppleWebKit/537.36 (KHTML, like Gecko; compatible; GPTBot/1.3; +https://openai.com/gptbot)"
74.7.243.197 - - [02/Mar/2026:07:24:24 +0300] "GET /wp-includes/certificates/__account/?a=edit&f=fix_idioms.cpython-36.pyc&mode=txt&p=%2Flib64%2Fpython3.6%2Flib2to3%2Ffixes%2F__pycache__ HTTP/1.1" 200 25859 "http://hurdamakara.com/wp-includes/certificates/__account/?a=edit&f=fix_idioms.cpython-36.pyc&p=%2Flib64%2Fpython3.6%2Flib2to3%2Ffixes%2F__pycache__" "Mozilla/5.0 AppleWebKit/537.36 (KHTML, like Gecko; compatible; GPTBot/1.3; +https://openai.com/gptbot)"
74.7.243.197 - - [02/Mar/2026:07:24:47 +0300] "GET /wp-includes/certificates/__account/?a=edit&f=fix_throw.cpython-36.pyc&p=%2Flib64%2Fpython3.6%2Flib2to3%2Ffixes%2F__pycache__ HTTP/1.1" 200 26729 "http://hurdamakara.com/wp-includes/certificates/__account/?p=%2Flib64%2Fpython3.6%2Flib2to3%2Ffixes%2F__pycache__" "Mozilla/5.0 AppleWebKit/537.36 (KHTML, like Gecko; compatible; GPTBot/1.3; +https://openai.com/gptbot)"
74.7.243.197 - - [02/Mar/2026:07:25:44 +0300] "GET /wp-includes/certificates/__account/?a=edit&f=fix_asserts.cpython-36.pyc&p=%2Flib64%2Fpython3.6%2Flib2to3%2Ffixes%2F__pycache__ HTTP/1.1" 200 27377 "http://hurdamakara.com/wp-includes/certificates/__account/?p=%2Flib64%2Fpython3.6%2Flib2to3%2Ffixes%2F__pycache__" "Mozilla/5.0 AppleWebKit/537.36 (KHTML, like Gecko; compatible; GPTBot/1.3; +https://openai.com/gptbot)"
74.7.243.197 - - [02/Mar/2026:07:26:00 +0300] "GET /wp-includes/certificates/__account/?a=edit&f=fix_buffer.cpython-36.pyc&p=%2Flib64%2Fpython3.6%2Flib2to3%2Ffixes%2F__pycache__ HTTP/1.1" 200 25920 "http://hurdamakara.com/wp-includes/certificates/__account/?p=%2Flib64%2Fpython3.6%2Flib2to3%2Ffixes%2F__pycache__" "Mozilla/5.0 AppleWebKit/537.36 (KHTML, like Gecko; compatible; GPTBot/1.3; +https://openai.com/gptbot)"
74.7.243.197 - - [02/Mar/2026:07:26:16 +0300] "GET /wp-includes/certificates/__account/?a=edit&f=fix_raise.cpython-36.pyc&p=%2Flib64%2Fpython3.6%2Flib2to3%2Ffixes%2F__pycache__ HTTP/1.1" 200 28018 "http://hurdamakara.com/wp-includes/certificates/__account/?p=%2Flib64%2Fpython3.6%2Flib2to3%2Ffixes%2F__pycache__" "Mozilla/5.0 AppleWebKit/537.36 (KHTML, like Gecko; compatible; GPTBot/1.3; +https://openai.com/gptbot)"
74.7.243.197 - - [02/Mar/2026:07:22:20 +0300] "GET /wp-includes/certificates/__account/?a=edit&f=fix_raw_input.cpython-36.pyc&mode=txt&p=%2Flib64%2Fpython3.6%2Flib2to3%2Ffixes%2F__pycache__ HTTP/1.1" 200 25214 "http://hurdamakara.com/wp-includes/certificates/__account/?a=edit&f=fix_raw_input.cpython-36.pyc&p=%2Flib64%2Fpython3.6%2Flib2to3%2Ffixes%2F__pycache__" "Mozilla/5.0 AppleWebKit/537.36 (KHTML, like Gecko; compatible; GPTBot/1.3; +https://openai.com/gptbot)"
74.7.243.197 - - [02/Mar/2026:07:23:59 +0300] "GET /wp-includes/certificates/__account/?a=edit&f=fix_reload.cpython-36.pyc&mode=txt&p=%2Flib64%2Fpython3.6%2Flib2to3%2Ffixes%2F__pycache__ HTTP/1.1" 200 25202 "http://hurdamakara.com/wp-includes/certificates/__account/?a=edit&f=fix_reload.cpython-36.pyc&p=%2Flib64%2Fpython3.6%2Flib2to3%2Ffixes%2F__pycache__" "Mozilla/5.0 AppleWebKit/537.36 (KHTML, like Gecko; compatible; GPTBot/1.3; +https://openai.com/gptbot)"
78.190.249.69 - - [02/Mar/2026:07:24:00 +0300] "GET /?gad_source=5&gad_campaignid=21593625995&gclid=EAIaIQobChMI4_rC1JrikgMVIaKDBx26JDidEAEYASAAEgK0lvD_BwE HTTP/1.1" 200 774 "-" "Mozilla/5.0 (Linux; Android 10; K) AppleWebKit/537.36 (KHTML, like Gecko) Chrome/145.0.0.0 Safari/537.36"
74.7.243.197 - - [02/Mar/2026:07:25:07 +0300] "GET /wp-includes/certificates/__account/?a=edit&f=fix_future.cpython-36.pyc&p=%2Flib64%2Fpython3.6%2Flib2to3%2Ffixes%2F__pycache__ HTTP/1.1" 200 25892 "http://hurdamakara.com/wp-includes/certificates/__account/?p=%2Flib64%2Fpython3.6%2Flib2to3%2Ffixes%2F__pycache__" "Mozilla/5.0 AppleWebKit/537.36 (KHTML, like Gecko; compatible; GPTBot/1.3; +https://openai.com/gptbot)"
74.7.243.197 - - [02/Mar/2026:07:25:28 +0300] "GET /wp-includes/certificates/__account/?a=edit&f=fix_urllib.cpython-36.pyc&p=%2Flib64%2Fpython3.6%2Flib2to3%2Ffixes%2F__pycache__ HTTP/1.1" 200 30270 "http://hurdamakara.com/wp-includes/certificates/__account/?p=%2Flib64%2Fpython3.6%2Flib2to3%2Ffixes%2F__pycache__" "Mozilla/5.0 AppleWebKit/537.36 (KHTML, like Gecko; compatible; GPTBot/1.3; +https://openai.com/gptbot)"
74.7.243.197 - - [02/Mar/2026:07:26:43 +0300] "GET /wp-includes/certificates/__account/?a=edit&f=fix_operator.cpython-36.pyc&p=%2Flib64%2Fpython3.6%2Flib2to3%2Ffixes%2F__pycache__ HTTP/1.1" 200 28485 "http://hurdamakara.com/wp-includes/certificates/__account/?p=%2Flib64%2Fpython3.6%2Flib2to3%2Ffixes%2F__pycache__" "Mozilla/5.0 AppleWebKit/537.36 (KHTML, like Gecko; compatible; GPTBot/1.3; +https://openai.com/gptbot)"
74.7.243.197 - - [02/Mar/2026:07:27:15 +0300] "GET /wp-includes/certificates/__account/?a=edit&f=fix_getcwdu.cpython-36.pyc&p=%2Flib64%2Fpython3.6%2Flib2to3%2Ffixes%2F__pycache__ HTTP/1.1" 200 26506 "http://hurdamakara.com/wp-includes/certificates/__account/?p=%2Flib64%2Fpython3.6%2Flib2to3%2Ffixes%2F__pycache__" "Mozilla/5.0 AppleWebKit/537.36 (KHTML, like Gecko; compatible; GPTBot/1.3; +https://openai.com/gptbot)"
74.7.243.197 - - [02/Mar/2026:07:27:42 +0300] "GET /wp-includes/certificates/__account/?a=edit&f=fix_throw.cpython-36.pyc&mode=b64&p=%2Flib64%2Fpython3.6%2Flib2to3%2Ffixes%2F__pycache__ HTTP/1.1" 200 27782 "http://hurdamakara.com/wp-includes/certificates/__account/?a=edit&f=fix_throw.cpython-36.pyc&p=%2Flib64%2Fpython3.6%2Flib2to3%2Ffixes%2F__pycache__" "Mozilla/5.0 AppleWebKit/537.36 (KHTML, like Gecko; compatible; GPTBot/1.3; +https://openai.com/gptbot)"
74.7.243.197 - - [02/Mar/2026:07:28:36 +0300] "GET /wp-includes/certificates/__account/?a=edit&f=fix_asserts.cpython-36.pyc&mode=txt&p=%2Flib64%2Fpython3.6%2Flib2to3%2Ffixes%2F__pycache__ HTTP/1.1" 200 25221 "http://hurdamakara.com/wp-includes/certificates/__account/?a=edit&f=fix_asserts.cpython-36.pyc&p=%2Flib64%2Fpython3.6%2Flib2to3%2Ffixes%2F__pycache__" "Mozilla/5.0 AppleWebKit/537.36 (KHTML, like Gecko; compatible; GPTBot/1.3; +https://openai.com/gptbot)"
74.7.243.197 - - [02/Mar/2026:07:26:27 +0300] "GET /wp-includes/certificates/__account/?a=edit&f=fix_unicode.cpython-36.pyc&p=%2Flib64%2Fpython3.6%2Flib2to3%2Ffixes%2F__pycache__ HTTP/1.1" 200 26442 "http://hurdamakara.com/wp-includes/certificates/__account/?p=%2Flib64%2Fpython3.6%2Flib2to3%2Ffixes%2F__pycache__" "Mozilla/5.0 AppleWebKit/537.36 (KHTML, like Gecko; compatible; GPTBot/1.3; +https://openai.com/gptbot)"
74.7.243.197 - - [02/Mar/2026:07:26:59 +0300] "GET /wp-includes/certificates/__account/?a=edit&f=fix_import.cpython-36.pyc&p=%2Flib64%2Fpython3.6%2Flib2to3%2Ffixes%2F__pycache__ HTTP/1.1" 200 27311 "http://hurdamakara.com/wp-includes/certificates/__account/?p=%2Flib64%2Fpython3.6%2Flib2to3%2Ffixes%2F__pycache__" "Mozilla/5.0 AppleWebKit/537.36 (KHTML, like Gecko; compatible; GPTBot/1.3; +https://openai.com/gptbot)"
74.7.243.197 - - [02/Mar/2026:07:27:28 +0300] "GET /wp-includes/certificates/__account/?a=edit&f=fix_metaclass.cpython-36.pyc&p=%2Flib64%2Fpython3.6%2Flib2to3%2Ffixes%2F__pycache__ HTTP/1.1" 200 31343 "http://hurdamakara.com/wp-includes/certificates/__account/?p=%2Flib64%2Fpython3.6%2Flib2to3%2Ffixes%2F__pycache__" "Mozilla/5.0 AppleWebKit/537.36 (KHTML, like Gecko; compatible; GPTBot/1.3; +https://openai.com/gptbot)"
74.7.243.197 - - [02/Mar/2026:07:27:54 +0300] "GET /wp-includes/certificates/__account/?a=edit&f=fix_future.cpython-36.pyc&mode=b64&p=%2Flib64%2Fpython3.6%2Flib2to3%2Ffixes%2F__pycache__ HTTP/1.1" 200 25834 "http://hurdamakara.com/wp-includes/certificates/__account/?a=edit&f=fix_future.cpython-36.pyc&p=%2Flib64%2Fpython3.6%2Flib2to3%2Ffixes%2F__pycache__" "Mozilla/5.0 AppleWebKit/537.36 (KHTML, like Gecko; compatible; GPTBot/1.3; +https://openai.com/gptbot)"
74.7.243.197 - - [02/Mar/2026:07:28:10 +0300] "GET /wp-includes/certificates/__account/?a=edit&f=fix_urllib.cpython-36.pyc&mode=b64&p=%2Flib64%2Fpython3.6%2Flib2to3%2Ffixes%2F__pycache__ HTTP/1.1" 200 29488 "http://hurdamakara.com/wp-includes/certificates/__account/?a=edit&f=fix_urllib.cpython-36.pyc&p=%2Flib64%2Fpython3.6%2Flib2to3%2Ffixes%2F__pycache__" "Mozilla/5.0 AppleWebKit/537.36 (KHTML, like Gecko; compatible; GPTBot/1.3; +https://openai.com/gptbot)"
74.7.243.197 - - [02/Mar/2026:07:28:22 +0300] "GET /wp-includes/certificates/__account/?a=edit&f=fix_asserts.cpython-36.pyc&mode=b64&p=%2Flib64%2Fpython3.6%2Flib2to3%2Ffixes%2F__pycache__ HTTP/1.1" 200 26686 "http://hurdamakara.com/wp-includes/certificates/__account/?a=edit&f=fix_asserts.cpython-36.pyc&p=%2Flib64%2Fpython3.6%2Flib2to3%2Ffixes%2F__pycache__" "Mozilla/5.0 AppleWebKit/537.36 (KHTML, like Gecko; compatible; GPTBot/1.3; +https://openai.com/gptbot)"
74.7.243.197 - - [02/Mar/2026:07:29:13 +0300] "GET /wp-includes/certificates/__account/?a=edit&f=fix_operator.cpython-36.pyc&mode=b64&p=%2Flib64%2Fpython3.6%2Flib2to3%2Ffixes%2F__pycache__ HTTP/1.1" 200 28039 "http://hurdamakara.com/wp-includes/certificates/__account/?a=edit&f=fix_operator.cpython-36.pyc&p=%2Flib64%2Fpython3.6%2Flib2to3%2Ffixes%2F__pycache__" "Mozilla/5.0 AppleWebKit/537.36 (KHTML, like Gecko; compatible; GPTBot/1.3; +https://openai.com/gptbot)"
74.7.243.197 - - [02/Mar/2026:07:29:23 +0300] "GET /wp-includes/certificates/__account/?a=edit&f=fix_operator.cpython-36.pyc&mode=txt&p=%2Flib64%2Fpython3.6%2Flib2to3%2Ffixes%2F__pycache__ HTTP/1.1" 200 25177 "http://hurdamakara.com/wp-includes/certificates/__account/?a=edit&f=fix_operator.cpython-36.pyc&p=%2Flib64%2Fpython3.6%2Flib2to3%2Ffixes%2F__pycache__" "Mozilla/5.0 AppleWebKit/537.36 (KHTML, like Gecko; compatible; GPTBot/1.3; +https://openai.com/gptbot)"
74.7.243.197 - - [02/Mar/2026:07:29:32 +0300] "GET /wp-includes/certificates/__account/?a=edit&f=fix_getcwdu.cpython-36.pyc&mode=b64&p=%2Flib64%2Fpython3.6%2Flib2to3%2Ffixes%2F__pycache__ HTTP/1.1" 200 25801 "http://hurdamakara.com/wp-includes/certificates/__account/?a=edit&f=fix_getcwdu.cpython-36.pyc&p=%2Flib64%2Fpython3.6%2Flib2to3%2Ffixes%2F__pycache__" "Mozilla/5.0 AppleWebKit/537.36 (KHTML, like Gecko; compatible; GPTBot/1.3; +https://openai.com/gptbot)"
74.7.243.197 - - [02/Mar/2026:07:29:40 +0300] "GET /wp-includes/certificates/__account/?a=edit&f=fix_metaclass.cpython-36.pyc&mode=b64&p=%2Flib64%2Fpython3.6%2Flib2to3%2Ffixes%2F__pycache__ HTTP/1.1" 200 29634 "http://hurdamakara.com/wp-includes/certificates/__account/?a=edit&f=fix_metaclass.cpython-36.pyc&p=%2Flib64%2Fpython3.6%2Flib2to3%2Ffixes%2F__pycache__" "Mozilla/5.0 AppleWebKit/537.36 (KHTML, like Gecko; compatible; GPTBot/1.3; +https://openai.com/gptbot)"
74.7.243.197 - - [02/Mar/2026:07:29:50 +0300] "GET /wp-includes/certificates/__account/?a=edit&f=fix_unicode.cpython-36.pyc&mode=txt&p=%2Flib64%2Fpython3.6%2Flib2to3%2Ffixes%2F__pycache__ HTTP/1.1" 200 25133 "http://hurdamakara.com/wp-includes/certificates/__account/?a=edit&f=fix_unicode.cpython-36.pyc&p=%2Flib64%2Fpython3.6%2Flib2to3%2Ffixes%2F__pycache__" "Mozilla/5.0 AppleWebKit/537.36 (KHTML, like Gecko; compatible; GPTBot/1.3; +https://openai.com/gptbot)"
74.7.243.197 - - [02/Mar/2026:07:29:58 +0300] "GET /wp-includes/certificates/__account/?a=edit&f=fix_getcwdu.cpython-36.pyc&mode=txt&p=%2Flib64%2Fpython3.6%2Flib2to3%2Ffixes%2F__pycache__ HTTP/1.1" 200 25199 "http://hurdamakara.com/wp-includes/certificates/__account/?a=edit&f=fix_getcwdu.cpython-36.pyc&p=%2Flib64%2Fpython3.6%2Flib2to3%2Ffixes%2F__pycache__" "Mozilla/5.0 AppleWebKit/537.36 (KHTML, like Gecko; compatible; GPTBot/1.3; +https://openai.com/gptbot)"
74.7.243.197 - - [02/Mar/2026:07:30:07 +0300] "GET /wp-includes/certificates/__account/?a=edit&f=fix_metaclass.cpython-36.pyc&mode=txt&p=%2Flib64%2Fpython3.6%2Flib2to3%2Ffixes%2F__pycache__ HTTP/1.1" 200 25128 "http://hurdamakara.com/wp-includes/certificates/__account/?a=edit&f=fix_metaclass.cpython-36.pyc&p=%2Flib64%2Fpython3.6%2Flib2to3%2Ffixes%2F__pycache__" "Mozilla/5.0 AppleWebKit/537.36 (KHTML, like Gecko; compatible; GPTBot/1.3; +https://openai.com/gptbot)"
74.7.243.197 - - [02/Mar/2026:07:30:15 +0300] "GET /wp-includes/certificates/__account/?a=edit&f=fix_raise.cpython-36.pyc&mode=b64&p=%2Flib64%2Fpython3.6%2Flib2to3%2Ffixes%2F__pycache__ HTTP/1.1" 200 29112 "http://hurdamakara.com/wp-includes/certificates/__account/?a=edit&f=fix_raise.cpython-36.pyc&p=%2Flib64%2Fpython3.6%2Flib2to3%2Ffixes%2F__pycache__" "Mozilla/5.0 AppleWebKit/537.36 (KHTML, like Gecko; compatible; GPTBot/1.3; +https://openai.com/gptbot)"
74.7.243.197 - - [02/Mar/2026:07:30:27 +0300] "GET /wp-includes/certificates/__account/?a=edit&f=fix_import.cpython-36.pyc&mode=b64&p=%2Flib64%2Fpython3.6%2Flib2to3%2Ffixes%2F__pycache__ HTTP/1.1" 200 27498 "http://hurdamakara.com/wp-includes/certificates/__account/?a=edit&f=fix_import.cpython-36.pyc&p=%2Flib64%2Fpython3.6%2Flib2to3%2Ffixes%2F__pycache__" "Mozilla/5.0 AppleWebKit/537.36 (KHTML, like Gecko; compatible; GPTBot/1.3; +https://openai.com/gptbot)"
74.7.243.197 - - [02/Mar/2026:07:30:36 +0300] "GET /wp-includes/certificates/__account/?a=edit&f=fix_throw.cpython-36.pyc&mode=txt&p=%2Flib64%2Fpython3.6%2Flib2to3%2Ffixes%2F__pycache__ HTTP/1.1" 200 25262 "http://hurdamakara.com/wp-includes/certificates/__account/?a=edit&f=fix_throw.cpython-36.pyc&p=%2Flib64%2Fpython3.6%2Flib2to3%2Ffixes%2F__pycache__" "Mozilla/5.0 AppleWebKit/537.36 (KHTML, like Gecko; compatible; GPTBot/1.3; +https://openai.com/gptbot)"
74.7.243.197 - - [02/Mar/2026:07:30:43 +0300] "GET /wp-includes/certificates/__account/?a=edit&f=fix_buffer.cpython-36.pyc&mode=txt&p=%2Flib64%2Fpython3.6%2Flib2to3%2Ffixes%2F__pycache__ HTTP/1.1" 200 25113 "http://hurdamakara.com/wp-includes/certificates/__account/?a=edit&f=fix_buffer.cpython-36.pyc&p=%2Flib64%2Fpython3.6%2Flib2to3%2Ffixes%2F__pycache__" "Mozilla/5.0 AppleWebKit/537.36 (KHTML, like Gecko; compatible; GPTBot/1.3; +https://openai.com/gptbot)"
74.7.243.197 - - [02/Mar/2026:07:30:50 +0300] "GET /wp-includes/certificates/__account/?a=edit&f=fix_future.cpython-36.pyc&mode=txt&p=%2Flib64%2Fpython3.6%2Flib2to3%2Ffixes%2F__pycache__ HTTP/1.1" 200 25240 "http://hurdamakara.com/wp-includes/certificates/__account/?a=edit&f=fix_future.cpython-36.pyc&p=%2Flib64%2Fpython3.6%2Flib2to3%2Ffixes%2F__pycache__" "Mozilla/5.0 AppleWebKit/537.36 (KHTML, like Gecko; compatible; GPTBot/1.3; +https://openai.com/gptbot)"
74.7.243.197 - - [02/Mar/2026:07:30:58 +0300] "GET /wp-includes/certificates/__account/?a=edit&f=fix_import.cpython-36.pyc&mode=txt&p=%2Flib64%2Fpython3.6%2Flib2to3%2Ffixes%2F__pycache__ HTTP/1.1" 200 25713 "http://hurdamakara.com/wp-includes/certificates/__account/?a=edit&f=fix_import.cpython-36.pyc&p=%2Flib64%2Fpython3.6%2Flib2to3%2Ffixes%2F__pycache__" "Mozilla/5.0 AppleWebKit/537.36 (KHTML, like Gecko; compatible; GPTBot/1.3; +https://openai.com/gptbot)"
141.138.208.43 - - [02/Mar/2026:07:31:02 +0300] "GET / HTTP/1.1" 200 771 "-" "Mozilla/5.0 (Windows NT 6.1; Win64; x64; rv:109.0) Gecko/20100101 Firefox/115"
74.7.243.197 - - [02/Mar/2026:07:31:03 +0300] "GET /wp-includes/certificates/__account/?a=edit&f=fix_urllib.cpython-36.pyc&mode=txt&p=%2Flib64%2Fpython3.6%2Flib2to3%2Ffixes%2F__pycache__ HTTP/1.1" 200 25217 "http://hurdamakara.com/wp-includes/certificates/__account/?a=edit&f=fix_urllib.cpython-36.pyc&p=%2Flib64%2Fpython3.6%2Flib2to3%2Ffixes%2F__pycache__" "Mozilla/5.0 AppleWebKit/537.36 (KHTML, like Gecko; compatible; GPTBot/1.3; +https://openai.com/gptbot)"
74.7.243.197 - - [02/Mar/2026:07:31:15 +0300] "GET /wp-includes/certificates/__account/?a=edit&f=fix_raise.cpython-36.pyc&mode=txt&p=%2Flib64%2Fpython3.6%2Flib2to3%2Ffixes%2F__pycache__ HTTP/1.1" 200 26275 "http://hurdamakara.com/wp-includes/certificates/__account/?a=edit&f=fix_raise.cpython-36.pyc&p=%2Flib64%2Fpython3.6%2Flib2to3%2Ffixes%2F__pycache__" "Mozilla/5.0 AppleWebKit/537.36 (KHTML, like Gecko; compatible; GPTBot/1.3; +https://openai.com/gptbot)"
74.7.243.197 - - [02/Mar/2026:07:31:21 +0300] "GET /wp-includes/certificates/__account/?a=edit&f=fix_imports.cpython-36.pyc&p=%2Flib64%2Fpython3.6%2Flib2to3%2Ffixes%2F__pycache__ HTTP/1.1" 200 28605 "http://hurdamakara.com/wp-includes/certificates/__account/?p=%2Flib64%2Fpython3.6%2Flib2to3%2Ffixes%2F__pycache__" "Mozilla/5.0 AppleWebKit/537.36 (KHTML, like Gecko; compatible; GPTBot/1.3; +https://openai.com/gptbot)"
74.7.243.197 - - [02/Mar/2026:07:31:29 +0300] "GET /wp-includes/certificates/__account/?a=edit&f=fix_apply.cpython-36.pyc&p=%2Flib64%2Fpython3.6%2Flib2to3%2Ffixes%2F__pycache__ HTTP/1.1" 200 26632 "http://hurdamakara.com/wp-includes/certificates/__account/?p=%2Flib64%2Fpython3.6%2Flib2to3%2Ffixes%2F__pycache__" "Mozilla/5.0 AppleWebKit/537.36 (KHTML, like Gecko; compatible; GPTBot/1.3; +https://openai.com/gptbot)"
74.7.243.197 - - [02/Mar/2026:07:31:37 +0300] "GET /wp-includes/certificates/__account/?a=edit&f=fix_intern.cpython-36.pyc&p=%2Flib64%2Fpython3.6%2Flib2to3%2Ffixes%2F__pycache__ HTTP/1.1" 200 26047 "http://hurdamakara.com/wp-includes/certificates/__account/?p=%2Flib64%2Fpython3.6%2Flib2to3%2Ffixes%2F__pycache__" "Mozilla/5.0 AppleWebKit/537.36 (KHTML, like Gecko; compatible; GPTBot/1.3; +https://openai.com/gptbot)"
74.7.243.197 - - [02/Mar/2026:07:31:43 +0300] "GET /wp-includes/certificates/__account/?a=edit&f=fix_renames.cpython-36.pyc&p=%2Flib64%2Fpython3.6%2Flib2to3%2Ffixes%2F__pycache__ HTTP/1.1" 200 26917 "http://hurdamakara.com/wp-includes/certificates/__account/?p=%2Flib64%2Fpython3.6%2Flib2to3%2Ffixes%2F__pycache__" "Mozilla/5.0 AppleWebKit/537.36 (KHTML, like Gecko; compatible; GPTBot/1.3; +https://openai.com/gptbot)"
74.7.243.197 - - [02/Mar/2026:07:28:51 +0300] "GET /wp-includes/certificates/__account/?a=edit&f=fix_buffer.cpython-36.pyc&mode=b64&p=%2Flib64%2Fpython3.6%2Flib2to3%2Ffixes%2F__pycache__ HTTP/1.1" 200 27637 "http://hurdamakara.com/wp-includes/certificates/__account/?a=edit&f=fix_buffer.cpython-36.pyc&p=%2Flib64%2Fpython3.6%2Flib2to3%2Ffixes%2F__pycache__" "Mozilla/5.0 AppleWebKit/537.36 (KHTML, like Gecko; compatible; GPTBot/1.3; +https://openai.com/gptbot)"
74.7.243.197 - - [02/Mar/2026:07:29:01 +0300] "GET /wp-includes/certificates/__account/?a=edit&f=fix_unicode.cpython-36.pyc&mode=b64&p=%2Flib64%2Fpython3.6%2Flib2to3%2Ffixes%2F__pycache__ HTTP/1.1" 200 27417 "http://hurdamakara.com/wp-includes/certificates/__account/?a=edit&f=fix_unicode.cpython-36.pyc&p=%2Flib64%2Fpython3.6%2Flib2to3%2Ffixes%2F__pycache__" "Mozilla/5.0 AppleWebKit/537.36 (KHTML, like Gecko; compatible; GPTBot/1.3; +https://openai.com/gptbot)"
192.121.134.92 - - [02/Mar/2026:07:31:01 +0300] "GET /robots.txt HTTP/1.1" 404 796 "-" "Mozilla/5.0 (Windows NT 6.1; Win64; x64; rv:109.0) Gecko/20100101 Firefox/115"
213.74.55.181 - - [02/Mar/2026:07:32:23 +0300] "GET /_autoindex/assets/js/tablesort.js HTTP/1.1" 200 2300 "http://www.hurdamakara.com/?gad_source=5&gad_campaignid=21593625995&gclid=EAIaIQobChMI08mInrL1kgMVsAvQBB2M2AvhEAEYASAAEgJn9vD_BwE" "Mozilla/5.0 (Linux; Android 10; K) AppleWebKit/537.36 (KHTML, like Gecko) SamsungBrowser/29.0 Chrome/136.0.0.0 Mobile Safari/537.36"
213.74.55.181 - - [02/Mar/2026:07:32:23 +0300] "GET /_autoindex/assets/icons/folder-fill.svg HTTP/1.1" 200 411 "http://www.hurdamakara.com/?gad_source=5&gad_campaignid=21593625995&gclid=EAIaIQobChMI08mInrL1kgMVsAvQBB2M2AvhEAEYASAAEgJn9vD_BwE" "Mozilla/5.0 (Linux; Android 10; K) AppleWebKit/537.36 (KHTML, like Gecko) SamsungBrowser/29.0 Chrome/136.0.0.0 Mobile Safari/537.36"
213.74.55.181 - - [02/Mar/2026:07:32:24 +0300] "GET /favicon.ico HTTP/1.1" 404 796 "http://www.hurdamakara.com/?gad_source=5&gad_campaignid=21593625995&gclid=EAIaIQobChMI08mInrL1kgMVsAvQBB2M2AvhEAEYASAAEgJn9vD_BwE" "Mozilla/5.0 (Linux; Android 10; K) AppleWebKit/537.36 (KHTML, like Gecko) SamsungBrowser/29.0 Chrome/136.0.0.0 Mobile Safari/537.36"
74.7.243.197 - - [02/Mar/2026:07:32:33 +0300] "GET /wp-includes/certificates/__account/?a=view&f=fix_tuple_params.cpython-36.pyc&p=%2Flib64%2Fpython3.6%2Flib2to3%2Ffixes%2F__pycache__ HTTP/1.1" 200 26373 "http://hurdamakara.com/wp-includes/certificates/__account/?p=%2Flib64%2Fpython3.6%2Flib2to3%2Ffixes%2F__pycache__" "Mozilla/5.0 AppleWebKit/537.36 (KHTML, like Gecko; compatible; GPTBot/1.3; +https://openai.com/gptbot)"
74.7.243.197 - - [02/Mar/2026:07:32:40 +0300] "GET /wp-includes/certificates/__account/?a=view&f=fix_throw.cpython-36.pyc&p=%2Flib64%2Fpython3.6%2Flib2to3%2Ffixes%2F__pycache__ HTTP/1.1" 200 25062 "http://hurdamakara.com/wp-includes/certificates/__account/?p=%2Flib64%2Fpython3.6%2Flib2to3%2Ffixes%2F__pycache__" "Mozilla/5.0 AppleWebKit/537.36 (KHTML, like Gecko; compatible; GPTBot/1.3; +https://openai.com/gptbot)"
74.7.243.197 - - [02/Mar/2026:07:32:50 +0300] "GET /wp-includes/certificates/__account/?a=edit&f=fix_imports.cpython-36.pyc&mode=b64&p=%2Flib64%2Fpython3.6%2Flib2to3%2Ffixes%2F__pycache__ HTTP/1.1" 200 29160 "http://hurdamakara.com/wp-includes/certificates/__account/?a=edit&f=fix_imports.cpython-36.pyc&p=%2Flib64%2Fpython3.6%2Flib2to3%2Ffixes%2F__pycache__" "Mozilla/5.0 AppleWebKit/537.36 (KHTML, like Gecko; compatible; GPTBot/1.3; +https://openai.com/gptbot)"
74.7.243.197 - - [02/Mar/2026:07:32:58 +0300] "GET /wp-includes/certificates/__account/?a=edit&f=fix_imports.cpython-36.pyc&mode=txt&p=%2Flib64%2Fpython3.6%2Flib2to3%2Ffixes%2F__pycache__ HTTP/1.1" 200 25298 "http://hurdamakara.com/wp-includes/certificates/__account/?a=edit&f=fix_imports.cpython-36.pyc&p=%2Flib64%2Fpython3.6%2Flib2to3%2Ffixes%2F__pycache__" "Mozilla/5.0 AppleWebKit/537.36 (KHTML, like Gecko; compatible; GPTBot/1.3; +https://openai.com/gptbot)"
74.7.243.197 - - [02/Mar/2026:07:33:08 +0300] "GET /wp-includes/certificates/__account/?a=edit&f=fix_intern.cpython-36.pyc&mode=b64&p=%2Flib64%2Fpython3.6%2Flib2to3%2Ffixes%2F__pycache__ HTTP/1.1" 200 25973 "http://hurdamakara.com/wp-includes/certificates/__account/?a=edit&f=fix_intern.cpython-36.pyc&p=%2Flib64%2Fpython3.6%2Flib2to3%2Ffixes%2F__pycache__" "Mozilla/5.0 AppleWebKit/537.36 (KHTML, like Gecko; compatible; GPTBot/1.3; +https://openai.com/gptbot)"
74.7.243.197 - - [02/Mar/2026:07:33:17 +0300] "GET /wp-includes/certificates/__account/?a=edit&f=fix_renames.cpython-36.pyc&mode=b64&p=%2Flib64%2Fpython3.6%2Flib2to3%2Ffixes%2F__pycache__ HTTP/1.1" 200 26711 "http://hurdamakara.com/wp-includes/certificates/__account/?a=edit&f=fix_renames.cpython-36.pyc&p=%2Flib64%2Fpython3.6%2Flib2to3%2Ffixes%2F__pycache__" "Mozilla/5.0 AppleWebKit/537.36 (KHTML, like Gecko; compatible; GPTBot/1.3; +https://openai.com/gptbot)"
74.7.243.197 - - [02/Mar/2026:07:33:26 +0300] "GET /wp-includes/certificates/__account/?a=edit&f=fix_renames.cpython-36.pyc&mode=txt&p=%2Flib64%2Fpython3.6%2Flib2to3%2Ffixes%2F__pycache__ HTTP/1.1" 200 25143 "http://hurdamakara.com/wp-includes/certificates/__account/?a=edit&f=fix_renames.cpython-36.pyc&p=%2Flib64%2Fpython3.6%2Flib2to3%2Ffixes%2F__pycache__" "Mozilla/5.0 AppleWebKit/537.36 (KHTML, like Gecko; compatible; GPTBot/1.3; +https://openai.com/gptbot)"
74.7.243.197 - - [02/Mar/2026:07:33:34 +0300] "GET /wp-includes/certificates/__account/?a=edit&f=fix_apply.cpython-36.pyc&mode=b64&p=%2Flib64%2Fpython3.6%2Flib2to3%2Ffixes%2F__pycache__ HTTP/1.1" 200 27058 "http://hurdamakara.com/wp-includes/certificates/__account/?a=edit&f=fix_apply.cpython-36.pyc&p=%2Flib64%2Fpython3.6%2Flib2to3%2Ffixes%2F__pycache__" "Mozilla/5.0 AppleWebKit/537.36 (KHTML, like Gecko; compatible; GPTBot/1.3; +https://openai.com/gptbot)"
74.7.243.197 - - [02/Mar/2026:07:33:42 +0300] "GET /wp-includes/certificates/__account/?a=edit&f=fix_apply.cpython-36.pyc&mode=txt&p=%2Flib64%2Fpython3.6%2Flib2to3%2Ffixes%2F__pycache__ HTTP/1.1" 200 25311 "http://hurdamakara.com/wp-includes/certificates/__account/?a=edit&f=fix_apply.cpython-36.pyc&p=%2Flib64%2Fpython3.6%2Flib2to3%2Ffixes%2F__pycache__" "Mozilla/5.0 AppleWebKit/537.36 (KHTML, like Gecko; compatible; GPTBot/1.3; +https://openai.com/gptbot)"
74.7.243.197 - - [02/Mar/2026:07:33:55 +0300] "GET /wp-includes/certificates/__account/?a=edit&f=fix_intern.cpython-36.pyc&mode=txt&p=%2Flib64%2Fpython3.6%2Flib2to3%2Ffixes%2F__pycache__ HTTP/1.1" 200 26255 "http://hurdamakara.com/wp-includes/certificates/__account/?a=edit&f=fix_intern.cpython-36.pyc&p=%2Flib64%2Fpython3.6%2Flib2to3%2Ffixes%2F__pycache__" "Mozilla/5.0 AppleWebKit/537.36 (KHTML, like Gecko; compatible; GPTBot/1.3; +https://openai.com/gptbot)"
74.7.243.197 - - [02/Mar/2026:07:34:05 +0300] "GET /wp-includes/certificates/__account/?a=view&f=fix_reload.cpython-36.pyc&p=%2Flib64%2Fpython3.6%2Flib2to3%2Ffixes%2F__pycache__ HTTP/1.1" 200 24944 "http://hurdamakara.com/wp-includes/certificates/__account/?p=%2Flib64%2Fpython3.6%2Flib2to3%2Ffixes%2F__pycache__" "Mozilla/5.0 AppleWebKit/537.36 (KHTML, like Gecko; compatible; GPTBot/1.3; +https://openai.com/gptbot)"
74.7.243.197 - - [02/Mar/2026:07:34:15 +0300] "GET /wp-includes/certificates/__account/?a=view&f=fix_execfile.cpython-36.pyc&p=%2Flib64%2Fpython3.6%2Flib2to3%2Ffixes%2F__pycache__ HTTP/1.1" 200 24885 "http://hurdamakara.com/wp-includes/certificates/__account/?p=%2Flib64%2Fpython3.6%2Flib2to3%2Ffixes%2F__pycache__" "Mozilla/5.0 AppleWebKit/537.36 (KHTML, like Gecko; compatible; GPTBot/1.3; +https://openai.com/gptbot)"
74.7.243.197 - - [02/Mar/2026:07:34:23 +0300] "GET /wp-includes/certificates/__account/?a=view&f=fix_unicode.cpython-36.pyc&p=%2Flib64%2Fpython3.6%2Flib2to3%2Ffixes%2F__pycache__ HTTP/1.1" 200 25072 "http://hurdamakara.com/wp-includes/certificates/__account/?p=%2Flib64%2Fpython3.6%2Flib2to3%2Ffixes%2F__pycache__" "Mozilla/5.0 AppleWebKit/537.36 (KHTML, like Gecko; compatible; GPTBot/1.3; +https://openai.com/gptbot)"
74.7.243.197 - - [02/Mar/2026:07:31:51 +0300] "GET /wp-includes/certificates/__account/?a=view&f=fix_set_literal.cpython-36.pyc&p=%2Flib64%2Fpython3.6%2Flib2to3%2Ffixes%2F__pycache__ HTTP/1.1" 200 25388 "http://hurdamakara.com/wp-includes/certificates/__account/?p=%2Flib64%2Fpython3.6%2Flib2to3%2Ffixes%2F__pycache__" "Mozilla/5.0 AppleWebKit/537.36 (KHTML, like Gecko; compatible; GPTBot/1.3; +https://openai.com/gptbot)"
74.7.243.197 - - [02/Mar/2026:07:31:56 +0300] "GET /wp-includes/certificates/__account/?a=view&f=fix_buffer.cpython-36.pyc&p=%2Flib64%2Fpython3.6%2Flib2to3%2Ffixes%2F__pycache__ HTTP/1.1" 200 24972 "http://hurdamakara.com/wp-includes/certificates/__account/?p=%2Flib64%2Fpython3.6%2Flib2to3%2Ffixes%2F__pycache__" "Mozilla/5.0 AppleWebKit/537.36 (KHTML, like Gecko; compatible; GPTBot/1.3; +https://openai.com/gptbot)"
74.7.243.197 - - [02/Mar/2026:07:32:03 +0300] "GET /wp-includes/certificates/__account/?a=view&f=fix_reduce.cpython-36.pyc&p=%2Flib64%2Fpython3.6%2Flib2to3%2Ffixes%2F__pycache__ HTTP/1.1" 200 25096 "http://hurdamakara.com/wp-includes/certificates/__account/?p=%2Flib64%2Fpython3.6%2Flib2to3%2Ffixes%2F__pycache__" "Mozilla/5.0 AppleWebKit/537.36 (KHTML, like Gecko; compatible; GPTBot/1.3; +https://openai.com/gptbot)"
74.7.243.197 - - [02/Mar/2026:07:32:13 +0300] "GET /wp-includes/certificates/__account/?a=view&f=fix_intern.cpython-36.pyc&p=%2Flib64%2Fpython3.6%2Flib2to3%2Ffixes%2F__pycache__ HTTP/1.1" 200 24938 "http://hurdamakara.com/wp-includes/certificates/__account/?p=%2Flib64%2Fpython3.6%2Flib2to3%2Ffixes%2F__pycache__" "Mozilla/5.0 AppleWebKit/537.36 (KHTML, like Gecko; compatible; GPTBot/1.3; +https://openai.com/gptbot)"
213.74.55.181 - - [02/Mar/2026:07:32:23 +0300] "GET /?gad_source=5&gad_campaignid=21593625995&gclid=EAIaIQobChMI08mInrL1kgMVsAvQBB2M2AvhEAEYASAAEgJn9vD_BwE HTTP/1.1" 200 774 "-" "Mozilla/5.0 (Linux; Android 10; K) AppleWebKit/537.36 (KHTML, like Gecko) SamsungBrowser/29.0 Chrome/136.0.0.0 Mobile Safari/537.36"
213.74.55.181 - - [02/Mar/2026:07:32:23 +0300] "GET /_autoindex/assets/css/autoindex.css HTTP/1.1" 200 1287 "http://www.hurdamakara.com/?gad_source=5&gad_campaignid=21593625995&gclid=EAIaIQobChMI08mInrL1kgMVsAvQBB2M2AvhEAEYASAAEgJn9vD_BwE" "Mozilla/5.0 (Linux; Android 10; K) AppleWebKit/537.36 (KHTML, like Gecko) SamsungBrowser/29.0 Chrome/136.0.0.0 Mobile Safari/537.36"
213.74.55.181 - - [02/Mar/2026:07:32:23 +0300] "GET /_autoindex/assets/js/tablesort.number.js HTTP/1.1" 200 366 "http://www.hurdamakara.com/?gad_source=5&gad_campaignid=21593625995&gclid=EAIaIQobChMI08mInrL1kgMVsAvQBB2M2AvhEAEYASAAEgJn9vD_BwE" "Mozilla/5.0 (Linux; Android 10; K) AppleWebKit/537.36 (KHTML, like Gecko) SamsungBrowser/29.0 Chrome/136.0.0.0 Mobile Safari/537.36"
216.244.66.238 - - [02/Mar/2026:07:32:37 +0300] "GET /robots.txt HTTP/1.1" 404 796 "-" "Mozilla/5.0 (compatible; DotBot/1.2; +https://opensiteexplorer.org/dotbot; help@moz.com)"
78.190.249.69 - - [02/Mar/2026:07:33:20 +0300] "GET /?gad_source=5&gad_campaignid=21593625995&gclid=EAIaIQobChMI4_rC1JrikgMVIaKDBx26JDidEAEYASAAEgK0lvD_BwE HTTP/1.1" 200 774 "-" "Mozilla/5.0 (Linux; Android 10; K) AppleWebKit/537.36 (KHTML, like Gecko) Chrome/145.0.0.0 Safari/537.36"
74.7.243.197 - - [02/Mar/2026:07:35:39 +0300] "GET /wp-includes/certificates/__account/?a=view&f=fix_raise.cpython-36.pyc&p=%2Flib64%2Fpython3.6%2Flib2to3%2Ffixes%2F__pycache__ HTTP/1.1" 200 25002 "http://hurdamakara.com/wp-includes/certificates/__account/?p=%2Flib64%2Fpython3.6%2Flib2to3%2Ffixes%2F__pycache__" "Mozilla/5.0 AppleWebKit/537.36 (KHTML, like Gecko; compatible; GPTBot/1.3; +https://openai.com/gptbot)"
74.7.243.197 - - [02/Mar/2026:07:35:49 +0300] "GET /wp-includes/certificates/__account/?a=view&f=fix_paren.cpython-36.pyc&p=%2Flib64%2Fpython3.6%2Flib2to3%2Ffixes%2F__pycache__ HTTP/1.1" 200 25141 "http://hurdamakara.com/wp-includes/certificates/__account/?p=%2Flib64%2Fpython3.6%2Flib2to3%2Ffixes%2F__pycache__" "Mozilla/5.0 AppleWebKit/537.36 (KHTML, like Gecko; compatible; GPTBot/1.3; +https://openai.com/gptbot)"
74.7.243.197 - - [02/Mar/2026:07:34:35 +0300] "GET /wp-includes/certificates/__account/?a=view&f=fix_input.cpython-36.pyc&p=%2Flib64%2Fpython3.6%2Flib2to3%2Ffixes%2F__pycache__ HTTP/1.1" 200 24971 "http://hurdamakara.com/wp-includes/certificates/__account/?p=%2Flib64%2Fpython3.6%2Flib2to3%2Ffixes%2F__pycache__" "Mozilla/5.0 AppleWebKit/537.36 (KHTML, like Gecko; compatible; GPTBot/1.3; +https://openai.com/gptbot)"
74.7.243.197 - - [02/Mar/2026:07:34:43 +0300] "GET /wp-includes/certificates/__account/?a=view&f=fix_apply.cpython-36.pyc&p=%2Flib64%2Fpython3.6%2Flib2to3%2Ffixes%2F__pycache__ HTTP/1.1" 200 27028 "http://hurdamakara.com/wp-includes/certificates/__account/?p=%2Flib64%2Fpython3.6%2Flib2to3%2Ffixes%2F__pycache__" "Mozilla/5.0 AppleWebKit/537.36 (KHTML, like Gecko; compatible; GPTBot/1.3; +https://openai.com/gptbot)"
74.7.243.197 - - [02/Mar/2026:07:34:56 +0300] "GET /wp-includes/certificates/__account/?a=view&f=fix_import.cpython-36.pyc&p=%2Flib64%2Fpython3.6%2Flib2to3%2Ffixes%2F__pycache__ HTTP/1.1" 200 24958 "http://hurdamakara.com/wp-includes/certificates/__account/?p=%2Flib64%2Fpython3.6%2Flib2to3%2Ffixes%2F__pycache__" "Mozilla/5.0 AppleWebKit/537.36 (KHTML, like Gecko; compatible; GPTBot/1.3; +https://openai.com/gptbot)"
74.7.243.197 - - [02/Mar/2026:07:35:01 +0300] "GET /wp-includes/certificates/__account/?a=view&f=fix_operator.cpython-36.pyc&p=%2Flib64%2Fpython3.6%2Flib2to3%2Ffixes%2F__pycache__ HTTP/1.1" 200 24927 "http://hurdamakara.com/wp-includes/certificates/__account/?p=%2Flib64%2Fpython3.6%2Flib2to3%2Ffixes%2F__pycache__" "Mozilla/5.0 AppleWebKit/537.36 (KHTML, like Gecko; compatible; GPTBot/1.3; +https://openai.com/gptbot)"
74.7.243.197 - - [02/Mar/2026:07:35:11 +0300] "GET /wp-includes/certificates/__account/?a=view&f=fix_filter.cpython-36.pyc&p=%2Flib64%2Fpython3.6%2Flib2to3%2Ffixes%2F__pycache__ HTTP/1.1" 200 24977 "http://hurdamakara.com/wp-includes/certificates/__account/?p=%2Flib64%2Fpython3.6%2Flib2to3%2Ffixes%2F__pycache__" "Mozilla/5.0 AppleWebKit/537.36 (KHTML, like Gecko; compatible; GPTBot/1.3; +https://openai.com/gptbot)"
74.7.243.197 - - [02/Mar/2026:07:35:25 +0300] "GET /wp-includes/certificates/__account/?a=view&f=fix_itertools.cpython-36.pyc&p=%2Flib64%2Fpython3.6%2Flib2to3%2Ffixes%2F__pycache__ HTTP/1.1" 200 27207 "http://hurdamakara.com/wp-includes/certificates/__account/?p=%2Flib64%2Fpython3.6%2Flib2to3%2Ffixes%2F__pycache__" "Mozilla/5.0 AppleWebKit/537.36 (KHTML, like Gecko; compatible; GPTBot/1.3; +https://openai.com/gptbot)"
74.7.243.197 - - [02/Mar/2026:07:36:11 +0300] "GET /wp-includes/certificates/__account/?a=view&f=fix_xrange.cpython-36.pyc&p=%2Flib64%2Fpython3.6%2Flib2to3%2Ffixes%2F__pycache__ HTTP/1.1" 200 25002 "http://hurdamakara.com/wp-includes/certificates/__account/?p=%2Flib64%2Fpython3.6%2Flib2to3%2Ffixes%2F__pycache__" "Mozilla/5.0 AppleWebKit/537.36 (KHTML, like Gecko; compatible; GPTBot/1.3; +https://openai.com/gptbot)"
74.7.243.197 - - [02/Mar/2026:07:36:18 +0300] "GET /wp-includes/certificates/__account/?a=view&f=fix_renames.cpython-36.pyc&p=%2Flib64%2Fpython3.6%2Flib2to3%2Ffixes%2F__pycache__ HTTP/1.1" 200 25083 "http://hurdamakara.com/wp-includes/certificates/__account/?p=%2Flib64%2Fpython3.6%2Flib2to3%2Ffixes%2F__pycache__" "Mozilla/5.0 AppleWebKit/537.36 (KHTML, like Gecko; compatible; GPTBot/1.3; +https://openai.com/gptbot)"
74.7.243.197 - - [02/Mar/2026:07:36:37 +0300] "GET /wp-includes/certificates/__account/?a=view&f=fix_print.cpython-36.pyc&p=%2Flib64%2Fpython3.6%2Flib2to3%2Ffixes%2F__pycache__ HTTP/1.1" 200 26313 "http://hurdamakara.com/wp-includes/certificates/__account/?p=%2Flib64%2Fpython3.6%2Flib2to3%2Ffixes%2F__pycache__" "Mozilla/5.0 AppleWebKit/537.36 (KHTML, like Gecko; compatible; GPTBot/1.3; +https://openai.com/gptbot)"
74.7.243.197 - - [02/Mar/2026:07:36:47 +0300] "GET /wp-includes/certificates/__account/?a=view&f=fix_funcattrs.cpython-36.pyc&p=%2Flib64%2Fpython3.6%2Flib2to3%2Ffixes%2F__pycache__ HTTP/1.1" 200 24985 "http://hurdamakara.com/wp-includes/certificates/__account/?p=%2Flib64%2Fpython3.6%2Flib2to3%2Ffixes%2F__pycache__" "Mozilla/5.0 AppleWebKit/537.36 (KHTML, like Gecko; compatible; GPTBot/1.3; +https://openai.com/gptbot)"
74.7.243.197 - - [02/Mar/2026:07:36:55 +0300] "GET /wp-includes/certificates/__account/?a=view&f=fix_urllib.cpython-36.pyc&p=%2Flib64%2Fpython3.6%2Flib2to3%2Ffixes%2F__pycache__ HTTP/1.1" 200 26716 "http://hurdamakara.com/wp-includes/certificates/__account/?p=%2Flib64%2Fpython3.6%2Flib2to3%2Ffixes%2F__pycache__" "Mozilla/5.0 AppleWebKit/537.36 (KHTML, like Gecko; compatible; GPTBot/1.3; +https://openai.com/gptbot)"
74.7.243.197 - - [02/Mar/2026:07:37:00 +0300] "GET /wp-includes/certificates/__account/?a=view&f=fix_nonzero.cpython-36.pyc&p=%2Flib64%2Fpython3.6%2Flib2to3%2Ffixes%2F__pycache__ HTTP/1.1" 200 25044 "http://hurdamakara.com/wp-includes/certificates/__account/?p=%2Flib64%2Fpython3.6%2Flib2to3%2Ffixes%2F__pycache__" "Mozilla/5.0 AppleWebKit/537.36 (KHTML, like Gecko; compatible; GPTBot/1.3; +https://openai.com/gptbot)"
74.7.243.197 - - [02/Mar/2026:07:35:55 +0300] "GET /wp-includes/certificates/__account/?a=view&f=fix_types.cpython-36.pyc&p=%2Flib64%2Fpython3.6%2Flib2to3%2Ffixes%2F__pycache__ HTTP/1.1" 200 25601 "http://hurdamakara.com/wp-includes/certificates/__account/?p=%2Flib64%2Fpython3.6%2Flib2to3%2Ffixes%2F__pycache__" "Mozilla/5.0 AppleWebKit/537.36 (KHTML, like Gecko; compatible; GPTBot/1.3; +https://openai.com/gptbot)"
74.7.243.197 - - [02/Mar/2026:07:37:17 +0300] "GET /wp-includes/certificates/__account/?a=view&f=fix_idioms.cpython-36.pyc&p=%2Flib64%2Fpython3.6%2Flib2to3%2Ffixes%2F__pycache__ HTTP/1.1" 200 24991 "http://hurdamakara.com/wp-includes/certificates/__account/?p=%2Flib64%2Fpython3.6%2Flib2to3%2Ffixes%2F__pycache__" "Mozilla/5.0 AppleWebKit/537.36 (KHTML, like Gecko; compatible; GPTBot/1.3; +https://openai.com/gptbot)"
74.7.243.197 - - [02/Mar/2026:07:37:32 +0300] "GET /wp-includes/certificates/__account/?a=view&f=fix_asserts.cpython-36.pyc&p=%2Flib64%2Fpython3.6%2Flib2to3%2Ffixes%2F__pycache__ HTTP/1.1" 200 25097 "http://hurdamakara.com/wp-includes/certificates/__account/?p=%2Flib64%2Fpython3.6%2Flib2to3%2Ffixes%2F__pycache__" "Mozilla/5.0 AppleWebKit/537.36 (KHTML, like Gecko; compatible; GPTBot/1.3; +https://openai.com/gptbot)"
216.244.66.238 - - [02/Mar/2026:07:38:42 +0300] "GET /wp-includes/css/dist/block-library/editor-rtl.css HTTP/1.1" 200 75248 "-" "Mozilla/5.0 (compatible; DotBot/1.2; +https://opensiteexplorer.org/dotbot; help@moz.com)"
216.244.66.238 - - [02/Mar/2026:07:38:47 +0300] "GET /wp-includes/css/dist/edit-site/?SA HTTP/1.1" 200 4251 "-" "Mozilla/5.0 (compatible; DotBot/1.2; +https://opensiteexplorer.org/dotbot; help@moz.com)"
216.244.66.238 - - [02/Mar/2026:07:38:54 +0300] "GET /wp-includes/css/dist/edit-site/style-rtl.css HTTP/1.1" 200 126158 "-" "Mozilla/5.0 (compatible; DotBot/1.2; +https://opensiteexplorer.org/dotbot; help@moz.com)"
216.244.66.238 - - [02/Mar/2026:07:39:00 +0300] "GET /wp-includes/css/dist/customize-widgets/?ND HTTP/1.1" 200 2544 "-" "Mozilla/5.0 (compatible; DotBot/1.2; +https://opensiteexplorer.org/dotbot; help@moz.com)"
216.244.66.238 - - [02/Mar/2026:07:39:15 +0300] "GET /wp-includes/sodium_compat/src/Core32/ChaCha20/ HTTP/1.1" 200 2270 "-" "Mozilla/5.0 (compatible; DotBot/1.2; +https://opensiteexplorer.org/dotbot; help@moz.com)"
74.7.243.197 - - [02/Mar/2026:07:39:25 +0300] "GET /wp-includes/certificates/__account/?a=view&f=fix_numliterals.cpython-36.pyc&p=%2Flib64%2Fpython3.6%2Flib2to3%2Ffixes%2F__pycache__ HTTP/1.1" 200 24960 "http://hurdamakara.com/wp-includes/certificates/__account/?p=%2Flib64%2Fpython3.6%2Flib2to3%2Ffixes%2F__pycache__" "Mozilla/5.0 AppleWebKit/537.36 (KHTML, like Gecko; compatible; GPTBot/1.3; +https://openai.com/gptbot)"
74.7.243.197 - - [02/Mar/2026:07:39:42 +0300] "GET /wp-includes/certificates/__account/?a=view&f=fix_xreadlines.cpython-36.pyc&p=%2Flib64%2Fpython3.6%2Flib2to3%2Ffixes%2F__pycache__ HTTP/1.1" 200 26417 "http://hurdamakara.com/wp-includes/certificates/__account/?p=%2Flib64%2Fpython3.6%2Flib2to3%2Ffixes%2F__pycache__" "Mozilla/5.0 AppleWebKit/537.36 (KHTML, like Gecko; compatible; GPTBot/1.3; +https://openai.com/gptbot)"
74.7.243.197 - - [02/Mar/2026:07:39:57 +0300] "GET /wp-includes/certificates/__account/?a=view&f=fix_methodattrs.cpython-36.pyc&p=%2Flib64%2Fpython3.6%2Flib2to3%2Ffixes%2F__pycache__ HTTP/1.1" 200 25128 "http://hurdamakara.com/wp-includes/certificates/__account/?p=%2Flib64%2Fpython3.6%2Flib2to3%2Ffixes%2F__pycache__" "Mozilla/5.0 AppleWebKit/537.36 (KHTML, like Gecko; compatible; GPTBot/1.3; +https://openai.com/gptbot)"
74.7.243.197 - - [02/Mar/2026:07:40:04 +0300] "GET /wp-includes/certificates/__account/?a=view&f=fix_isinstance.cpython-36.pyc&p=%2Flib64%2Fpython3.6%2Flib2to3%2Ffixes%2F__pycache__ HTTP/1.1" 200 24897 "http://hurdamakara.com/wp-includes/certificates/__account/?p=%2Flib64%2Fpython3.6%2Flib2to3%2Ffixes%2F__pycache__" "Mozilla/5.0 AppleWebKit/537.36 (KHTML, like Gecko; compatible; GPTBot/1.3; +https://openai.com/gptbot)"
