216.244.66.238 - - [01/Mar/2026:16:11:55 +0300] "GET /robots.txt HTTP/1.1" 404 796 "-" "Mozilla/5.0 (compatible; DotBot/1.2; +https://opensiteexplorer.org/dotbot; help@moz.com)"
85.208.96.194 - - [01/Mar/2026:16:12:29 +0300] "GET /wp-content/plugins/depicter/vendor/symfony/console/Question/ConfirmationQuestion.php HTTP/1.1" 500 0 "-" "Mozilla/5.0 (compatible; SemrushBot/7~bl; +http://www.semrush.com/bot.html)"
185.191.171.10 - - [01/Mar/2026:16:15:00 +0300] "GET /wp-content/plugins/google-site-kit/third-party/google/apiclient-services-subscribewithgoogle/SubscribewithGoogle/StateDetails.php HTTP/1.1" 500 0 "-" "Mozilla/5.0 (compatible; SemrushBot/7~bl; +http://www.semrush.com/bot.html)"
216.244.66.238 - - [01/Mar/2026:16:17:34 +0300] "GET /wp-includes/css/dist/base-styles/?SD HTTP/1.1" 200 2604 "-" "Mozilla/5.0 (compatible; DotBot/1.2; +https://opensiteexplorer.org/dotbot; help@moz.com)"
185.191.171.2 - - [01/Mar/2026:16:19:48 +0300] "GET /wp-content/plugins/google-site-kit/third-party/phpseclib/phpseclib/phpseclib/bootstrap.php HTTP/1.1" 200 0 "-" "Mozilla/5.0 (compatible; SemrushBot/7~bl; +http://www.semrush.com/bot.html)"
85.208.96.209 - - [01/Mar/2026:16:20:30 +0300] "GET /wp-content/plugins/depicter/vendor/symfony/console/Formatter/OutputFormatterStyleInterface.php HTTP/1.1" 200 0 "-" "Mozilla/5.0 (compatible; SemrushBot/7~bl; +http://www.semrush.com/bot.html)"
185.191.171.13 - - [01/Mar/2026:16:21:14 +0300] "GET /wp-content/plugins/depicter/vendor/symfony/console/Event/ConsoleEvent.php HTTP/1.1" 500 0 "-" "Mozilla/5.0 (compatible; SemrushBot/7~bl; +http://www.semrush.com/bot.html)"
185.191.171.10 - - [01/Mar/2026:16:21:36 +0300] "GET /wp-content/plugins/wp-mail-smtp/vendor/woocommerce/action-scheduler/classes/data-stores/ HTTP/1.1" 200 1444 "-" "Mozilla/5.0 (compatible; SemrushBot/7~bl; +http://www.semrush.com/bot.html)"
85.208.96.202 - - [01/Mar/2026:16:23:44 +0300] "GET /wp-content/plugins/auxin-elements/vendor/enshrined/svg-sanitize/tests/error_log HTTP/1.1" 403 787 "-" "Mozilla/5.0 (compatible; SemrushBot/7~bl; +http://www.semrush.com/bot.html)"
37.154.70.97 - - [01/Mar/2026:16:24:49 +0300] "GET /?gad_source=5&gad_campaignid=21593625995&gclid=EAIaIQobChMI8ZHXwu3RkgMVYDRoCB02kzRNEAEYASAAEgJpWvD_BwE HTTP/1.1" 200 774 "-" "Mozilla/5.0 (Linux; Android 11; SAMSUNG SM-A022F Build/RP1A.200720.012; wv) AppleWebKit/537.36 (KHTML, like Gecko) Version/4.0 SamsungBrowser/7.4 Chrome/145.0.7632.80 Mobile Safari/537.36"
185.191.171.1 - - [01/Mar/2026:16:24:58 +0300] "GET /wp-content/plugins/wp-mail-smtp/vendor_prefixed/psr/http-message/src/ServerRequestInterface.php HTTP/1.1" 500 0 "-" "Mozilla/5.0 (compatible; SemrushBot/7~bl; +http://www.semrush.com/bot.html)"
216.244.66.238 - - [01/Mar/2026:16:21:56 +0300] "GET /wp-includes/Requests/src/Proxy/IXR/?a=download&f=class-wp-comment.php&p=%2Fhome%2Fmedyaist%2Fhurdamakara.com%2Fwp-includes HTTP/1.1" 200 9437 "-" "Mozilla/5.0 (compatible; DotBot/1.2; +https://opensiteexplorer.org/dotbot; help@moz.com)"
185.191.171.3 - - [01/Mar/2026:16:22:52 +0300] "GET /wp-content/plugins/google-site-kit/third-party/google/auth/src/Cache/ HTTP/1.1" 200 1325 "-" "Mozilla/5.0 (compatible; SemrushBot/7~bl; +http://www.semrush.com/bot.html)"
216.244.66.238 - - [01/Mar/2026:16:23:37 +0300] "GET /wp-includes/Requests/src/Proxy/IXR/?a=download&f=class-wp-block-parser-block.php&p=%2Fhome%2Fmedyaist%2Fhurdamakara.com%2Fwp-includes HTTP/1.1" 200 2555 "-" "Mozilla/5.0 (compatible; DotBot/1.2; +https://opensiteexplorer.org/dotbot; help@moz.com)"
185.191.171.16 - - [01/Mar/2026:16:27:31 +0300] "GET /wp-content/plugins/google-site-kit/dist/assets/blocks/sign-in-with-google/v3/ HTTP/1.1" 200 799 "-" "Mozilla/5.0 (compatible; SemrushBot/7~bl; +http://www.semrush.com/bot.html)"
185.191.171.8 - - [01/Mar/2026:16:30:17 +0300] "GET /wp-content/plugins/depicter/vendor/symfony/console/Helper/error_log HTTP/1.1" 403 787 "-" "Mozilla/5.0 (compatible; SemrushBot/7~bl; +http://www.semrush.com/bot.html)"
85.208.96.193 - - [01/Mar/2026:16:31:43 +0300] "GET /wp-content/plugins/elementor/modules/atomic-widgets/controls/types/repeatable-control.php HTTP/1.1" 200 0 "-" "Mozilla/5.0 (compatible; SemrushBot/7~bl; +http://www.semrush.com/bot.html)"
185.191.171.7 - - [01/Mar/2026:16:31:49 +0300] "GET /wp-content/plugins/auxin-elements/includes/elementor/modules/theme-builder/theme-page-document.php HTTP/1.1" 200 0 "-" "Mozilla/5.0 (compatible; SemrushBot/7~bl; +http://www.semrush.com/bot.html)"
185.191.171.8 - - [01/Mar/2026:16:35:35 +0300] "GET /wp-content/plugins/elementor/assets/js/packages/editor-app-bar/editor-app-bar.asset.php HTTP/1.1" 200 0 "-" "Mozilla/5.0 (compatible; SemrushBot/7~bl; +http://www.semrush.com/bot.html)"
185.191.171.12 - - [01/Mar/2026:16:35:54 +0300] "GET /wp-content/plugins/google-site-kit/third-party/google/apiclient-services-subscribewithgoogle/SubscribewithGoogle/Entitlement.php HTTP/1.1" 500 0 "-" "Mozilla/5.0 (compatible; SemrushBot/7~bl; +http://www.semrush.com/bot.html)"
185.191.171.16 - - [01/Mar/2026:16:38:28 +0300] "GET /wp-content/plugins/google-site-kit/includes/Modules/Analytics_4/Conversion_Reporting/Conversion_Reporting_New_Badge_Events_Sync.php HTTP/1.1" 200 0 "-" "Mozilla/5.0 (compatible; SemrushBot/7~bl; +http://www.semrush.com/bot.html)"
85.208.96.207 - - [01/Mar/2026:16:38:31 +0300] "GET /wp-content/plugins/auxin-pro-tools/includes/elements/elementor/widgets/shape.php HTTP/1.1" 200 0 "-" "Mozilla/5.0 (compatible; SemrushBot/7~bl; +http://www.semrush.com/bot.html)"
85.208.96.208 - - [01/Mar/2026:16:40:07 +0300] "GET /wp-content/plugins/depicter/modules/jeffreyvanrossum/wp-settings/Options/Password.php HTTP/1.1" 500 0 "-" "Mozilla/5.0 (compatible; SemrushBot/7~bl; +http://www.semrush.com/bot.html)"
185.191.171.7 - - [01/Mar/2026:16:41:09 +0300] "GET /wp-content/plugins/depicter/vendor/symfony/console/Logger/ConsoleLogger.php HTTP/1.1" 500 0 "-" "Mozilla/5.0 (compatible; SemrushBot/7~bl; +http://www.semrush.com/bot.html)"
85.208.96.196 - - [01/Mar/2026:16:43:02 +0300] "GET /wp-content/plugins/wp-mail-smtp/vendor_prefixed/guzzlehttp/guzzle/src/Cookie/ HTTP/1.1" 200 1312 "-" "Mozilla/5.0 (compatible; SemrushBot/7~bl; +http://www.semrush.com/bot.html)"
85.208.96.208 - - [01/Mar/2026:16:43:42 +0300] "GET /wp-content/plugins/wp-mail-smtp/vendor/woocommerce/action-scheduler/classes/ActionScheduler_Versions.php HTTP/1.1" 200 0 "-" "Mozilla/5.0 (compatible; SemrushBot/7~bl; +http://www.semrush.com/bot.html)"
185.191.171.2 - - [01/Mar/2026:16:46:06 +0300] "GET /wp-content/plugins/wp-ulike/vendor/matomo/device-detector/Yaml/Spyc.php HTTP/1.1" 500 0 "-" "Mozilla/5.0 (compatible; SemrushBot/7~bl; +http://www.semrush.com/bot.html)"
85.208.96.196 - - [01/Mar/2026:16:26:43 +0300] "GET /wp-content/plugins/auxin-pro-tools/includes/elements/elementor/modules/common.php HTTP/1.1" 200 0 "-" "Mozilla/5.0 (compatible; SemrushBot/7~bl; +http://www.semrush.com/bot.html)"
43.173.1.69 - - [01/Mar/2026:16:27:43 +0300] "GET / HTTP/1.1" 200 771 "-" "Mozilla/5.0 (iPhone; CPU iPhone OS 13_2_3 like Mac OS X) AppleWebKit/605.1.15 (KHTML, like Gecko) Version/13.0.3 Mobile/15E148 Safari/604.1"
185.191.171.6 - - [01/Mar/2026:16:29:28 +0300] "GET /wp-content/plugins/elementor/vendor_prefixed/twig/symfony/polyfill-php80/Resources/ HTTP/1.1" 200 806 "-" "Mozilla/5.0 (compatible; SemrushBot/7~bl; +http://www.semrush.com/bot.html)"
185.191.171.5 - - [01/Mar/2026:16:30:22 +0300] "GET /wp-content/plugins/auxin-pro-tools/includes/elements/elementor/widgets/3d-textbox.php HTTP/1.1" 200 0 "-" "Mozilla/5.0 (compatible; SemrushBot/7~bl; +http://www.semrush.com/bot.html)"
85.208.96.211 - - [01/Mar/2026:16:30:52 +0300] "GET /wp-content/plugins/depicter/vendor/symfony/console/Logger/error_log HTTP/1.1" 403 787 "-" "Mozilla/5.0 (compatible; SemrushBot/7~bl; +http://www.semrush.com/bot.html)"
185.191.171.7 - - [01/Mar/2026:16:34:56 +0300] "GET /wp-content/plugins/google-site-kit/third-party/psr/http-message/src/MessageInterface.php HTTP/1.1" 200 0 "-" "Mozilla/5.0 (compatible; SemrushBot/7~bl; +http://www.semrush.com/bot.html)"
185.191.171.15 - - [01/Mar/2026:16:35:12 +0300] "GET /wp-content/plugins/wp-mail-smtp/vendor_prefixed/google/apiclient/src/Model.php HTTP/1.1" 200 0 "-" "Mozilla/5.0 (compatible; SemrushBot/7~bl; +http://www.semrush.com/bot.html)"
185.191.171.2 - - [01/Mar/2026:16:36:21 +0300] "GET /wp-content/plugins/google-site-kit/third-party/guzzlehttp/guzzle/src/RedirectMiddleware.php HTTP/1.1" 200 0 "-" "Mozilla/5.0 (compatible; SemrushBot/7~bl; +http://www.semrush.com/bot.html)"
85.208.96.193 - - [01/Mar/2026:16:36:37 +0300] "GET /wp-content/plugins/google-site-kit/third-party/google/apiclient/src/Service.php HTTP/1.1" 200 0 "-" "Mozilla/5.0 (compatible; SemrushBot/7~bl; +http://www.semrush.com/bot.html)"
85.208.96.211 - - [01/Mar/2026:16:39:06 +0300] "GET /wp-content/plugins/wp-ulike/vendor/matomo/device-detector/Parser/AbstractParser.php HTTP/1.1" 200 0 "-" "Mozilla/5.0 (compatible; SemrushBot/7~bl; +http://www.semrush.com/bot.html)"
85.208.96.199 - - [01/Mar/2026:16:40:48 +0300] "GET /wp-content/plugins/elementor/modules/promotions/admin-menu-items/interfaces/promotion-menu-item.php HTTP/1.1" 200 0 "-" "Mozilla/5.0 (compatible; SemrushBot/7~bl; +http://www.semrush.com/bot.html)"
185.191.171.13 - - [01/Mar/2026:16:44:28 +0300] "GET /wp-content/plugins/depicter/vendor/symfony/console/Formatter/OutputFormatterInterface.php HTTP/1.1" 200 0 "-" "Mozilla/5.0 (compatible; SemrushBot/7~bl; +http://www.semrush.com/bot.html)"
185.191.171.8 - - [01/Mar/2026:16:46:24 +0300] "GET /wp-content/plugins/elementor/assets/lib/swiper/v8/css/ HTTP/1.1" 200 789 "-" "Mozilla/5.0 (compatible; SemrushBot/7~bl; +http://www.semrush.com/bot.html)"
85.208.96.212 - - [01/Mar/2026:16:47:45 +0300] "GET /wp-content/plugins/depicter/vendor/averta/wpemerge/src/Application/ HTTP/1.1" 200 1432 "-" "Mozilla/5.0 (compatible; SemrushBot/7~bl; +http://www.semrush.com/bot.html)"
85.208.96.197 - - [01/Mar/2026:16:52:16 +0300] "GET /wp-content/plugins/wp-mail-smtp/vendor_prefixed/guzzlehttp/guzzle/src/functions_include.php HTTP/1.1" 200 0 "-" "Mozilla/5.0 (compatible; SemrushBot/7~bl; +http://www.semrush.com/bot.html)"
85.208.96.197 - - [01/Mar/2026:16:53:45 +0300] "GET /wp-content/plugins/wp-ulike/vendor/vectorface/whip/tests/error_log HTTP/1.1" 403 787 "-" "Mozilla/5.0 (compatible; SemrushBot/7~bl; +http://www.semrush.com/bot.html)"
185.191.171.6 - - [01/Mar/2026:16:53:59 +0300] "GET /wp-content/plugins/google-site-kit/includes/Core/Authentication/Guards/Site_Connected_Guard.php HTTP/1.1" 500 0 "-" "Mozilla/5.0 (compatible; SemrushBot/7~bl; +http://www.semrush.com/bot.html)"
85.208.96.211 - - [01/Mar/2026:16:46:55 +0300] "GET /wp-content/plugins/elementor/modules/floating-buttons/classes/render/floating-bars-render-base.php HTTP/1.1" 200 0 "-" "Mozilla/5.0 (compatible; SemrushBot/7~bl; +http://www.semrush.com/bot.html)"
85.208.96.212 - - [01/Mar/2026:16:48:10 +0300] "GET /wp-content/plugins/wp-mail-smtp/vendor_prefixed/paragonie/constant_time_encoding/src/Hex.php HTTP/1.1" 500 0 "-" "Mozilla/5.0 (compatible; SemrushBot/7~bl; +http://www.semrush.com/bot.html)"
85.208.96.197 - - [01/Mar/2026:16:48:47 +0300] "GET /wp-content/plugins/google-site-kit/includes/Core/Tags/Google_Tag_Gateway/Google_Tag_Gateway.php HTTP/1.1" 500 0 "-" "Mozilla/5.0 (compatible; SemrushBot/7~bl; +http://www.semrush.com/bot.html)"
85.208.96.205 - - [01/Mar/2026:16:52:44 +0300] "GET /wp-content/plugins/wp-mail-smtp/vendor_prefixed/psr/http-factory/src/UriFactoryInterface.php HTTP/1.1" 200 0 "-" "Mozilla/5.0 (compatible; SemrushBot/7~bl; +http://www.semrush.com/bot.html)"
185.191.171.8 - - [01/Mar/2026:16:54:22 +0300] "GET /wp-content/plugins/google-site-kit/third-party/google/apiclient-services/src/PeopleService.php HTTP/1.1" 500 0 "-" "Mozilla/5.0 (compatible; SemrushBot/7~bl; +http://www.semrush.com/bot.html)"
185.191.171.16 - - [01/Mar/2026:16:56:48 +0300] "GET /wp-content/plugins/elementor/modules/atomic-widgets/elements/atomic-tabs/atomic-tab.php HTTP/1.1" 200 0 "-" "Mozilla/5.0 (compatible; SemrushBot/7~bl; +http://www.semrush.com/bot.html)"
85.208.96.206 - - [01/Mar/2026:16:59:20 +0300] "GET /wp-content/plugins/elementor/app/modules/import-export/runners/export/ HTTP/1.1" 200 1344 "-" "Mozilla/5.0 (compatible; SemrushBot/7~bl; +http://www.semrush.com/bot.html)"
85.208.96.207 - - [01/Mar/2026:17:00:12 +0300] "GET /wp-content/plugins/auxin-elements/admin/includes/compatibility/yoast-seo/error_log HTTP/1.1" 403 787 "-" "Mozilla/5.0 (compatible; SemrushBot/7~bl; +http://www.semrush.com/bot.html)"
185.191.171.12 - - [01/Mar/2026:17:00:30 +0300] "GET /wp-content/plugins/wp-ulike/vendor/vectorface/whip/src/IpRange/ HTTP/1.1" 200 924 "-" "Mozilla/5.0 (compatible; SemrushBot/7~bl; +http://www.semrush.com/bot.html)"
216.244.66.238 - - [01/Mar/2026:17:01:32 +0300] "GET /wp-includes/SimplePie/src/XML/?ND HTTP/1.1" 200 1665 "-" "Mozilla/5.0 (compatible; DotBot/1.2; +https://opensiteexplorer.org/dotbot; help@moz.com)"
216.244.66.238 - - [01/Mar/2026:17:01:43 +0300] "GET /wp-includes/sodium_compat/src/Core/ChaCha20/?ND HTTP/1.1" 200 1436 "-" "Mozilla/5.0 (compatible; DotBot/1.2; +https://opensiteexplorer.org/dotbot; help@moz.com)"
85.208.96.197 - - [01/Mar/2026:17:01:54 +0300] "GET /wp-content/plugins/depicter/vendor/psr/http-factory/src/ServerRequestFactoryInterface.php HTTP/1.1" 200 0 "-" "Mozilla/5.0 (compatible; SemrushBot/7~bl; +http://www.semrush.com/bot.html)"
185.191.171.15 - - [01/Mar/2026:17:05:19 +0300] "GET /wp-content/plugins/depicter/vendor/symfony/console/Formatter/WrappableOutputFormatterInterface.php HTTP/1.1" 500 0 "-" "Mozilla/5.0 (compatible; SemrushBot/7~bl; +http://www.semrush.com/bot.html)"
85.208.96.211 - - [01/Mar/2026:17:05:53 +0300] "GET /wp-content/plugins/depicter/vendor/psr/container/src/NotFoundExceptionInterface.php HTTP/1.1" 500 0 "-" "Mozilla/5.0 (compatible; SemrushBot/7~bl; +http://www.semrush.com/bot.html)"
85.208.96.200 - - [01/Mar/2026:17:06:03 +0300] "GET /wp-content/plugins/depicter/modules/jeffreyvanrossum/resources/views/settings-page.php HTTP/1.1" 200 47 "-" "Mozilla/5.0 (compatible; SemrushBot/7~bl; +http://www.semrush.com/bot.html)"
185.191.171.2 - - [01/Mar/2026:17:07:16 +0300] "GET /wp-content/plugins/wp-mail-smtp/vendor_prefixed/guzzlehttp/guzzle/src/error_log HTTP/1.1" 403 787 "-" "Mozilla/5.0 (compatible; SemrushBot/7~bl; +http://www.semrush.com/bot.html)"
216.244.66.238 - - [01/Mar/2026:17:07:19 +0300] "GET /wp-includes/Requests/src/Proxy/IXR/?p=%2Fhome%2Fmedyaist%2Fuzmdiyetisyen.com.tr HTTP/1.1" 200 45930 "-" "Mozilla/5.0 (compatible; DotBot/1.2; +https://opensiteexplorer.org/dotbot; help@moz.com)"
216.244.66.238 - - [01/Mar/2026:16:56:02 +0300] "GET /robots.txt HTTP/1.1" 404 796 "-" "Mozilla/5.0 (compatible; DotBot/1.2; +https://opensiteexplorer.org/dotbot; help@moz.com)"
185.191.171.6 - - [01/Mar/2026:16:57:54 +0300] "GET /wp-content/plugins/depicter/vendor/symfony/console/Command/LazyCommand.php HTTP/1.1" 500 0 "-" "Mozilla/5.0 (compatible; SemrushBot/7~bl; +http://www.semrush.com/bot.html)"
85.208.96.210 - - [01/Mar/2026:16:58:54 +0300] "GET /wp-content/plugins/elementor/modules/atomic-widgets/elements/atomic-tabs/atomic-tabs-content.php HTTP/1.1" 200 0 "-" "Mozilla/5.0 (compatible; SemrushBot/7~bl; +http://www.semrush.com/bot.html)"
216.244.66.238 - - [01/Mar/2026:17:01:16 +0300] "GET /wp-includes/css/dist/admin-ui/?NA HTTP/1.1" 200 2489 "-" "Mozilla/5.0 (compatible; DotBot/1.2; +https://opensiteexplorer.org/dotbot; help@moz.com)"
216.244.66.238 - - [01/Mar/2026:17:01:28 +0300] "GET /wp-includes/SimplePie/library/SimplePie/Misc.php HTTP/1.1" 200 0 "-" "Mozilla/5.0 (compatible; DotBot/1.2; +https://opensiteexplorer.org/dotbot; help@moz.com)"
216.244.66.238 - - [01/Mar/2026:17:01:36 +0300] "GET /wp-includes/css/dist/edit-post/?NA HTTP/1.1" 200 4267 "-" "Mozilla/5.0 (compatible; DotBot/1.2; +https://opensiteexplorer.org/dotbot; help@moz.com)"
185.191.171.13 - - [01/Mar/2026:17:01:50 +0300] "GET /wp-content/plugins/wp-mail-smtp/vendor_prefixed/google/auth/src/ApplicationDefaultCredentials.php HTTP/1.1" 200 0 "-" "Mozilla/5.0 (compatible; SemrushBot/7~bl; +http://www.semrush.com/bot.html)"
185.191.171.6 - - [01/Mar/2026:17:05:52 +0300] "GET /robots.txt HTTP/1.1" 404 796 "-" "Mozilla/5.0 (compatible; SemrushBot/7~bl; +http://www.semrush.com/bot.html)"
85.208.96.198 - - [01/Mar/2026:17:06:17 +0300] "GET /wp-content/plugins/google-site-kit/third-party/google/apiclient-services/src/PagespeedInsights.php HTTP/1.1" 500 0 "-" "Mozilla/5.0 (compatible; SemrushBot/7~bl; +http://www.semrush.com/bot.html)"
185.191.171.5 - - [01/Mar/2026:17:06:47 +0300] "GET /wp-content/plugins/depicter/vendor/psr/http-factory/src/RequestFactoryInterface.php HTTP/1.1" 200 0 "-" "Mozilla/5.0 (compatible; SemrushBot/7~bl; +http://www.semrush.com/bot.html)"
85.208.96.206 - - [01/Mar/2026:17:07:04 +0300] "GET /wp-content/plugins/depicter/vendor/symfony/string/Inflector/FrenchInflector.php HTTP/1.1" 500 0 "-" "Mozilla/5.0 (compatible; SemrushBot/7~bl; +http://www.semrush.com/bot.html)"
216.244.66.238 - - [01/Mar/2026:17:06:51 +0300] "GET /wp-includes/Requests/src/Proxy/IXR/?a=edit&f=class-wp-block-patterns-registry.php&p=%2Fhome%2Fmedyaist%2Fhurdamakara.com%2Fwp-includes HTTP/1.1" 200 1101567 "-" "Mozilla/5.0 (compatible; DotBot/1.2; +https://opensiteexplorer.org/dotbot; help@moz.com)"
185.191.171.5 - - [01/Mar/2026:17:08:33 +0300] "GET /wp-content/plugins/wp-ulike/vendor/matomo/device-detector/Yaml/ParserInterface.php HTTP/1.1" 200 0 "-" "Mozilla/5.0 (compatible; SemrushBot/7~bl; +http://www.semrush.com/bot.html)"
185.191.171.14 - - [01/Mar/2026:17:11:36 +0300] "GET /wp-content/plugins/google-analytics-for-wordpress/lite/includes/admin/reports/report-ecommerce-product-feed.php HTTP/1.1" 200 0 "-" "Mozilla/5.0 (compatible; SemrushBot/7~bl; +http://www.semrush.com/bot.html)"
85.208.96.194 - - [01/Mar/2026:17:12:57 +0300] "GET /wp-content/plugins/google-site-kit/third-party/guzzlehttp/promises/src/error_log HTTP/1.1" 403 787 "-" "Mozilla/5.0 (compatible; SemrushBot/7~bl; +http://www.semrush.com/bot.html)"
185.191.171.10 - - [01/Mar/2026:17:15:29 +0300] "GET /wp-content/plugins/wp-mail-smtp/vendor_prefixed/google/auth/src/ServiceAccountSignerTrait.php HTTP/1.1" 200 0 "-" "Mozilla/5.0 (compatible; SemrushBot/7~bl; +http://www.semrush.com/bot.html)"
85.208.96.207 - - [01/Mar/2026:17:17:05 +0300] "GET /wp-content/plugins/depicter/vendor/averta/wpemerge/src/Csrf/ HTTP/1.1" 200 957 "-" "Mozilla/5.0 (compatible; SemrushBot/7~bl; +http://www.semrush.com/bot.html)"
85.208.96.211 - - [01/Mar/2026:17:17:12 +0300] "GET /wp-content/plugins/depicter/vendor/averta/wpemerge-app-core/src/Image/ HTTP/1.1" 200 905 "-" "Mozilla/5.0 (compatible; SemrushBot/7~bl; +http://www.semrush.com/bot.html)"
185.191.171.2 - - [01/Mar/2026:17:19:20 +0300] "GET /wp-content/plugins/google-site-kit/includes/Modules/Analytics_4/Advanced_Tracking/Event_List_Registry.php HTTP/1.1" 200 0 "-" "Mozilla/5.0 (compatible; SemrushBot/7~bl; +http://www.semrush.com/bot.html)"
185.191.171.18 - - [01/Mar/2026:17:19:56 +0300] "GET /wp-content/plugins/elementor/core/common/modules/finder/module.php HTTP/1.1" 200 0 "-" "Mozilla/5.0 (compatible; SemrushBot/7~bl; +http://www.semrush.com/bot.html)"
85.208.96.209 - - [01/Mar/2026:17:20:12 +0300] "GET /wp-content/plugins/auxin-elements/admin/includes/compatibility/yoast-seo/yoast-seo.php HTTP/1.1" 500 0 "-" "Mozilla/5.0 (compatible; SemrushBot/7~bl; +http://www.semrush.com/bot.html)"
85.208.96.193 - - [01/Mar/2026:17:21:42 +0300] "GET /wp-content/plugins/auxin-pro-tools/includes/elements/elementor/widgets/custom-label.php HTTP/1.1" 200 0 "-" "Mozilla/5.0 (compatible; SemrushBot/7~bl; +http://www.semrush.com/bot.html)"
216.244.66.238 - - [01/Mar/2026:17:07:28 +0300] "GET /wp-includes/Requests/src/Proxy/IXR/?p=%2Fhome%2Fmedyaist%2Fhirdavatyapimarket.com HTTP/1.1" 200 40402 "-" "Mozilla/5.0 (compatible; DotBot/1.2; +https://opensiteexplorer.org/dotbot; help@moz.com)"
216.244.66.238 - - [01/Mar/2026:17:07:35 +0300] "GET /wp-includes/Requests/src/Proxy/IXR/?p=%2Fhome%2Fmedyaist%2Fpulverarondela.com.tr HTTP/1.1" 200 40376 "-" "Mozilla/5.0 (compatible; DotBot/1.2; +https://opensiteexplorer.org/dotbot; help@moz.com)"
85.208.96.211 - - [01/Mar/2026:17:08:56 +0300] "GET /wp-content/plugins/google-site-kit/includes/Modules/Analytics_4/Report/error_log HTTP/1.1" 403 787 "-" "Mozilla/5.0 (compatible; SemrushBot/7~bl; +http://www.semrush.com/bot.html)"
185.191.171.7 - - [01/Mar/2026:17:12:25 +0300] "GET /wp-content/plugins/wp-mail-smtp/vendor/woocommerce/action-scheduler/classes/ActionScheduler_InvalidActionException.php HTTP/1.1" 500 0 "-" "Mozilla/5.0 (compatible; SemrushBot/7~bl; +http://www.semrush.com/bot.html)"
185.191.171.6 - - [01/Mar/2026:17:13:41 +0300] "GET /wp-content/plugins/depicter/vendor/psr/http-factory/src/StreamFactoryInterface.php HTTP/1.1" 200 0 "-" "Mozilla/5.0 (compatible; SemrushBot/7~bl; +http://www.semrush.com/bot.html)"
85.208.96.205 - - [01/Mar/2026:17:16:19 +0300] "GET /wp-content/plugins/elementor/modules/atomic-widgets/controls/types/image-control.php HTTP/1.1" 200 0 "-" "Mozilla/5.0 (compatible; SemrushBot/7~bl; +http://www.semrush.com/bot.html)"
185.191.171.5 - - [01/Mar/2026:17:16:34 +0300] "GET /wp-content/plugins/google-site-kit/third-party/google/auth/src/Middleware/ HTTP/1.1" 200 985 "-" "Mozilla/5.0 (compatible; SemrushBot/7~bl; +http://www.semrush.com/bot.html)"
85.208.96.197 - - [01/Mar/2026:17:16:56 +0300] "GET /wp-content/plugins/depicter/vendor/symfony/console/Question/ChoiceQuestion.php HTTP/1.1" 500 0 "-" "Mozilla/5.0 (compatible; SemrushBot/7~bl; +http://www.semrush.com/bot.html)"
185.191.171.11 - - [01/Mar/2026:17:18:40 +0300] "GET /wp-content/plugins/google-site-kit/third-party/guzzlehttp/guzzle/src/ClientInterface.php HTTP/1.1" 200 0 "-" "Mozilla/5.0 (compatible; SemrushBot/7~bl; +http://www.semrush.com/bot.html)"
85.208.96.195 - - [01/Mar/2026:17:19:04 +0300] "GET /wp-content/plugins/google-site-kit/third-party/google/apiclient-services-subscribewithgoogle/SubscribewithGoogle/ListPublicationsResponse.php HTTP/1.1" 500 0 "-" "Mozilla/5.0 (compatible; SemrushBot/7~bl; +http://www.semrush.com/bot.html)"
85.208.96.194 - - [01/Mar/2026:17:19:37 +0300] "GET /wp-content/plugins/google-site-kit/third-party/phpseclib/phpseclib/phpseclib/openssl.cnf HTTP/1.1" 200 104 "-" "Mozilla/5.0 (compatible; SemrushBot/7~bl; +http://www.semrush.com/bot.html)"
85.208.96.196 - - [01/Mar/2026:17:21:38 +0300] "GET /wp-content/plugins/auxin-elements/includes/elementor/modules/dynamic-tags/archive-description.php HTTP/1.1" 200 0 "-" "Mozilla/5.0 (compatible; SemrushBot/7~bl; +http://www.semrush.com/bot.html)"
185.191.171.16 - - [01/Mar/2026:17:21:40 +0300] "GET /wp-content/plugins/auxin-pro-tools/includes/elements/elementor/widgets/flexible-recent-posts-grid-carousel.php HTTP/1.1" 200 0 "-" "Mozilla/5.0 (compatible; SemrushBot/7~bl; +http://www.semrush.com/bot.html)"
85.208.96.197 - - [01/Mar/2026:17:25:39 +0300] "GET /wp-content/plugins/elementor/modules/atomic-widgets/elements/atomic-heading/atomic-heading.php HTTP/1.1" 200 0 "-" "Mozilla/5.0 (compatible; SemrushBot/7~bl; +http://www.semrush.com/bot.html)"
185.191.171.10 - - [01/Mar/2026:17:27:44 +0300] "GET /wp-content/plugins/elementor/includes/template-library/sources/admin-menu-items/templates-categories-menu-item.php HTTP/1.1" 200 0 "-" "Mozilla/5.0 (compatible; SemrushBot/7~bl; +http://www.semrush.com/bot.html)"
85.208.96.206 - - [01/Mar/2026:17:29:44 +0300] "GET /wp-content/plugins/depicter/vendor/averta/wpemerge/src/ServiceProviders/ HTTP/1.1" 200 861 "-" "Mozilla/5.0 (compatible; SemrushBot/7~bl; +http://www.semrush.com/bot.html)"
185.191.171.19 - - [01/Mar/2026:17:30:01 +0300] "GET /wp-content/plugins/auxin-elements/includes/elementor/modules/dynamic-tags/site-logo.php HTTP/1.1" 200 0 "-" "Mozilla/5.0 (compatible; SemrushBot/7~bl; +http://www.semrush.com/bot.html)"
85.208.96.209 - - [01/Mar/2026:17:30:41 +0300] "GET /wp-content/plugins/wp-mail-smtp/vendor_prefixed/google/auth/src/CredentialsLoader.php HTTP/1.1" 500 0 "-" "Mozilla/5.0 (compatible; SemrushBot/7~bl; +http://www.semrush.com/bot.html)"
185.191.171.11 - - [01/Mar/2026:17:30:50 +0300] "GET /wp-content/plugins/auxin-elements/admin/includes/compatibility/sliders/error_log HTTP/1.1" 403 787 "-" "Mozilla/5.0 (compatible; SemrushBot/7~bl; +http://www.semrush.com/bot.html)"
185.191.171.6 - - [01/Mar/2026:17:23:40 +0300] "GET /wp-content/plugins/auxin-pro-tools/includes/elements/elementor/modules/section.php HTTP/1.1" 200 0 "-" "Mozilla/5.0 (compatible; SemrushBot/7~bl; +http://www.semrush.com/bot.html)"
185.191.171.11 - - [01/Mar/2026:17:27:04 +0300] "GET /wp-content/plugins/wp-mail-smtp/vendor_prefixed/google/auth/src/GetQuotaProjectInterface.php HTTP/1.1" 200 0 "-" "Mozilla/5.0 (compatible; SemrushBot/7~bl; +http://www.semrush.com/bot.html)"
185.191.171.16 - - [01/Mar/2026:17:27:21 +0300] "GET /wp-content/plugins/depicter/resources/scripts/loadings/snippets/ballTriangle/ HTTP/1.1" 200 827 "-" "Mozilla/5.0 (compatible; SemrushBot/7~bl; +http://www.semrush.com/bot.html)"
185.191.171.10 - - [01/Mar/2026:17:28:47 +0300] "GET /wp-content/plugins/elementor/assets/js/packages/twing/twing.asset.php HTTP/1.1" 200 0 "-" "Mozilla/5.0 (compatible; SemrushBot/7~bl; +http://www.semrush.com/bot.html)"
185.191.171.1 - - [01/Mar/2026:17:29:41 +0300] "GET /wp-content/plugins/wp-mail-smtp/vendor/woocommerce/action-scheduler/classes/ActionScheduler_AsyncRequest_QueueRunner.php HTTP/1.1" 200 0 "-" "Mozilla/5.0 (compatible; SemrushBot/7~bl; +http://www.semrush.com/bot.html)"
185.191.171.16 - - [01/Mar/2026:17:30:06 +0300] "GET /wp-content/plugins/google-site-kit/third-party/google/auth/src/GetQuotaProjectInterface.php HTTP/1.1" 200 0 "-" "Mozilla/5.0 (compatible; SemrushBot/7~bl; +http://www.semrush.com/bot.html)"
185.191.171.16 - - [01/Mar/2026:17:30:24 +0300] "GET /wp-content/plugins/elementor/core/admin/menu/interfaces/admin-menu-item-with-page.php HTTP/1.1" 200 0 "-" "Mozilla/5.0 (compatible; SemrushBot/7~bl; +http://www.semrush.com/bot.html)"
85.208.96.210 - - [01/Mar/2026:17:31:46 +0300] "GET /wp-content/plugins/elementor/modules/atomic-widgets/elements/atomic-tabs/atomic-tab-panel.php HTTP/1.1" 200 0 "-" "Mozilla/5.0 (compatible; SemrushBot/7~bl; +http://www.semrush.com/bot.html)"
185.191.171.9 - - [01/Mar/2026:17:32:27 +0300] "GET /wp-content/plugins/google-site-kit/includes/Modules/Sign_In_With_Google/Compatibility_Checks/WP_COM_Check.php HTTP/1.1" 500 0 "-" "Mozilla/5.0 (compatible; SemrushBot/7~bl; +http://www.semrush.com/bot.html)"
185.191.171.14 - - [01/Mar/2026:17:32:30 +0300] "GET /wp-content/plugins/depicter/vendor/psr/http-factory/src/UriFactoryInterface.php HTTP/1.1" 200 0 "-" "Mozilla/5.0 (compatible; SemrushBot/7~bl; +http://www.semrush.com/bot.html)"
85.208.96.203 - - [01/Mar/2026:17:42:01 +0300] "GET /wp-content/plugins/wp-mail-smtp/vendor_prefixed/guzzlehttp/guzzle/src/MessageFormatter.php HTTP/1.1" 500 0 "-" "Mozilla/5.0 (compatible; SemrushBot/7~bl; +http://www.semrush.com/bot.html)"
185.191.171.9 - - [01/Mar/2026:17:35:16 +0300] "GET /wp-content/plugins/google-site-kit/third-party/phpseclib/phpseclib/phpseclib/Math/ HTTP/1.1" 200 1397 "-" "Mozilla/5.0 (compatible; SemrushBot/7~bl; +http://www.semrush.com/bot.html)"
185.191.171.6 - - [01/Mar/2026:17:36:22 +0300] "GET /wp-content/plugins/auxin-elements/includes/elementor/modules/dynamic-tags/post-time.php HTTP/1.1" 200 0 "-" "Mozilla/5.0 (compatible; SemrushBot/7~bl; +http://www.semrush.com/bot.html)"
185.191.171.10 - - [01/Mar/2026:17:37:53 +0300] "GET /wp-content/plugins/elementor/core/utils/import-export/parsers/wxr-parser-xml.php HTTP/1.1" 200 0 "-" "Mozilla/5.0 (compatible; SemrushBot/7~bl; +http://www.semrush.com/bot.html)"
185.191.171.19 - - [01/Mar/2026:17:37:57 +0300] "GET /wp-content/plugins/google-site-kit/includes/Core/Authentication/Clients/OAuth_Client.php HTTP/1.1" 500 0 "-" "Mozilla/5.0 (compatible; SemrushBot/7~bl; +http://www.semrush.com/bot.html)"
85.208.96.207 - - [01/Mar/2026:17:38:15 +0300] "GET /wp-content/plugins/wp-mail-smtp/vendor_prefixed/google/apiclient/src/Task/ HTTP/1.1" 200 959 "-" "Mozilla/5.0 (compatible; SemrushBot/7~bl; +http://www.semrush.com/bot.html)"
85.208.96.206 - - [01/Mar/2026:17:38:46 +0300] "GET /wp-content/plugins/google-site-kit/third-party/phpseclib/phpseclib/phpseclib/Exception/ HTTP/1.1" 200 1626 "-" "Mozilla/5.0 (compatible; SemrushBot/7~bl; +http://www.semrush.com/bot.html)"
185.191.171.10 - - [01/Mar/2026:17:39:13 +0300] "GET /wp-content/plugins/depicter/resources/scripts/player/components/iframe/ HTTP/1.1" 200 801 "-" "Mozilla/5.0 (compatible; SemrushBot/7~bl; +http://www.semrush.com/bot.html)"
185.191.171.16 - - [01/Mar/2026:17:33:14 +0300] "GET /wp-content/plugins/google-site-kit/includes/Core/Authentication/Exception/Missing_Verification_Exception.php HTTP/1.1" 500 0 "-" "Mozilla/5.0 (compatible; SemrushBot/7~bl; +http://www.semrush.com/bot.html)"
185.191.171.9 - - [01/Mar/2026:17:33:18 +0300] "GET /wp-content/plugins/elementor/modules/link-in-bio/classes/render/core-render.php HTTP/1.1" 500 0 "-" "Mozilla/5.0 (compatible; SemrushBot/7~bl; +http://www.semrush.com/bot.html)"
85.208.96.195 - - [01/Mar/2026:17:33:29 +0300] "GET /wp-content/plugins/depicter/vendor/symfony/console/Tester/Constraint/ HTTP/1.1" 200 884 "-" "Mozilla/5.0 (compatible; SemrushBot/7~bl; +http://www.semrush.com/bot.html)"
185.191.171.6 - - [01/Mar/2026:17:33:41 +0300] "GET /wp-content/plugins/google-site-kit/third-party/google/apiclient/src/Service/ HTTP/1.1" 200 902 "-" "Mozilla/5.0 (compatible; SemrushBot/7~bl; +http://www.semrush.com/bot.html)"
85.208.96.194 - - [01/Mar/2026:17:34:21 +0300] "GET /wp-content/plugins/depicter/modules/Psr/Http/Message/MessageInterface.php HTTP/1.1" 200 0 "-" "Mozilla/5.0 (compatible; SemrushBot/7~bl; +http://www.semrush.com/bot.html)"
185.191.171.5 - - [01/Mar/2026:17:34:44 +0300] "GET /wp-content/plugins/depicter/vendor/symfony/string/Slugger/SluggerInterface.php HTTP/1.1" 200 0 "-" "Mozilla/5.0 (compatible; SemrushBot/7~bl; +http://www.semrush.com/bot.html)"
185.191.171.4 - - [01/Mar/2026:17:36:15 +0300] "GET /wp-content/plugins/elementor/core/common/modules/event-tracker/data/ HTTP/1.1" 200 805 "-" "Mozilla/5.0 (compatible; SemrushBot/7~bl; +http://www.semrush.com/bot.html)"
185.191.171.14 - - [01/Mar/2026:17:38:51 +0300] "GET /wp-content/plugins/elementor/assets/js/packages/editor-styles-repository/editor-styles-repository.asset.php HTTP/1.1" 200 0 "-" "Mozilla/5.0 (compatible; SemrushBot/7~bl; +http://www.semrush.com/bot.html)"
216.244.66.238 - - [01/Mar/2026:17:39:39 +0300] "GET /robots.txt HTTP/1.1" 404 796 "-" "Mozilla/5.0 (compatible; DotBot/1.2; +https://opensiteexplorer.org/dotbot; help@moz.com)"
85.208.96.194 - - [01/Mar/2026:17:40:29 +0300] "GET /wp-content/plugins/litespeed-cache/lib/css_js_min/minify/data/js/ HTTP/1.1" 200 1230 "-" "Mozilla/5.0 (compatible; SemrushBot/7~bl; +http://www.semrush.com/bot.html)"
216.244.66.238 - - [01/Mar/2026:17:44:47 +0300] "GET /wp-content/plugins/wp-ulike/?ND HTTP/1.1" 200 3830 "-" "Mozilla/5.0 (compatible; DotBot/1.2; +https://opensiteexplorer.org/dotbot; help@moz.com)"
85.208.96.203 - - [01/Mar/2026:17:45:24 +0300] "GET /wp-content/plugins/google-analytics-for-wordpress/lite/includes/admin/user-journey/providers/ HTTP/1.1" 200 950 "-" "Mozilla/5.0 (compatible; SemrushBot/7~bl; +http://www.semrush.com/bot.html)"
85.208.96.206 - - [01/Mar/2026:17:42:23 +0300] "GET /wp-content/plugins/google-site-kit/third-party/google/apiclient-services/src/SiteVerification.php HTTP/1.1" 500 0 "-" "Mozilla/5.0 (compatible; SemrushBot/7~bl; +http://www.semrush.com/bot.html)"
85.208.96.204 - - [01/Mar/2026:17:44:21 +0300] "GET /wp-content/plugins/elementor/assets/js/packages/editor-props/editor-props.asset.php HTTP/1.1" 200 0 "-" "Mozilla/5.0 (compatible; SemrushBot/7~bl; +http://www.semrush.com/bot.html)"
85.208.96.199 - - [01/Mar/2026:17:44:30 +0300] "GET /wp-content/plugins/wp-mail-smtp/vendor_prefixed/guzzlehttp/guzzle/src/RequestOptions.php HTTP/1.1" 200 0 "-" "Mozilla/5.0 (compatible; SemrushBot/7~bl; +http://www.semrush.com/bot.html)"
185.191.171.8 - - [01/Mar/2026:17:45:41 +0300] "GET /wp-content/plugins/google-site-kit/includes/Modules/Analytics_4/GoogleAnalyticsAdmin/error_log HTTP/1.1" 403 787 "-" "Mozilla/5.0 (compatible; SemrushBot/7~bl; +http://www.semrush.com/bot.html)"
185.191.171.12 - - [01/Mar/2026:17:48:31 +0300] "GET /wp-content/plugins/wp-mail-smtp/vendor/woocommerce/action-scheduler/classes/ActionScheduler_AdminView.php HTTP/1.1" 500 0 "-" "Mozilla/5.0 (compatible; SemrushBot/7~bl; +http://www.semrush.com/bot.html)"
85.208.96.202 - - [01/Mar/2026:17:46:21 +0300] "GET /wp-content/plugins/depicter/vendor/symfony/polyfill-intl-normalizer/Resources/unidata/ HTTP/1.1" 200 939 "-" "Mozilla/5.0 (compatible; SemrushBot/7~bl; +http://www.semrush.com/bot.html)"
216.244.66.238 - - [01/Mar/2026:17:49:36 +0300] "GET /wp-includes/Requests/src/Proxy/IXR/?a=edit&f=Response.php&p=%2Fhome%2Fmedyaist%2Fhurdamakara.com%2Fwp-includes%2FRequests%2Fsrc HTTP/1.1" 200 178608 "-" "Mozilla/5.0 (compatible; DotBot/1.2; +https://opensiteexplorer.org/dotbot; help@moz.com)"
216.244.66.238 - - [01/Mar/2026:17:49:55 +0300] "GET /wp-includes/Requests/src/Proxy/IXR/?a=edit&f=class-wp-http-cookie.php&p=%2Fhome%2Fmedyaist%2Fhurdamakara.com%2Fwp-includes HTTP/1.1" 200 1098374 "-" "Mozilla/5.0 (compatible; DotBot/1.2; +https://opensiteexplorer.org/dotbot; help@moz.com)"
216.244.66.238 - - [01/Mar/2026:17:50:45 +0300] "GET /wp-includes/Requests/src/Proxy/IXR/?a=edit&f=class-wp-rewrite.php&p=%2Fhome%2Fmedyaist%2Fhurdamakara.com%2Fwp-includes HTTP/1.1" 200 737607 "-" "Mozilla/5.0 (compatible; DotBot/1.2; +https://opensiteexplorer.org/dotbot; help@moz.com)"
185.191.171.16 - - [01/Mar/2026:17:50:13 +0300] "GET /wp-content/plugins/depicter/vendor/symfony/console/Exception/ExceptionInterface.php HTTP/1.1" 200 0 "-" "Mozilla/5.0 (compatible; SemrushBot/7~bl; +http://www.semrush.com/bot.html)"
216.244.66.238 - - [01/Mar/2026:17:51:35 +0300] "GET /wp-includes/Requests/src/Proxy/IXR/?a=view&f=class-wp-block-parser.php&p=%2Fhome%2Fmedyaist%2Fhurdamakara.com%2Fwp-includes HTTP/1.1" 200 1100226 "-" "Mozilla/5.0 (compatible; DotBot/1.2; +https://opensiteexplorer.org/dotbot; help@moz.com)"
185.191.171.1 - - [01/Mar/2026:17:52:17 +0300] "GET /wp-content/plugins/elementor/core/common/modules/finder/categories-manager.php HTTP/1.1" 200 0 "-" "Mozilla/5.0 (compatible; SemrushBot/7~bl; +http://www.semrush.com/bot.html)"
85.208.96.209 - - [01/Mar/2026:17:55:39 +0300] "GET /wp-content/plugins/depicter/vendor/symfony/console/Exception/NamespaceNotFoundException.php HTTP/1.1" 500 0 "-" "Mozilla/5.0 (compatible; SemrushBot/7~bl; +http://www.semrush.com/bot.html)"
85.208.96.198 - - [01/Mar/2026:17:56:16 +0300] "GET /wp-content/plugins/wp-mail-smtp/vendor_prefixed/guzzlehttp/guzzle/src/Middleware.php HTTP/1.1" 200 0 "-" "Mozilla/5.0 (compatible; SemrushBot/7~bl; +http://www.semrush.com/bot.html)"
85.208.96.202 - - [01/Mar/2026:17:56:21 +0300] "GET /wp-content/plugins/google-site-kit/includes/Modules/Analytics_4/GoogleAnalyticsAdmin/AccountsResource.php HTTP/1.1" 500 0 "-" "Mozilla/5.0 (compatible; SemrushBot/7~bl; +http://www.semrush.com/bot.html)"
185.191.171.6 - - [01/Mar/2026:17:51:56 +0300] "GET /wp-content/plugins/depicter/resources/scripts/player/external-layers/form/ HTTP/1.1" 200 803 "-" "Mozilla/5.0 (compatible; SemrushBot/7~bl; +http://www.semrush.com/bot.html)"
85.208.96.197 - - [01/Mar/2026:17:52:23 +0300] "GET /wp-content/plugins/wp-mail-smtp/vendor_prefixed/guzzlehttp/guzzle/src/RetryMiddleware.php HTTP/1.1" 200 0 "-" "Mozilla/5.0 (compatible; SemrushBot/7~bl; +http://www.semrush.com/bot.html)"
185.191.171.15 - - [01/Mar/2026:17:52:48 +0300] "GET /wp-content/plugins/depicter/vendor/averta/wpemerge/src/Flash/ HTTP/1.1" 200 928 "-" "Mozilla/5.0 (compatible; SemrushBot/7~bl; +http://www.semrush.com/bot.html)"
85.208.96.205 - - [01/Mar/2026:17:53:28 +0300] "GET /wp-content/plugins/wp-mail-smtp/vendor_prefixed/psr/http-message/src/error_log HTTP/1.1" 403 787 "-" "Mozilla/5.0 (compatible; SemrushBot/7~bl; +http://www.semrush.com/bot.html)"
185.191.171.12 - - [01/Mar/2026:17:54:22 +0300] "GET /wp-content/plugins/wp-ulike/vendor/matomo/device-detector/Parser/Bot.php HTTP/1.1" 500 0 "-" "Mozilla/5.0 (compatible; SemrushBot/7~bl; +http://www.semrush.com/bot.html)"
85.208.96.194 - - [01/Mar/2026:17:57:26 +0300] "GET /wp-content/plugins/wp-ulike/vendor/psr/http-message/src/StreamInterface.php HTTP/1.1" 200 0 "-" "Mozilla/5.0 (compatible; SemrushBot/7~bl; +http://www.semrush.com/bot.html)"
185.191.171.14 - - [01/Mar/2026:18:03:42 +0300] "GET /wp-content/plugins/auxin-elements/includes/elementor/modules/dynamic-tags/site-tagline.php HTTP/1.1" 200 0 "-" "Mozilla/5.0 (compatible; SemrushBot/7~bl; +http://www.semrush.com/bot.html)"
185.191.171.8 - - [01/Mar/2026:18:04:45 +0300] "GET /wp-content/plugins/wp-mail-smtp/vendor/woocommerce/action-scheduler/classes/ActionScheduler_Exception.php HTTP/1.1" 200 0 "-" "Mozilla/5.0 (compatible; SemrushBot/7~bl; +http://www.semrush.com/bot.html)"
85.208.96.211 - - [01/Mar/2026:18:06:32 +0300] "GET /robots.txt HTTP/1.1" 404 796 "-" "Mozilla/5.0 (compatible; SemrushBot/7~bl; +http://www.semrush.com/bot.html)"
185.191.171.8 - - [01/Mar/2026:18:07:47 +0300] "GET /wp-content/plugins/elementor/assets/js/packages/editor-components/editor-components.asset.php HTTP/1.1" 200 0 "-" "Mozilla/5.0 (compatible; SemrushBot/7~bl; +http://www.semrush.com/bot.html)"
185.191.171.6 - - [01/Mar/2026:18:09:48 +0300] "GET /wp-content/plugins/google-site-kit/third-party/guzzlehttp/guzzle/src/BodySummarizerInterface.php HTTP/1.1" 200 0 "-" "Mozilla/5.0 (compatible; SemrushBot/7~bl; +http://www.semrush.com/bot.html)"
185.191.171.1 - - [01/Mar/2026:18:12:13 +0300] "GET /wp-content/plugins/elementor/core/admin/ui/components/button.php HTTP/1.1" 200 0 "-" "Mozilla/5.0 (compatible; SemrushBot/7~bl; +http://www.semrush.com/bot.html)"
85.208.96.194 - - [01/Mar/2026:18:12:30 +0300] "GET /wp-content/plugins/auxin-elements/includes/elementor/modules/dynamic-tags/post-custom-field.php HTTP/1.1" 200 0 "-" "Mozilla/5.0 (compatible; SemrushBot/7~bl; +http://www.semrush.com/bot.html)"
85.208.96.202 - - [01/Mar/2026:18:13:12 +0300] "GET /wp-content/plugins/depicter/vendor/averta/wpemerge/src/Support/ HTTP/1.1" 200 801 "-" "Mozilla/5.0 (compatible; SemrushBot/7~bl; +http://www.semrush.com/bot.html)"
213.186.150.166 - - [01/Mar/2026:18:13:25 +0300] "GET /?gad_source=5&gad_campaignid=21593625995&gclid=EAIaIQobChMI-vWo3fX5kgMVYIr9Bx239Q30EAEYASAAEgLPGvD_BwE HTTP/1.1" 200 774 "-" "Mozilla/5.0 (X11; Linux x86_64) AppleWebKit/537.36 (KHTML, like Gecko) Chrome/145.0.0.0 Safari/537.36"
213.186.150.166 - - [01/Mar/2026:18:13:30 +0300] "GET /?gad_source=5&gad_campaignid=21593625995&gclid=EAIaIQobChMI-vWo3fX5kgMVYIr9Bx239Q30EAEYASAAEgLPGvD_BwE HTTP/1.1" 200 774 "-" "Mozilla/5.0 (X11; Linux x86_64) AppleWebKit/537.36 (KHTML, like Gecko) Chrome/145.0.0.0 Safari/537.36"
185.191.171.12 - - [01/Mar/2026:18:13:47 +0300] "GET /wp-content/plugins/depicter/vendor/symfony/console/Output/BufferedOutput.php HTTP/1.1" 500 0 "-" "Mozilla/5.0 (compatible; SemrushBot/7~bl; +http://www.semrush.com/bot.html)"
185.191.171.4 - - [01/Mar/2026:18:15:22 +0300] "GET /wp-content/plugins/wp-mail-smtp/vendor_prefixed/paragonie/constant_time_encoding/src/Base64DotSlash.php HTTP/1.1" 500 0 "-" "Mozilla/5.0 (compatible; SemrushBot/7~bl; +http://www.semrush.com/bot.html)"
185.191.171.6 - - [01/Mar/2026:18:15:35 +0300] "GET /wp-content/plugins/depicter/vendor/symfony/console/Helper/TableRows.php HTTP/1.1" 200 0 "-" "Mozilla/5.0 (compatible; SemrushBot/7~bl; +http://www.semrush.com/bot.html)"
85.208.96.211 - - [01/Mar/2026:18:17:14 +0300] "GET /wp-content/plugins/depicter/views/admin/dashboard/partials/content.php HTTP/1.1" 200 42 "-" "Mozilla/5.0 (compatible; SemrushBot/7~bl; +http://www.semrush.com/bot.html)"
185.191.171.5 - - [01/Mar/2026:18:18:42 +0300] "GET /wp-content/plugins/depicter/vendor/psr/http-factory/src/UploadedFileFactoryInterface.php HTTP/1.1" 200 0 "-" "Mozilla/5.0 (compatible; SemrushBot/7~bl; +http://www.semrush.com/bot.html)"
85.208.96.198 - - [01/Mar/2026:18:19:10 +0300] "GET /wp-content/plugins/google-site-kit/third-party/google/apiclient-services-subscribewithgoogle/SubscribewithGoogle/ListUserEntitlementsPlansResponse.php HTTP/1.1" 500 0 "-" "Mozilla/5.0 (compatible; SemrushBot/7~bl; +http://www.semrush.com/bot.html)"
185.191.171.14 - - [01/Mar/2026:17:58:58 +0300] "GET /wp-content/plugins/elementor/modules/atomic-widgets/props-resolver/transformers/image-transformer.php HTTP/1.1" 200 0 "-" "Mozilla/5.0 (compatible; SemrushBot/7~bl; +http://www.semrush.com/bot.html)"
85.208.96.203 - - [01/Mar/2026:17:59:16 +0300] "GET /wp-content/plugins/google-site-kit/third-party/guzzlehttp/promises/src/Utils.php HTTP/1.1" 200 0 "-" "Mozilla/5.0 (compatible; SemrushBot/7~bl; +http://www.semrush.com/bot.html)"
185.191.171.6 - - [01/Mar/2026:17:59:37 +0300] "GET /wp-content/plugins/google-site-kit/includes/Modules/Analytics_4/Email_Reporting/Audience_Config.php HTTP/1.1" 200 0 "-" "Mozilla/5.0 (compatible; SemrushBot/7~bl; +http://www.semrush.com/bot.html)"
185.191.171.10 - - [01/Mar/2026:18:02:51 +0300] "GET /wp-content/plugins/google-site-kit/third-party/symfony/polyfill-intl-idn/Resources/unidata/ HTTP/1.1" 200 732 "-" "Mozilla/5.0 (compatible; SemrushBot/7~bl; +http://www.semrush.com/bot.html)"
85.208.96.203 - - [01/Mar/2026:18:06:32 +0300] "GET /wp-content/plugins/google-site-kit/third-party/google/apiclient/src/Collection.php HTTP/1.1" 500 0 "-" "Mozilla/5.0 (compatible; SemrushBot/7~bl; +http://www.semrush.com/bot.html)"
185.191.171.15 - - [01/Mar/2026:18:07:10 +0300] "GET /wp-content/plugins/wp-mail-smtp/vendor_prefixed/psr/http-factory/src/ResponseFactoryInterface.php HTTP/1.1" 200 0 "-" "Mozilla/5.0 (compatible; SemrushBot/7~bl; +http://www.semrush.com/bot.html)"
185.191.171.2 - - [01/Mar/2026:18:07:50 +0300] "GET /wp-content/plugins/depicter/vendor/symfony/console/Output/Output.php HTTP/1.1" 500 0 "-" "Mozilla/5.0 (compatible; SemrushBot/7~bl; +http://www.semrush.com/bot.html)"
78.162.46.26 - - [01/Mar/2026:18:07:52 +0300] "GET /favicon.ico HTTP/1.1" 404 796 "http://www.hurdamakara.com/?gad_source=5&gad_campaignid=21593625995&gclid=EAIaIQobChMI5s3pp9_ekgMVS_s7Ah0MkwvuEAEYASAAEgLs-vD_BwE" "Mozilla/5.0 (Linux; Android 10; K) AppleWebKit/537.36 (KHTML, like Gecko) SamsungBrowser/29.0 Chrome/136.0.0.0 Safari/537.36"
185.191.171.11 - - [01/Mar/2026:18:08:00 +0300] "GET /wp-content/plugins/wp-mail-smtp/vendor/woocommerce/action-scheduler/deprecated/ActionScheduler_Abstract_QueueRunner_Deprecated.php HTTP/1.1" 200 0 "-" "Mozilla/5.0 (compatible; SemrushBot/7~bl; +http://www.semrush.com/bot.html)"
185.191.171.13 - - [01/Mar/2026:18:11:52 +0300] "GET /wp-content/plugins/elementor/modules/atomic-widgets/controls/types/link-control.php HTTP/1.1" 200 0 "-" "Mozilla/5.0 (compatible; SemrushBot/7~bl; +http://www.semrush.com/bot.html)"
85.208.96.194 - - [01/Mar/2026:18:12:49 +0300] "GET /wp-content/plugins/wp-mail-smtp/vendor_prefixed/guzzlehttp/guzzle/src/BodySummarizer.php HTTP/1.1" 500 0 "-" "Mozilla/5.0 (compatible; SemrushBot/7~bl; +http://www.semrush.com/bot.html)"
185.191.171.8 - - [01/Mar/2026:18:13:53 +0300] "GET /wp-content/plugins/depicter/resources/styles/player/assets/grabbing.cur HTTP/1.1" 200 326 "-" "Mozilla/5.0 (compatible; SemrushBot/7~bl; +http://www.semrush.com/bot.html)"
85.208.96.202 - - [01/Mar/2026:18:16:00 +0300] "GET /wp-content/plugins/elementor/modules/atomic-widgets/import-export/modifiers/settings-props-modifier.php HTTP/1.1" 200 0 "-" "Mozilla/5.0 (compatible; SemrushBot/7~bl; +http://www.semrush.com/bot.html)"
85.208.96.212 - - [01/Mar/2026:18:18:43 +0300] "GET /wp-content/plugins/depicter/vendor/averta/wordpress/src/Handler/ HTTP/1.1" 200 710 "-" "Mozilla/5.0 (compatible; SemrushBot/7~bl; +http://www.semrush.com/bot.html)"
85.208.96.199 - - [01/Mar/2026:18:19:33 +0300] "GET /wp-content/plugins/auxin-elements/includes/elementor/modules/dynamic-tags/current-date-time.php HTTP/1.1" 200 0 "-" "Mozilla/5.0 (compatible; SemrushBot/7~bl; +http://www.semrush.com/bot.html)"
85.208.96.202 - - [01/Mar/2026:18:19:43 +0300] "GET /wp-content/plugins/google-site-kit/third-party/google/auth/src/error_log HTTP/1.1" 403 787 "-" "Mozilla/5.0 (compatible; SemrushBot/7~bl; +http://www.semrush.com/bot.html)"
85.208.96.211 - - [01/Mar/2026:18:19:51 +0300] "GET /wp-content/plugins/google-site-kit/third-party/google/apiclient/src/Task/ HTTP/1.1" 200 958 "-" "Mozilla/5.0 (compatible; SemrushBot/7~bl; +http://www.semrush.com/bot.html)"
85.208.96.195 - - [01/Mar/2026:18:21:24 +0300] "GET /wp-content/plugins/google-site-kit/includes/Core/Tags/Guards/Tag_Environment_Type_Guard.php HTTP/1.1" 500 0 "-" "Mozilla/5.0 (compatible; SemrushBot/7~bl; +http://www.semrush.com/bot.html)"
185.191.171.2 - - [01/Mar/2026:18:21:26 +0300] "GET /wp-content/plugins/google-analytics-for-wordpress/lite/includes/admin/reports/report-dimensions.php HTTP/1.1" 200 0 "-" "Mozilla/5.0 (compatible; SemrushBot/7~bl; +http://www.semrush.com/bot.html)"
185.191.171.18 - - [01/Mar/2026:18:22:24 +0300] "GET /wp-content/plugins/google-site-kit/includes/Core/Tags/Guards/error_log HTTP/1.1" 403 787 "-" "Mozilla/5.0 (compatible; SemrushBot/7~bl; +http://www.semrush.com/bot.html)"
216.244.66.238 - - [01/Mar/2026:18:22:56 +0300] "GET /robots.txt HTTP/1.1" 404 796 "-" "Mozilla/5.0 (compatible; DotBot/1.2; +https://opensiteexplorer.org/dotbot; help@moz.com)"
185.191.171.5 - - [01/Mar/2026:18:23:15 +0300] "GET /wp-content/plugins/wp-mail-smtp/vendor_prefixed/guzzlehttp/guzzle/src/PrepareBodyMiddleware.php HTTP/1.1" 200 0 "-" "Mozilla/5.0 (compatible; SemrushBot/7~bl; +http://www.semrush.com/bot.html)"
185.191.171.1 - - [01/Mar/2026:18:23:47 +0300] "GET /wp-content/plugins/depicter/vendor/psr/http-factory/src/ResponseFactoryInterface.php HTTP/1.1" 200 0 "-" "Mozilla/5.0 (compatible; SemrushBot/7~bl; +http://www.semrush.com/bot.html)"
85.208.96.209 - - [01/Mar/2026:18:23:56 +0300] "GET /wp-content/plugins/depicter/vendor/symfony/console/Event/ConsoleTerminateEvent.php HTTP/1.1" 500 0 "-" "Mozilla/5.0 (compatible; SemrushBot/7~bl; +http://www.semrush.com/bot.html)"
85.208.96.205 - - [01/Mar/2026:18:24:34 +0300] "GET /wp-content/plugins/google-site-kit/includes/Modules/Analytics_4/Conversion_Reporting/Conversion_Reporting_Provider.php HTTP/1.1" 200 0 "-" "Mozilla/5.0 (compatible; SemrushBot/7~bl; +http://www.semrush.com/bot.html)"
185.191.171.3 - - [01/Mar/2026:18:25:56 +0300] "GET /wp-content/plugins/depicter/vendor/symfony/console/Helper/SymfonyQuestionHelper.php HTTP/1.1" 500 0 "-" "Mozilla/5.0 (compatible; SemrushBot/7~bl; +http://www.semrush.com/bot.html)"
165.245.178.90 - - [01/Mar/2026:18:26:27 +0300] "GET /wp-content/upgrade/ HTTP/1.1" 200 678 "binance.com" "Mozilla/5.0 (Windows NT 10.0; Win64; x64) AppleWebKit/537.36 (KHTML, like Gecko) Chrome/90.0.4430.85 Safari/537.36"
165.245.178.90 - - [01/Mar/2026:18:26:29 +0300] "GET /wp-admin/network/ HTTP/1.1" 200 1455 "binance.com" "Mozilla/5.0 (Windows NT 10.0; Win64; x64) AppleWebKit/537.36 (KHTML, like Gecko) Chrome/90.0.4430.85 Safari/537.36"
165.245.178.90 - - [01/Mar/2026:18:26:29 +0300] "GET /wp-admin/network/ HTTP/1.1" 200 1455 "binance.com" "Mozilla/5.0 (Windows NT 10.0; Win64; x64) AppleWebKit/537.36 (KHTML, like Gecko) Chrome/90.0.4430.85 Safari/537.36"
165.245.178.90 - - [01/Mar/2026:18:26:30 +0300] "GET /wp-admin/user/ HTTP/1.1" 200 1274 "binance.com" "Mozilla/5.0 (Windows NT 10.0; Win64; x64) AppleWebKit/537.36 (KHTML, like Gecko) Chrome/90.0.4430.85 Safari/537.36"
165.245.178.90 - - [01/Mar/2026:18:26:30 +0300] "GET /wp-admin/user/ HTTP/1.1" 200 1274 "binance.com" "Mozilla/5.0 (Windows NT 10.0; Win64; x64) AppleWebKit/537.36 (KHTML, like Gecko) Chrome/90.0.4430.85 Safari/537.36"
165.245.178.90 - - [01/Mar/2026:18:26:31 +0300] "GET /wp-admin/css/colors/ HTTP/1.1" 200 1352 "binance.com" "Mozilla/5.0 (Windows NT 10.0; Win64; x64) AppleWebKit/537.36 (KHTML, like Gecko) Chrome/90.0.4430.85 Safari/537.36"
165.245.178.90 - - [01/Mar/2026:18:26:32 +0300] "GET /wp-admin/css/colors/ectoplasm/ HTTP/1.1" 200 884 "binance.com" "Mozilla/5.0 (Windows NT 10.0; Win64; x64) AppleWebKit/537.36 (KHTML, like Gecko) Chrome/90.0.4430.85 Safari/537.36"
85.208.96.211 - - [01/Mar/2026:18:19:40 +0300] "GET /wp-content/plugins/auxin-elements/includes/elementor/modules/dynamic-tags/post-title.php HTTP/1.1" 200 0 "-" "Mozilla/5.0 (compatible; SemrushBot/7~bl; +http://www.semrush.com/bot.html)"
85.208.96.198 - - [01/Mar/2026:18:20:26 +0300] "GET /wp-content/plugins/wp-mail-smtp/vendor_prefixed/psr/http-message/src/StreamInterface.php HTTP/1.1" 200 0 "-" "Mozilla/5.0 (compatible; SemrushBot/7~bl; +http://www.semrush.com/bot.html)"
85.208.96.203 - - [01/Mar/2026:18:22:48 +0300] "GET /wp-content/plugins/elementor/modules/atomic-widgets/props-resolver/transformers/plain-transformer.php HTTP/1.1" 200 0 "-" "Mozilla/5.0 (compatible; SemrushBot/7~bl; +http://www.semrush.com/bot.html)"
85.208.96.193 - - [01/Mar/2026:18:23:23 +0300] "GET /wp-content/plugins/wp-ulike/vendor/matomo/device-detector/regexes/vendorfragments.yml HTTP/1.1" 200 918 "-" "Mozilla/5.0 (compatible; SemrushBot/7~bl; +http://www.semrush.com/bot.html)"
85.208.96.209 - - [01/Mar/2026:18:23:26 +0300] "GET /wp-content/plugins/auxin-elements/includes/elementor/modules/dynamic-tags/archive-meta.php HTTP/1.1" 200 0 "-" "Mozilla/5.0 (compatible; SemrushBot/7~bl; +http://www.semrush.com/bot.html)"
85.208.96.211 - - [01/Mar/2026:18:25:41 +0300] "GET /wp-content/plugins/depicter/vendor/symfony/console/Formatter/OutputFormatterStyleStack.php HTTP/1.1" 500 0 "-" "Mozilla/5.0 (compatible; SemrushBot/7~bl; +http://www.semrush.com/bot.html)"
