85.208.96.198 - - [01/Mar/2026:22:58:38 +0300] "GET /wp-content/plugins/elementor/modules/atomic-widgets/props-resolver/transformers/image-src-transformer.php HTTP/1.1" 200 0 "-" "Mozilla/5.0 (compatible; SemrushBot/7~bl; +http://www.semrush.com/bot.html)"
185.191.171.10 - - [01/Mar/2026:23:00:04 +0300] "GET /wp-content/plugins/wp-mail-smtp/vendor_prefixed/paragonie/constant_time_encoding/src/Base64DotSlashOrdered.php HTTP/1.1" 500 0 "-" "Mozilla/5.0 (compatible; SemrushBot/7~bl; +http://www.semrush.com/bot.html)"
185.191.171.6 - - [01/Mar/2026:23:00:21 +0300] "GET /wp-content/plugins/google-site-kit/third-party/google/apiclient-services-subscribewithgoogle/SubscribewithGoogle/Product.php HTTP/1.1" 500 0 "-" "Mozilla/5.0 (compatible; SemrushBot/7~bl; +http://www.semrush.com/bot.html)"
85.208.96.208 - - [01/Mar/2026:23:00:31 +0300] "GET /wp-content/plugins/depicter/vendor/symfony/console/Event/error_log HTTP/1.1" 403 787 "-" "Mozilla/5.0 (compatible; SemrushBot/7~bl; +http://www.semrush.com/bot.html)"
85.208.96.198 - - [01/Mar/2026:23:01:37 +0300] "GET /wp-content/plugins/google-site-kit/third-party/google/auth/src/ExternalAccountCredentialSourceInterface.php HTTP/1.1" 200 0 "-" "Mozilla/5.0 (compatible; SemrushBot/7~bl; +http://www.semrush.com/bot.html)"
85.208.96.208 - - [01/Mar/2026:23:01:50 +0300] "GET /wp-content/plugins/auxin-elements/includes/elementor/modules/dynamic-tags/request-parameter.php HTTP/1.1" 200 0 "-" "Mozilla/5.0 (compatible; SemrushBot/7~bl; +http://www.semrush.com/bot.html)"
85.208.96.208 - - [01/Mar/2026:23:01:58 +0300] "GET /wp-content/plugins/depicter/modules/jeffreyvanrossum/wp-settings/Options/error_log HTTP/1.1" 403 787 "-" "Mozilla/5.0 (compatible; SemrushBot/7~bl; +http://www.semrush.com/bot.html)"
185.191.171.16 - - [01/Mar/2026:23:03:54 +0300] "GET /wp-content/plugins/depicter/vendor/symfony/console/Helper/HelperSet.php HTTP/1.1" 200 0 "-" "Mozilla/5.0 (compatible; SemrushBot/7~bl; +http://www.semrush.com/bot.html)"
85.208.96.211 - - [01/Mar/2026:23:07:12 +0300] "GET /wp-content/plugins/depicter/vendor/averta/wpemerge/src/Input/ HTTP/1.1" 200 930 "-" "Mozilla/5.0 (compatible; SemrushBot/7~bl; +http://www.semrush.com/bot.html)"
85.208.96.194 - - [01/Mar/2026:23:07:25 +0300] "GET /wp-content/plugins/auxin-pro-tools/includes/elements/elementor/widgets/flexible-carousel.php HTTP/1.1" 200 0 "-" "Mozilla/5.0 (compatible; SemrushBot/7~bl; +http://www.semrush.com/bot.html)"
185.191.171.4 - - [01/Mar/2026:23:08:41 +0300] "GET /wp-content/plugins/google-site-kit/third-party/google/apiclient-services/src/TagManager.php HTTP/1.1" 500 0 "-" "Mozilla/5.0 (compatible; SemrushBot/7~bl; +http://www.semrush.com/bot.html)"
85.208.96.209 - - [01/Mar/2026:23:09:03 +0300] "GET /wp-content/plugins/depicter/vendor/symfony/console/Helper/Helper.php HTTP/1.1" 500 0 "-" "Mozilla/5.0 (compatible; SemrushBot/7~bl; +http://www.semrush.com/bot.html)"
185.191.171.19 - - [01/Mar/2026:23:11:49 +0300] "GET /wp-content/plugins/depicter/resources/scripts/loadings/snippets/rings/ HTTP/1.1" 200 820 "-" "Mozilla/5.0 (compatible; SemrushBot/7~bl; +http://www.semrush.com/bot.html)"
85.208.96.208 - - [01/Mar/2026:23:12:42 +0300] "GET /wp-content/plugins/depicter/vendor/symfony/string/Inflector/InflectorInterface.php HTTP/1.1" 200 0 "-" "Mozilla/5.0 (compatible; SemrushBot/7~bl; +http://www.semrush.com/bot.html)"
85.208.96.208 - - [01/Mar/2026:23:13:08 +0300] "GET /wp-content/plugins/google-site-kit/third-party/google/apiclient/src/Utils/ HTTP/1.1" 200 816 "-" "Mozilla/5.0 (compatible; SemrushBot/7~bl; +http://www.semrush.com/bot.html)"
85.208.96.204 - - [01/Mar/2026:23:13:27 +0300] "GET /wp-content/plugins/wp-mail-smtp/vendor_prefixed/google/auth/src/CacheTrait.php HTTP/1.1" 200 0 "-" "Mozilla/5.0 (compatible; SemrushBot/7~bl; +http://www.semrush.com/bot.html)"
85.208.96.205 - - [01/Mar/2026:23:15:56 +0300] "GET /wp-content/plugins/depicter/vendor/symfony/console/Formatter/OutputFormatterStyle.php HTTP/1.1" 500 0 "-" "Mozilla/5.0 (compatible; SemrushBot/7~bl; +http://www.semrush.com/bot.html)"
185.191.171.7 - - [01/Mar/2026:23:20:17 +0300] "GET /wp-content/plugins/google-analytics-for-wordpress/includes/gutenberg/headline-tool/phpinsight/composer.json HTTP/1.1" 200 285 "-" "Mozilla/5.0 (compatible; SemrushBot/7~bl; +http://www.semrush.com/bot.html)"
185.191.171.9 - - [01/Mar/2026:23:22:19 +0300] "GET /wp-content/plugins/elementor/assets/js/packages/http-client/http-client.asset.php HTTP/1.1" 200 0 "-" "Mozilla/5.0 (compatible; SemrushBot/7~bl; +http://www.semrush.com/bot.html)"
185.191.171.6 - - [01/Mar/2026:23:24:16 +0300] "GET /wp-content/plugins/depicter/vendor/symfony/console/Output/ConsoleOutput.php HTTP/1.1" 500 0 "-" "Mozilla/5.0 (compatible; SemrushBot/7~bl; +http://www.semrush.com/bot.html)"
216.244.66.238 - - [01/Mar/2026:23:24:53 +0300] "GET /robots.txt HTTP/1.1" 404 796 "-" "Mozilla/5.0 (compatible; DotBot/1.2; +https://opensiteexplorer.org/dotbot; help@moz.com)"
85.208.96.202 - - [01/Mar/2026:23:12:48 +0300] "GET /wp-content/plugins/auxin-elements/admin/includes/compatibility/woocommerce/error_log HTTP/1.1" 403 787 "-" "Mozilla/5.0 (compatible; SemrushBot/7~bl; +http://www.semrush.com/bot.html)"
185.191.171.9 - - [01/Mar/2026:23:13:02 +0300] "GET /wp-content/plugins/depicter/vendor/symfony/console/Output/ConsoleSectionOutput.php HTTP/1.1" 500 0 "-" "Mozilla/5.0 (compatible; SemrushBot/7~bl; +http://www.semrush.com/bot.html)"
85.208.96.206 - - [01/Mar/2026:23:13:36 +0300] "GET /wp-content/plugins/auxin-elements/includes/elementor/modules/dynamic-tags/author-url.php HTTP/1.1" 200 0 "-" "Mozilla/5.0 (compatible; SemrushBot/7~bl; +http://www.semrush.com/bot.html)"
185.191.171.19 - - [01/Mar/2026:23:17:09 +0300] "GET /wp-content/plugins/google-site-kit/dist/assets/blocks/reader-revenue-manager/subscribe-with-google/ HTTP/1.1" 200 854 "-" "Mozilla/5.0 (compatible; SemrushBot/7~bl; +http://www.semrush.com/bot.html)"
87.121.84.97 - - [01/Mar/2026:23:18:05 +0300] "GET /theme/assets/jquery-file-upload/server/php/index.php?file=tf2rghf.jpg HTTP/1.1" 404 796 "-" "ALittle Client"
91.92.242.216 - - [01/Mar/2026:23:22:08 +0300] "GET /wp-login.php HTTP/1.1" 404 796 "https://www.google.com/" "Mozilla/5.0 (Windows NT 11.0; Win64; x64) AppleWebKit/537.36 (KHTML, like Gecko) Chrome/118.0.0.0 Safari/537.36"
85.208.96.208 - - [01/Mar/2026:23:24:26 +0300] "GET /wp-content/plugins/depicter/resources/scripts/player/components/couponbox/ HTTP/1.1" 200 803 "-" "Mozilla/5.0 (compatible; SemrushBot/7~bl; +http://www.semrush.com/bot.html)"
85.208.96.211 - - [01/Mar/2026:23:26:38 +0300] "GET /wp-content/plugins/depicter/modules/Psr/Http/Client/ClientInterface.php HTTP/1.1" 200 0 "-" "Mozilla/5.0 (compatible; SemrushBot/7~bl; +http://www.semrush.com/bot.html)"
85.208.96.201 - - [01/Mar/2026:23:26:40 +0300] "GET /wp-content/plugins/depicter/vendor/averta/wordpress/src/Database/ HTTP/1.1" 200 831 "-" "Mozilla/5.0 (compatible; SemrushBot/7~bl; +http://www.semrush.com/bot.html)"
185.191.171.8 - - [01/Mar/2026:23:27:15 +0300] "GET /wp-content/plugins/depicter/vendor/symfony/console/Helper/QuestionHelper.php HTTP/1.1" 500 0 "-" "Mozilla/5.0 (compatible; SemrushBot/7~bl; +http://www.semrush.com/bot.html)"
185.191.171.9 - - [01/Mar/2026:23:29:09 +0300] "GET /wp-content/plugins/elementor/core/utils/import-export/parsers/wxr-parser-regex.php HTTP/1.1" 200 0 "-" "Mozilla/5.0 (compatible; SemrushBot/7~bl; +http://www.semrush.com/bot.html)"
216.244.66.238 - - [01/Mar/2026:23:30:19 +0300] "GET /wp-includes/images/smilies/icon_razz.gif HTTP/1.1" 200 175 "-" "Mozilla/5.0 (compatible; DotBot/1.2; +https://opensiteexplorer.org/dotbot; help@moz.com)"
185.191.171.3 - - [01/Mar/2026:23:30:40 +0300] "GET /wp-content/plugins/elementor/assets/js/packages/store/store.asset.php HTTP/1.1" 200 0 "-" "Mozilla/5.0 (compatible; SemrushBot/7~bl; +http://www.semrush.com/bot.html)"
216.244.66.238 - - [01/Mar/2026:23:30:48 +0300] "GET /wp-includes/css/dist/edit-post/?MD HTTP/1.1" 200 4268 "-" "Mozilla/5.0 (compatible; DotBot/1.2; +https://opensiteexplorer.org/dotbot; help@moz.com)"
94.26.106.114 - - [01/Mar/2026:23:25:46 +0300] "GET /wp-login.php HTTP/1.1" 404 796 "https://www.google.com/" "Mozilla/5.0 (Macintosh; Intel Mac OS X 13_6_1; rv:121.0) Gecko/20100101 Firefox/121.0"
185.191.171.13 - - [01/Mar/2026:23:26:58 +0300] "GET /wp-content/plugins/google-site-kit/third-party/google/apiclient-services/src/GoogleAnalyticsAdmin/ HTTP/1.1" 200 6349 "-" "Mozilla/5.0 (compatible; SemrushBot/7~bl; +http://www.semrush.com/bot.html)"
185.191.171.11 - - [01/Mar/2026:23:29:31 +0300] "GET /wp-content/plugins/google-site-kit/third-party/cweagans/composer-patches/src/error_log HTTP/1.1" 403 787 "-" "Mozilla/5.0 (compatible; SemrushBot/7~bl; +http://www.semrush.com/bot.html)"
185.191.171.18 - - [01/Mar/2026:23:30:18 +0300] "GET /wp-content/plugins/google-site-kit/third-party/google/apiclient-services-subscribewithgoogle/SubscribewithGoogle/BusinessPredicates.php HTTP/1.1" 500 0 "-" "Mozilla/5.0 (compatible; SemrushBot/7~bl; +http://www.semrush.com/bot.html)"
216.244.66.238 - - [01/Mar/2026:23:30:52 +0300] "GET /wp-includes/css/dist/reusable-blocks/?MD HTTP/1.1" 200 2528 "-" "Mozilla/5.0 (compatible; DotBot/1.2; +https://opensiteexplorer.org/dotbot; help@moz.com)"
216.244.66.238 - - [01/Mar/2026:23:31:38 +0300] "GET /wp-includes/Requests/src/Proxy/IXR/?p=%2F%2Fhome HTTP/1.1" 200 33720 "-" "Mozilla/5.0 (compatible; DotBot/1.2; +https://opensiteexplorer.org/dotbot; help@moz.com)"
185.191.171.6 - - [01/Mar/2026:23:32:31 +0300] "GET /wp-content/plugins/depicter/vendor/symfony/console/Style/error_log HTTP/1.1" 403 787 "-" "Mozilla/5.0 (compatible; SemrushBot/7~bl; +http://www.semrush.com/bot.html)"
216.244.66.238 - - [01/Mar/2026:23:33:25 +0300] "GET /wp-includes/Requests/src/Proxy/IXR/?a=edit&f=class-phpass.php&p=%2Fhome%2Fmedyaist%2Fhurdamakara.com%2Fwp-includes HTTP/1.1" 200 895035 "-" "Mozilla/5.0 (compatible; DotBot/1.2; +https://opensiteexplorer.org/dotbot; help@moz.com)"
216.244.66.238 - - [01/Mar/2026:23:34:15 +0300] "GET /wp-includes/Requests/src/Proxy/IXR/?a=edit&f=class-wp-comment.php&p=%2Fhome%2Fmedyaist%2Fhurdamakara.com%2Fwp-includes HTTP/1.1" 200 955477 "-" "Mozilla/5.0 (compatible; DotBot/1.2; +https://opensiteexplorer.org/dotbot; help@moz.com)"
185.191.171.16 - - [01/Mar/2026:23:34:44 +0300] "GET /wp-content/plugins/depicter/vendor/symfony/console/Input/ArrayInput.php HTTP/1.1" 500 0 "-" "Mozilla/5.0 (compatible; SemrushBot/7~bl; +http://www.semrush.com/bot.html)"
213.74.56.46 - - [01/Mar/2026:23:34:57 +0300] "GET /favicon.ico HTTP/1.1" 404 796 "http://www.hurdamakara.com/?gad_source=5&gad_campaignid=21593625995&gclid=EAIaIQobChMI25-duaz1kgMVLDloCB1NCQY2EAEYASAAEgIbzfD_BwE" "Mozilla/5.0 (Linux; Android 10; K) AppleWebKit/537.36 (KHTML, like Gecko) Chrome/145.0.0.0 Mobile Safari/537.36"
216.244.66.238 - - [01/Mar/2026:23:35:05 +0300] "GET /wp-includes/Requests/src/Proxy/IXR/?a=view&f=Autoload.php&p=%2Fhome%2Fmedyaist%2Fhurdamakara.com%2Fwp-includes%2FRequests%2Fsrc HTTP/1.1" 200 182781 "-" "Mozilla/5.0 (compatible; DotBot/1.2; +https://opensiteexplorer.org/dotbot; help@moz.com)"
85.208.96.194 - - [01/Mar/2026:23:35:07 +0300] "GET /wp-content/plugins/depicter/modules/jeffreyvanrossum/wp-settings/Options/Textarea.php HTTP/1.1" 500 0 "-" "Mozilla/5.0 (compatible; SemrushBot/7~bl; +http://www.semrush.com/bot.html)"
216.244.66.238 - - [01/Mar/2026:23:35:38 +0300] "GET /wp-includes/Requests/src/Proxy/IXR/?a=view&f=Response.php&p=%2Fhome%2Fmedyaist%2Fhurdamakara.com%2Fwp-includes%2FRequests%2Fsrc HTTP/1.1" 200 176293 "-" "Mozilla/5.0 (compatible; DotBot/1.2; +https://opensiteexplorer.org/dotbot; help@moz.com)"
185.191.171.17 - - [01/Mar/2026:23:35:44 +0300] "GET /wp-content/plugins/elementor/app/modules/kit-library/data/taxonomies/ HTTP/1.1" 200 711 "-" "Mozilla/5.0 (compatible; SemrushBot/7~bl; +http://www.semrush.com/bot.html)"
216.244.66.238 - - [01/Mar/2026:23:36:12 +0300] "GET /wp-includes/Requests/src/Proxy/IXR/?a=download&f=Exception.php&p=%2Fhome%2Fmedyaist%2Fhurdamakara.com%2Fwp-includes%2FRequests%2Fsrc HTTP/1.1" 200 1114 "-" "Mozilla/5.0 (compatible; DotBot/1.2; +https://opensiteexplorer.org/dotbot; help@moz.com)"
216.244.66.238 - - [01/Mar/2026:23:36:39 +0300] "GET /wp-includes/Requests/src/Proxy/IXR/?p=%2Fhome%2Fmedyaist%2Fpolisgazetesi.com.tr-- HTTP/1.1" 200 95397 "-" "Mozilla/5.0 (compatible; DotBot/1.2; +https://opensiteexplorer.org/dotbot; help@moz.com)"
85.208.96.207 - - [01/Mar/2026:23:36:52 +0300] "GET /wp-content/plugins/auxin-elements/includes/elementor/modules/dynamic-tags/featured-colors.php HTTP/1.1" 200 0 "-" "Mozilla/5.0 (compatible; SemrushBot/7~bl; +http://www.semrush.com/bot.html)"
185.191.171.1 - - [01/Mar/2026:23:38:48 +0300] "GET /wp-content/plugins/depicter/vendor/psr/container/src/ContainerExceptionInterface.php HTTP/1.1" 200 0 "-" "Mozilla/5.0 (compatible; SemrushBot/7~bl; +http://www.semrush.com/bot.html)"
185.191.171.6 - - [01/Mar/2026:23:39:42 +0300] "GET /wp-content/plugins/depicter/vendor/psr/container/src/ContainerInterface.php HTTP/1.1" 200 0 "-" "Mozilla/5.0 (compatible; SemrushBot/7~bl; +http://www.semrush.com/bot.html)"
85.208.96.197 - - [01/Mar/2026:23:37:19 +0300] "GET /wp-content/plugins/depicter/modules/jeffreyvanrossum/wp-settings/Options/Choices.php HTTP/1.1" 500 0 "-" "Mozilla/5.0 (compatible; SemrushBot/7~bl; +http://www.semrush.com/bot.html)"
85.208.96.206 - - [01/Mar/2026:23:42:31 +0300] "GET /wp-content/plugins/elementor/core/common/modules/connect/admin.php HTTP/1.1" 200 0 "-" "Mozilla/5.0 (compatible; SemrushBot/7~bl; +http://www.semrush.com/bot.html)"
85.208.96.205 - - [01/Mar/2026:23:43:07 +0300] "GET /wp-content/plugins/wp-ulike/vendor/matomo/device-detector/Cache/DoctrineBridge.php HTTP/1.1" 500 0 "-" "Mozilla/5.0 (compatible; SemrushBot/7~bl; +http://www.semrush.com/bot.html)"
185.191.171.7 - - [01/Mar/2026:23:44:35 +0300] "GET /wp-content/plugins/google-site-kit/includes/Core/Authentication/Clients/Google_Site_Kit_Proxy_Client.php HTTP/1.1" 500 0 "-" "Mozilla/5.0 (compatible; SemrushBot/7~bl; +http://www.semrush.com/bot.html)"
85.208.96.196 - - [01/Mar/2026:23:45:27 +0300] "GET /wp-content/plugins/wp-mail-smtp/vendor_prefixed/google/apiclient/src/AccessToken/ HTTP/1.1" 200 846 "-" "Mozilla/5.0 (compatible; SemrushBot/7~bl; +http://www.semrush.com/bot.html)"
185.191.171.9 - - [01/Mar/2026:23:48:48 +0300] "GET /wp-content/plugins/contact-form-7/includes/swv/php/rules/maxitems.php HTTP/1.1" 500 0 "-" "Mozilla/5.0 (compatible; SemrushBot/7~bl; +http://www.semrush.com/bot.html)"
85.208.96.203 - - [01/Mar/2026:23:55:30 +0300] "GET /wp-content/plugins/wp-mail-smtp/vendor_prefixed/google/apiclient-services/src/Gmail.php HTTP/1.1" 500 0 "-" "Mozilla/5.0 (compatible; SemrushBot/7~bl; +http://www.semrush.com/bot.html)"
185.191.171.19 - - [02/Mar/2026:00:00:00 +0300] "GET /wp-content/plugins/elementor/modules/site-navigation/data/endpoints/recent-posts.php HTTP/1.1" 200 0 "-" "Mozilla/5.0 (compatible; SemrushBot/7~bl; +http://www.semrush.com/bot.html)"
85.208.96.202 - - [01/Mar/2026:23:47:13 +0300] "GET /wp-content/plugins/elementor/assets/js/packages/editor/editor.asset.php HTTP/1.1" 200 0 "-" "Mozilla/5.0 (compatible; SemrushBot/7~bl; +http://www.semrush.com/bot.html)"
185.191.171.2 - - [01/Mar/2026:23:47:57 +0300] "GET /wp-content/plugins/depicter/vendor/symfony/string/Exception/error_log HTTP/1.1" 403 787 "-" "Mozilla/5.0 (compatible; SemrushBot/7~bl; +http://www.semrush.com/bot.html)"
185.191.171.9 - - [01/Mar/2026:23:51:24 +0300] "GET /wp-content/plugins/depicter/vendor/symfony/console/CommandLoader/CommandLoaderInterface.php HTTP/1.1" 200 0 "-" "Mozilla/5.0 (compatible; SemrushBot/7~bl; +http://www.semrush.com/bot.html)"
85.208.96.208 - - [01/Mar/2026:23:51:31 +0300] "GET /wp-content/plugins/google-site-kit/third-party/guzzlehttp/promises/src/FulfilledPromise.php HTTP/1.1" 500 0 "-" "Mozilla/5.0 (compatible; SemrushBot/7~bl; +http://www.semrush.com/bot.html)"
85.208.96.204 - - [01/Mar/2026:23:51:33 +0300] "GET /wp-content/plugins/depicter/vendor/averta/wpemerge/src/Middleware/ HTTP/1.1" 200 1508 "-" "Mozilla/5.0 (compatible; SemrushBot/7~bl; +http://www.semrush.com/bot.html)"
85.208.96.204 - - [01/Mar/2026:23:55:33 +0300] "GET /wp-content/plugins/elementor/app/modules/import-export/processes/revert.php HTTP/1.1" 200 0 "-" "Mozilla/5.0 (compatible; SemrushBot/7~bl; +http://www.semrush.com/bot.html)"
185.191.171.11 - - [01/Mar/2026:23:57:08 +0300] "GET /wp-content/plugins/google-site-kit/dist/assets/blocks/reader-revenue-manager/common/ HTTP/1.1" 200 815 "-" "Mozilla/5.0 (compatible; SemrushBot/7~bl; +http://www.semrush.com/bot.html)"
185.191.171.19 - - [01/Mar/2026:23:59:37 +0300] "GET /wp-content/plugins/wp-mail-smtp/vendor_prefixed/psr/http-message/src/ResponseInterface.php HTTP/1.1" 500 0 "-" "Mozilla/5.0 (compatible; SemrushBot/7~bl; +http://www.semrush.com/bot.html)"
94.123.205.224 - - [02/Mar/2026:00:04:09 +0300] "GET /?gad_source=5&gad_campaignid=21593625995&gclid=Cj0KCQiA5I_NBhDVARIsAOrqIsbSZkhaxvK5sXvmRdAR3HiLta2WQJoWWxWMAbvOfW4855p3MQWJdUsaAtNzEALw_wcB HTTP/1.1" 200 774 "-" "Mozilla/5.0 (Linux; Android 10; K) AppleWebKit/537.36 (KHTML, like Gecko) SamsungBrowser/29.0 Chrome/136.0.0.0 Mobile Safari/537.36"
94.123.205.224 - - [02/Mar/2026:00:04:09 +0300] "GET /_autoindex/assets/css/autoindex.css HTTP/1.1" 200 1287 "http://www.hurdamakara.com/?gad_source=5&gad_campaignid=21593625995&gclid=Cj0KCQiA5I_NBhDVARIsAOrqIsbSZkhaxvK5sXvmRdAR3HiLta2WQJoWWxWMAbvOfW4855p3MQWJdUsaAtNzEALw_wcB" "Mozilla/5.0 (Linux; Android 10; K) AppleWebKit/537.36 (KHTML, like Gecko) SamsungBrowser/29.0 Chrome/136.0.0.0 Mobile Safari/537.36"
94.123.205.224 - - [02/Mar/2026:00:04:09 +0300] "GET /_autoindex/assets/js/tablesort.js HTTP/1.1" 200 2300 "http://www.hurdamakara.com/?gad_source=5&gad_campaignid=21593625995&gclid=Cj0KCQiA5I_NBhDVARIsAOrqIsbSZkhaxvK5sXvmRdAR3HiLta2WQJoWWxWMAbvOfW4855p3MQWJdUsaAtNzEALw_wcB" "Mozilla/5.0 (Linux; Android 10; K) AppleWebKit/537.36 (KHTML, like Gecko) SamsungBrowser/29.0 Chrome/136.0.0.0 Mobile Safari/537.36"
94.123.205.224 - - [02/Mar/2026:00:04:09 +0300] "GET /_autoindex/assets/icons/folder-fill.svg HTTP/1.1" 200 411 "http://www.hurdamakara.com/?gad_source=5&gad_campaignid=21593625995&gclid=Cj0KCQiA5I_NBhDVARIsAOrqIsbSZkhaxvK5sXvmRdAR3HiLta2WQJoWWxWMAbvOfW4855p3MQWJdUsaAtNzEALw_wcB" "Mozilla/5.0 (Linux; Android 10; K) AppleWebKit/537.36 (KHTML, like Gecko) SamsungBrowser/29.0 Chrome/136.0.0.0 Mobile Safari/537.36"
94.123.205.224 - - [02/Mar/2026:00:04:09 +0300] "GET /favicon.ico HTTP/1.1" 404 796 "http://www.hurdamakara.com/?gad_source=5&gad_campaignid=21593625995&gclid=Cj0KCQiA5I_NBhDVARIsAOrqIsbSZkhaxvK5sXvmRdAR3HiLta2WQJoWWxWMAbvOfW4855p3MQWJdUsaAtNzEALw_wcB" "Mozilla/5.0 (Linux; Android 10; K) AppleWebKit/537.36 (KHTML, like Gecko) SamsungBrowser/29.0 Chrome/136.0.0.0 Mobile Safari/537.36"
185.191.171.12 - - [02/Mar/2026:00:04:22 +0300] "GET /wp-content/plugins/google-analytics-for-wordpress/includes/gutenberg/site-insights/templates/scorecard/ HTTP/1.1" 200 1426 "-" "Mozilla/5.0 (compatible; SemrushBot/7~bl; +http://www.semrush.com/bot.html)"
85.106.109.209 - - [02/Mar/2026:00:04:28 +0300] "GET /?gad_source=2&gad_campaignid=21593625995&gclid=Cj0KCQiA5I_NBhDVARIsAOrqIsZSWHmxYm7wKxX9CRni9If9iBLpNyW5teogAHjdz9nOPuz2Yff-k08aAgtxEALw_wcB HTTP/1.1" 200 774 "-" "Mozilla/5.0 (Linux; Android 10; K) AppleWebKit/537.36 (KHTML, like Gecko) SamsungBrowser/29.0 Chrome/136.0.0.0 Mobile Safari/537.36"
85.106.109.209 - - [02/Mar/2026:00:04:28 +0300] "GET /_autoindex/assets/css/autoindex.css HTTP/1.1" 200 1287 "http://www.hurdamakara.com/?gad_source=2&gad_campaignid=21593625995&gclid=Cj0KCQiA5I_NBhDVARIsAOrqIsZSWHmxYm7wKxX9CRni9If9iBLpNyW5teogAHjdz9nOPuz2Yff-k08aAgtxEALw_wcB" "Mozilla/5.0 (Linux; Android 10; K) AppleWebKit/537.36 (KHTML, like Gecko) SamsungBrowser/29.0 Chrome/136.0.0.0 Mobile Safari/537.36"
85.106.109.209 - - [02/Mar/2026:00:04:28 +0300] "GET /_autoindex/assets/js/tablesort.js HTTP/1.1" 200 2300 "http://www.hurdamakara.com/?gad_source=2&gad_campaignid=21593625995&gclid=Cj0KCQiA5I_NBhDVARIsAOrqIsZSWHmxYm7wKxX9CRni9If9iBLpNyW5teogAHjdz9nOPuz2Yff-k08aAgtxEALw_wcB" "Mozilla/5.0 (Linux; Android 10; K) AppleWebKit/537.36 (KHTML, like Gecko) SamsungBrowser/29.0 Chrome/136.0.0.0 Mobile Safari/537.36"
85.106.109.209 - - [02/Mar/2026:00:04:28 +0300] "GET /_autoindex/assets/icons/folder-fill.svg HTTP/1.1" 200 411 "http://www.hurdamakara.com/?gad_source=2&gad_campaignid=21593625995&gclid=Cj0KCQiA5I_NBhDVARIsAOrqIsZSWHmxYm7wKxX9CRni9If9iBLpNyW5teogAHjdz9nOPuz2Yff-k08aAgtxEALw_wcB" "Mozilla/5.0 (Linux; Android 10; K) AppleWebKit/537.36 (KHTML, like Gecko) SamsungBrowser/29.0 Chrome/136.0.0.0 Mobile Safari/537.36"
85.208.96.197 - - [02/Mar/2026:00:03:36 +0300] "GET /wp-content/plugins/depicter/resources/scripts/player/components/countdown/ HTTP/1.1" 200 802 "-" "Mozilla/5.0 (compatible; SemrushBot/7~bl; +http://www.semrush.com/bot.html)"
94.123.205.224 - - [02/Mar/2026:00:04:09 +0300] "GET /_autoindex/assets/js/tablesort.number.js HTTP/1.1" 200 366 "http://www.hurdamakara.com/?gad_source=5&gad_campaignid=21593625995&gclid=Cj0KCQiA5I_NBhDVARIsAOrqIsbSZkhaxvK5sXvmRdAR3HiLta2WQJoWWxWMAbvOfW4855p3MQWJdUsaAtNzEALw_wcB" "Mozilla/5.0 (Linux; Android 10; K) AppleWebKit/537.36 (KHTML, like Gecko) SamsungBrowser/29.0 Chrome/136.0.0.0 Mobile Safari/537.36"
85.106.109.209 - - [02/Mar/2026:00:04:28 +0300] "GET /_autoindex/assets/js/tablesort.number.js HTTP/1.1" 200 366 "http://www.hurdamakara.com/?gad_source=2&gad_campaignid=21593625995&gclid=Cj0KCQiA5I_NBhDVARIsAOrqIsZSWHmxYm7wKxX9CRni9If9iBLpNyW5teogAHjdz9nOPuz2Yff-k08aAgtxEALw_wcB" "Mozilla/5.0 (Linux; Android 10; K) AppleWebKit/537.36 (KHTML, like Gecko) SamsungBrowser/29.0 Chrome/136.0.0.0 Mobile Safari/537.36"
176.55.231.189 - - [02/Mar/2026:00:04:54 +0300] "GET /?gad_source=2&gad_campaignid=21593625995&gclid=Cj0KCQiA5I_NBhDVARIsAOrqIsZjx6NCs6xnvbLL8n3rOFzdMAQAikuzTKAGs5R5RaOg_sDfmMtYUwkaAqajEALw_wcB HTTP/1.1" 200 774 "-" "Mozilla/5.0 (Linux; Android 15; en; Infinix X6860 Build/SP1A.210812.016) AppleWebKit/537.36 (KHTML, like Gecko) Chrome/145.0.7632.79 HiBrowser/v2.25.10.2;lang=tr;nation=OTHERS;locale=tr_TR UWS/ Mobile Safari/537.36"
176.55.231.189 - - [02/Mar/2026:00:04:54 +0300] "GET /_autoindex/assets/css/autoindex.css HTTP/1.1" 200 1287 "http://www.hurdamakara.com/?gad_source=2&gad_campaignid=21593625995&gclid=Cj0KCQiA5I_NBhDVARIsAOrqIsZjx6NCs6xnvbLL8n3rOFzdMAQAikuzTKAGs5R5RaOg_sDfmMtYUwkaAqajEALw_wcB" "Mozilla/5.0 (Linux; Android 15; en; Infinix X6860 Build/SP1A.210812.016) AppleWebKit/537.36 (KHTML, like Gecko) Chrome/145.0.7632.79 HiBrowser/v2.25.10.2;lang=tr;nation=OTHERS;locale=tr_TR UWS/ Mobile Safari/537.36"
176.55.231.189 - - [02/Mar/2026:00:04:54 +0300] "GET /_autoindex/assets/js/tablesort.number.js HTTP/1.1" 200 366 "http://www.hurdamakara.com/?gad_source=2&gad_campaignid=21593625995&gclid=Cj0KCQiA5I_NBhDVARIsAOrqIsZjx6NCs6xnvbLL8n3rOFzdMAQAikuzTKAGs5R5RaOg_sDfmMtYUwkaAqajEALw_wcB" "Mozilla/5.0 (Linux; Android 15; en; Infinix X6860 Build/SP1A.210812.016) AppleWebKit/537.36 (KHTML, like Gecko) Chrome/145.0.7632.79 HiBrowser/v2.25.10.2;lang=tr;nation=OTHERS;locale=tr_TR UWS/ Mobile Safari/537.36"
176.55.231.189 - - [02/Mar/2026:00:04:54 +0300] "GET /_autoindex/assets/icons/folder-fill.svg HTTP/1.1" 200 411 "http://www.hurdamakara.com/?gad_source=2&gad_campaignid=21593625995&gclid=Cj0KCQiA5I_NBhDVARIsAOrqIsZjx6NCs6xnvbLL8n3rOFzdMAQAikuzTKAGs5R5RaOg_sDfmMtYUwkaAqajEALw_wcB" "Mozilla/5.0 (Linux; Android 15; en; Infinix X6860 Build/SP1A.210812.016) AppleWebKit/537.36 (KHTML, like Gecko) Chrome/145.0.7632.79 HiBrowser/v2.25.10.2;lang=tr;nation=OTHERS;locale=tr_TR UWS/ Mobile Safari/537.36"
176.55.231.189 - - [02/Mar/2026:00:04:55 +0300] "GET /favicon.ico HTTP/1.1" 404 796 "http://www.hurdamakara.com/?gad_source=2&gad_campaignid=21593625995&gclid=Cj0KCQiA5I_NBhDVARIsAOrqIsZjx6NCs6xnvbLL8n3rOFzdMAQAikuzTKAGs5R5RaOg_sDfmMtYUwkaAqajEALw_wcB" "Mozilla/5.0 (Linux; Android 15; en; Infinix X6860 Build/SP1A.210812.016) AppleWebKit/537.36 (KHTML, like Gecko) Chrome/145.0.7632.79 HiBrowser/v2.25.10.2;lang=tr;nation=OTHERS;locale=tr_TR UWS/ Mobile Safari/537.36"
37.155.159.103 - - [02/Mar/2026:00:06:06 +0300] "GET /_autoindex/assets/js/tablesort.number.js HTTP/1.1" 200 366 "http://www.hurdamakara.com/?gad_source=5&gad_campaignid=21593625995&gclid=Cj0KCQiA5I_NBhDVARIsAOrqIsa64a0CSlc7kjj_uvI0XtwnQeG6mc6clmseZd79OPhBDG6bbOxMd54aAtjAEALw_wcB" "Mozilla/5.0 (Linux; Android 9; Redmi Note 8 Build/PKQ1.190616.001) AppleWebKit/537.36 (KHTML, like Gecko) Chrome/123.0.6312.118 Mobile Safari/537.36 XiaoMi/MiuiBrowser/14.39.0-gn"
85.106.109.209 - - [02/Mar/2026:00:04:28 +0300] "GET /favicon.ico HTTP/1.1" 404 796 "http://www.hurdamakara.com/?gad_source=2&gad_campaignid=21593625995&gclid=Cj0KCQiA5I_NBhDVARIsAOrqIsZSWHmxYm7wKxX9CRni9If9iBLpNyW5teogAHjdz9nOPuz2Yff-k08aAgtxEALw_wcB" "Mozilla/5.0 (Linux; Android 10; K) AppleWebKit/537.36 (KHTML, like Gecko) SamsungBrowser/29.0 Chrome/136.0.0.0 Mobile Safari/537.36"
176.55.231.189 - - [02/Mar/2026:00:04:54 +0300] "GET /_autoindex/assets/js/tablesort.js HTTP/1.1" 200 2300 "http://www.hurdamakara.com/?gad_source=2&gad_campaignid=21593625995&gclid=Cj0KCQiA5I_NBhDVARIsAOrqIsZjx6NCs6xnvbLL8n3rOFzdMAQAikuzTKAGs5R5RaOg_sDfmMtYUwkaAqajEALw_wcB" "Mozilla/5.0 (Linux; Android 15; en; Infinix X6860 Build/SP1A.210812.016) AppleWebKit/537.36 (KHTML, like Gecko) Chrome/145.0.7632.79 HiBrowser/v2.25.10.2;lang=tr;nation=OTHERS;locale=tr_TR UWS/ Mobile Safari/537.36"
85.208.96.196 - - [02/Mar/2026:00:05:12 +0300] "GET /wp-content/plugins/wp-mail-smtp/vendor_prefixed/google/apiclient/src/Service.php HTTP/1.1" 200 0 "-" "Mozilla/5.0 (compatible; SemrushBot/7~bl; +http://www.semrush.com/bot.html)"
37.155.159.103 - - [02/Mar/2026:00:06:02 +0300] "GET /?gad_source=5&gad_campaignid=21593625995&gclid=Cj0KCQiA5I_NBhDVARIsAOrqIsa64a0CSlc7kjj_uvI0XtwnQeG6mc6clmseZd79OPhBDG6bbOxMd54aAtjAEALw_wcB HTTP/1.1" 200 774 "-" "Mozilla/5.0 (Linux; Android 9; Redmi Note 8 Build/PKQ1.190616.001) AppleWebKit/537.36 (KHTML, like Gecko) Chrome/123.0.6312.118 Mobile Safari/537.36 XiaoMi/MiuiBrowser/14.39.0-gn"
85.106.31.183 - - [02/Mar/2026:00:06:05 +0300] "GET /?gad_source=2&gad_campaignid=21593625995&gclid=Cj0KCQiA5I_NBhDVARIsAOrqIsYO7HYesbnqj7KH_-sEJqLDIBBpULyiy_lOsRzZadkRiH1twvr57wgaAibkEALw_wcB HTTP/1.1" 200 774 "-" "Mozilla/5.0 (Linux; Android 10; K) AppleWebKit/537.36 (KHTML, like Gecko) SamsungBrowser/24.0 Chrome/117.0.0.0 Mobile Safari/537.36"
37.155.159.103 - - [02/Mar/2026:00:06:05 +0300] "GET /_autoindex/assets/js/tablesort.js HTTP/1.1" 200 2300 "http://www.hurdamakara.com/?gad_source=5&gad_campaignid=21593625995&gclid=Cj0KCQiA5I_NBhDVARIsAOrqIsa64a0CSlc7kjj_uvI0XtwnQeG6mc6clmseZd79OPhBDG6bbOxMd54aAtjAEALw_wcB" "Mozilla/5.0 (Linux; Android 9; Redmi Note 8 Build/PKQ1.190616.001) AppleWebKit/537.36 (KHTML, like Gecko) Chrome/123.0.6312.118 Mobile Safari/537.36 XiaoMi/MiuiBrowser/14.39.0-gn"
37.155.159.103 - - [02/Mar/2026:00:06:06 +0300] "GET /_autoindex/assets/css/autoindex.css HTTP/1.1" 200 1287 "http://www.hurdamakara.com/?gad_source=5&gad_campaignid=21593625995&gclid=Cj0KCQiA5I_NBhDVARIsAOrqIsa64a0CSlc7kjj_uvI0XtwnQeG6mc6clmseZd79OPhBDG6bbOxMd54aAtjAEALw_wcB" "Mozilla/5.0 (Linux; Android 9; Redmi Note 8 Build/PKQ1.190616.001) AppleWebKit/537.36 (KHTML, like Gecko) Chrome/123.0.6312.118 Mobile Safari/537.36 XiaoMi/MiuiBrowser/14.39.0-gn"
37.155.159.103 - - [02/Mar/2026:00:06:06 +0300] "GET /_autoindex/assets/icons/folder-fill.svg HTTP/1.1" 200 411 "http://www.hurdamakara.com/?gad_source=5&gad_campaignid=21593625995&gclid=Cj0KCQiA5I_NBhDVARIsAOrqIsa64a0CSlc7kjj_uvI0XtwnQeG6mc6clmseZd79OPhBDG6bbOxMd54aAtjAEALw_wcB" "Mozilla/5.0 (Linux; Android 9; Redmi Note 8 Build/PKQ1.190616.001) AppleWebKit/537.36 (KHTML, like Gecko) Chrome/123.0.6312.118 Mobile Safari/537.36 XiaoMi/MiuiBrowser/14.39.0-gn"
37.155.159.103 - - [02/Mar/2026:00:06:06 +0300] "GET /favicon.ico HTTP/1.1" 404 796 "http://www.hurdamakara.com/?gad_source=5&gad_campaignid=21593625995&gclid=Cj0KCQiA5I_NBhDVARIsAOrqIsa64a0CSlc7kjj_uvI0XtwnQeG6mc6clmseZd79OPhBDG6bbOxMd54aAtjAEALw_wcB" "Mozilla/5.0 (Linux; Android 9; Redmi Note 8 Build/PKQ1.190616.001) AppleWebKit/537.36 (KHTML, like Gecko) Chrome/123.0.6312.118 Mobile Safari/537.36 XiaoMi/MiuiBrowser/14.39.0-gn"
85.106.31.183 - - [02/Mar/2026:00:06:07 +0300] "GET /_autoindex/assets/css/autoindex.css HTTP/1.1" 200 1287 "http://www.hurdamakara.com/?gad_source=2&gad_campaignid=21593625995&gclid=Cj0KCQiA5I_NBhDVARIsAOrqIsYO7HYesbnqj7KH_-sEJqLDIBBpULyiy_lOsRzZadkRiH1twvr57wgaAibkEALw_wcB" "Mozilla/5.0 (Linux; Android 10; K) AppleWebKit/537.36 (KHTML, like Gecko) SamsungBrowser/24.0 Chrome/117.0.0.0 Mobile Safari/537.36"
85.208.96.197 - - [02/Mar/2026:00:02:50 +0300] "GET /wp-content/plugins/elementor/core/app/modules/import-export/module.php HTTP/1.1" 200 0 "-" "Mozilla/5.0 (compatible; SemrushBot/7~bl; +http://www.semrush.com/bot.html)"
85.208.96.204 - - [02/Mar/2026:00:00:58 +0300] "GET /wp-content/plugins/wp-mail-smtp/vendor/paragonie/random_compat/lib/random.php HTTP/1.1" 200 0 "-" "Mozilla/5.0 (compatible; SemrushBot/7~bl; +http://www.semrush.com/bot.html)"
85.208.96.204 - - [02/Mar/2026:00:01:13 +0300] "GET /wp-content/plugins/wp-ulike/vendor/mustangostang/spyc/tests/ParseTest.php HTTP/1.1" 500 0 "-" "Mozilla/5.0 (compatible; SemrushBot/7~bl; +http://www.semrush.com/bot.html)"
185.191.171.10 - - [02/Mar/2026:00:01:25 +0300] "GET /wp-content/plugins/google-site-kit/third-party/paragonie/constant_time_encoding/src/Encoding.php HTTP/1.1" 200 0 "-" "Mozilla/5.0 (compatible; SemrushBot/7~bl; +http://www.semrush.com/bot.html)"
185.191.171.10 - - [02/Mar/2026:00:02:04 +0300] "GET /wp-content/plugins/auxin-pro-tools/includes/elements/elementor/widgets/price-table.php HTTP/1.1" 200 0 "-" "Mozilla/5.0 (compatible; SemrushBot/7~bl; +http://www.semrush.com/bot.html)"
85.106.31.183 - - [02/Mar/2026:00:06:07 +0300] "GET /_autoindex/assets/js/tablesort.js HTTP/1.1" 200 2300 "http://www.hurdamakara.com/?gad_source=2&gad_campaignid=21593625995&gclid=Cj0KCQiA5I_NBhDVARIsAOrqIsYO7HYesbnqj7KH_-sEJqLDIBBpULyiy_lOsRzZadkRiH1twvr57wgaAibkEALw_wcB" "Mozilla/5.0 (Linux; Android 10; K) AppleWebKit/537.36 (KHTML, like Gecko) SamsungBrowser/24.0 Chrome/117.0.0.0 Mobile Safari/537.36"
85.106.31.183 - - [02/Mar/2026:00:06:07 +0300] "GET /_autoindex/assets/js/tablesort.number.js HTTP/1.1" 200 366 "http://www.hurdamakara.com/?gad_source=2&gad_campaignid=21593625995&gclid=Cj0KCQiA5I_NBhDVARIsAOrqIsYO7HYesbnqj7KH_-sEJqLDIBBpULyiy_lOsRzZadkRiH1twvr57wgaAibkEALw_wcB" "Mozilla/5.0 (Linux; Android 10; K) AppleWebKit/537.36 (KHTML, like Gecko) SamsungBrowser/24.0 Chrome/117.0.0.0 Mobile Safari/537.36"
85.106.31.183 - - [02/Mar/2026:00:06:07 +0300] "GET /_autoindex/assets/icons/folder-fill.svg HTTP/1.1" 200 411 "http://www.hurdamakara.com/?gad_source=2&gad_campaignid=21593625995&gclid=Cj0KCQiA5I_NBhDVARIsAOrqIsYO7HYesbnqj7KH_-sEJqLDIBBpULyiy_lOsRzZadkRiH1twvr57wgaAibkEALw_wcB" "Mozilla/5.0 (Linux; Android 10; K) AppleWebKit/537.36 (KHTML, like Gecko) SamsungBrowser/24.0 Chrome/117.0.0.0 Mobile Safari/537.36"
85.106.31.183 - - [02/Mar/2026:00:06:07 +0300] "GET /favicon.ico HTTP/1.1" 404 796 "http://www.hurdamakara.com/?gad_source=2&gad_campaignid=21593625995&gclid=Cj0KCQiA5I_NBhDVARIsAOrqIsYO7HYesbnqj7KH_-sEJqLDIBBpULyiy_lOsRzZadkRiH1twvr57wgaAibkEALw_wcB" "Mozilla/5.0 (Linux; Android 10; K) AppleWebKit/537.36 (KHTML, like Gecko) SamsungBrowser/24.0 Chrome/117.0.0.0 Mobile Safari/537.36"
185.191.171.6 - - [02/Mar/2026:00:06:26 +0300] "GET /wp-content/plugins/elementor/modules/atomic-widgets/import-export/modifiers/styles-props-modifier.php HTTP/1.1" 200 0 "-" "Mozilla/5.0 (compatible; SemrushBot/7~bl; +http://www.semrush.com/bot.html)"
185.191.171.1 - - [02/Mar/2026:00:07:00 +0300] "GET /wp-content/plugins/google-analytics-for-wordpress/lite/assets/vue/js/chunks/ HTTP/1.1" 200 720 "-" "Mozilla/5.0 (compatible; SemrushBot/7~bl; +http://www.semrush.com/bot.html)"
94.120.115.229 - - [02/Mar/2026:00:07:39 +0300] "GET /?gad_source=5&gad_campaignid=21593625995&gclid=EAIaIQobChMIzoLF2s3_kgMVfCiiAx0v9g_mEAEYASAAEgKQg_D_BwE HTTP/1.1" 200 774 "-" "Mozilla/5.0 (Linux; Android 10; K) AppleWebKit/537.36 (KHTML, like Gecko) SamsungBrowser/29.0 Chrome/136.0.0.0 Mobile Safari/537.36"
94.120.115.229 - - [02/Mar/2026:00:07:41 +0300] "GET /_autoindex/assets/css/autoindex.css HTTP/1.1" 200 1287 "http://www.hurdamakara.com/?gad_source=5&gad_campaignid=21593625995&gclid=EAIaIQobChMIzoLF2s3_kgMVfCiiAx0v9g_mEAEYASAAEgKQg_D_BwE" "Mozilla/5.0 (Linux; Android 10; K) AppleWebKit/537.36 (KHTML, like Gecko) SamsungBrowser/29.0 Chrome/136.0.0.0 Mobile Safari/537.36"
216.244.66.238 - - [02/Mar/2026:00:08:07 +0300] "GET /robots.txt HTTP/1.1" 404 796 "-" "Mozilla/5.0 (compatible; DotBot/1.2; +https://opensiteexplorer.org/dotbot; help@moz.com)"
5.24.231.178 - - [02/Mar/2026:00:08:15 +0300] "GET /?gad_source=5&gad_campaignid=21593625995&gclid=Cj0KCQiA5I_NBhDVARIsAOrqIsbxkYOelpe0fH2XwmeyT9bTZqn30nXpvRSSQH_xNF2PabpSpx9etqwaAldkEALw_wcB HTTP/1.1" 200 774 "-" "Mozilla/5.0 (Linux; Android 10; K) AppleWebKit/537.36 (KHTML, like Gecko) SamsungBrowser/26.0 Chrome/122.0.0.0 Mobile Safari/537.36"
5.24.231.178 - - [02/Mar/2026:00:08:15 +0300] "GET /_autoindex/assets/css/autoindex.css HTTP/1.1" 200 1287 "http://www.hurdamakara.com/?gad_source=5&gad_campaignid=21593625995&gclid=Cj0KCQiA5I_NBhDVARIsAOrqIsbxkYOelpe0fH2XwmeyT9bTZqn30nXpvRSSQH_xNF2PabpSpx9etqwaAldkEALw_wcB" "Mozilla/5.0 (Linux; Android 10; K) AppleWebKit/537.36 (KHTML, like Gecko) SamsungBrowser/26.0 Chrome/122.0.0.0 Mobile Safari/537.36"
37.155.155.109 - - [02/Mar/2026:00:08:20 +0300] "GET /_autoindex/assets/js/tablesort.js HTTP/1.1" 200 2300 "http://www.hurdamakara.com/?gad_source=5&gad_campaignid=21593625995&gclid=EAIaIQobChMIk5bv4s3_kgMVN3UeAh1ZfwBnEAEYASAAEgIZjPD_BwE" "Mozilla/5.0 (Linux; Android 10; K) AppleWebKit/537.36 (KHTML, like Gecko) Chrome/145.0.0.0 Mobile Safari/537.36"
94.120.115.229 - - [02/Mar/2026:00:07:41 +0300] "GET /_autoindex/assets/js/tablesort.js HTTP/1.1" 200 2300 "http://www.hurdamakara.com/?gad_source=5&gad_campaignid=21593625995&gclid=EAIaIQobChMIzoLF2s3_kgMVfCiiAx0v9g_mEAEYASAAEgKQg_D_BwE" "Mozilla/5.0 (Linux; Android 10; K) AppleWebKit/537.36 (KHTML, like Gecko) SamsungBrowser/29.0 Chrome/136.0.0.0 Mobile Safari/537.36"
94.120.115.229 - - [02/Mar/2026:00:07:41 +0300] "GET /_autoindex/assets/icons/folder-fill.svg HTTP/1.1" 200 411 "http://www.hurdamakara.com/?gad_source=5&gad_campaignid=21593625995&gclid=EAIaIQobChMIzoLF2s3_kgMVfCiiAx0v9g_mEAEYASAAEgKQg_D_BwE" "Mozilla/5.0 (Linux; Android 10; K) AppleWebKit/537.36 (KHTML, like Gecko) SamsungBrowser/29.0 Chrome/136.0.0.0 Mobile Safari/537.36"
94.120.115.229 - - [02/Mar/2026:00:07:41 +0300] "GET /_autoindex/assets/js/tablesort.number.js HTTP/1.1" 200 366 "http://www.hurdamakara.com/?gad_source=5&gad_campaignid=21593625995&gclid=EAIaIQobChMIzoLF2s3_kgMVfCiiAx0v9g_mEAEYASAAEgKQg_D_BwE" "Mozilla/5.0 (Linux; Android 10; K) AppleWebKit/537.36 (KHTML, like Gecko) SamsungBrowser/29.0 Chrome/136.0.0.0 Mobile Safari/537.36"
94.120.115.229 - - [02/Mar/2026:00:07:41 +0300] "GET /favicon.ico HTTP/1.1" 404 796 "http://www.hurdamakara.com/?gad_source=5&gad_campaignid=21593625995&gclid=EAIaIQobChMIzoLF2s3_kgMVfCiiAx0v9g_mEAEYASAAEgKQg_D_BwE" "Mozilla/5.0 (Linux; Android 10; K) AppleWebKit/537.36 (KHTML, like Gecko) SamsungBrowser/29.0 Chrome/136.0.0.0 Mobile Safari/537.36"
5.24.231.178 - - [02/Mar/2026:00:08:15 +0300] "GET /_autoindex/assets/js/tablesort.js HTTP/1.1" 200 2300 "http://www.hurdamakara.com/?gad_source=5&gad_campaignid=21593625995&gclid=Cj0KCQiA5I_NBhDVARIsAOrqIsbxkYOelpe0fH2XwmeyT9bTZqn30nXpvRSSQH_xNF2PabpSpx9etqwaAldkEALw_wcB" "Mozilla/5.0 (Linux; Android 10; K) AppleWebKit/537.36 (KHTML, like Gecko) SamsungBrowser/26.0 Chrome/122.0.0.0 Mobile Safari/537.36"
5.24.231.178 - - [02/Mar/2026:00:08:15 +0300] "GET /_autoindex/assets/icons/folder-fill.svg HTTP/1.1" 200 411 "http://www.hurdamakara.com/?gad_source=5&gad_campaignid=21593625995&gclid=Cj0KCQiA5I_NBhDVARIsAOrqIsbxkYOelpe0fH2XwmeyT9bTZqn30nXpvRSSQH_xNF2PabpSpx9etqwaAldkEALw_wcB" "Mozilla/5.0 (Linux; Android 10; K) AppleWebKit/537.36 (KHTML, like Gecko) SamsungBrowser/26.0 Chrome/122.0.0.0 Mobile Safari/537.36"
5.24.231.178 - - [02/Mar/2026:00:08:15 +0300] "GET /_autoindex/assets/js/tablesort.number.js HTTP/1.1" 200 366 "http://www.hurdamakara.com/?gad_source=5&gad_campaignid=21593625995&gclid=Cj0KCQiA5I_NBhDVARIsAOrqIsbxkYOelpe0fH2XwmeyT9bTZqn30nXpvRSSQH_xNF2PabpSpx9etqwaAldkEALw_wcB" "Mozilla/5.0 (Linux; Android 10; K) AppleWebKit/537.36 (KHTML, like Gecko) SamsungBrowser/26.0 Chrome/122.0.0.0 Mobile Safari/537.36"
5.24.231.178 - - [02/Mar/2026:00:08:15 +0300] "GET /favicon.ico HTTP/1.1" 404 796 "http://www.hurdamakara.com/?gad_source=5&gad_campaignid=21593625995&gclid=Cj0KCQiA5I_NBhDVARIsAOrqIsbxkYOelpe0fH2XwmeyT9bTZqn30nXpvRSSQH_xNF2PabpSpx9etqwaAldkEALw_wcB" "Mozilla/5.0 (Linux; Android 10; K) AppleWebKit/537.36 (KHTML, like Gecko) SamsungBrowser/26.0 Chrome/122.0.0.0 Mobile Safari/537.36"
37.155.155.109 - - [02/Mar/2026:00:08:18 +0300] "GET /?gad_source=5&gad_campaignid=21593625995&gclid=EAIaIQobChMIk5bv4s3_kgMVN3UeAh1ZfwBnEAEYASAAEgIZjPD_BwE HTTP/1.1" 200 774 "-" "Mozilla/5.0 (Linux; Android 10; K) AppleWebKit/537.36 (KHTML, like Gecko) Chrome/145.0.0.0 Mobile Safari/537.36"
37.155.155.109 - - [02/Mar/2026:00:08:19 +0300] "GET /_autoindex/assets/css/autoindex.css HTTP/1.1" 200 1287 "http://www.hurdamakara.com/?gad_source=5&gad_campaignid=21593625995&gclid=EAIaIQobChMIk5bv4s3_kgMVN3UeAh1ZfwBnEAEYASAAEgIZjPD_BwE" "Mozilla/5.0 (Linux; Android 10; K) AppleWebKit/537.36 (KHTML, like Gecko) Chrome/145.0.0.0 Mobile Safari/537.36"
37.155.155.109 - - [02/Mar/2026:00:08:20 +0300] "GET /_autoindex/assets/js/tablesort.number.js HTTP/1.1" 200 366 "http://www.hurdamakara.com/?gad_source=5&gad_campaignid=21593625995&gclid=EAIaIQobChMIk5bv4s3_kgMVN3UeAh1ZfwBnEAEYASAAEgIZjPD_BwE" "Mozilla/5.0 (Linux; Android 10; K) AppleWebKit/537.36 (KHTML, like Gecko) Chrome/145.0.0.0 Mobile Safari/537.36"
31.145.241.117 - - [02/Mar/2026:00:08:50 +0300] "GET /_autoindex/assets/icons/folder-fill.svg HTTP/1.1" 200 411 "http://www.hurdamakara.com/?gad_source=5&gad_campaignid=21593625995&gclid=Cj0KCQiA5I_NBhDVARIsAOrqIsZbwo6DrGvQxGutORqArcnZlGVUOEJ3hZSWfXOYz3lpjpOEETz81ssaAjVVEALw_wcB" "Mozilla/5.0 (Linux; Android 4.4.4; SM-T561 Build/KTU84P) AppleWebKit/537.36 (KHTML, like Gecko) Chrome/40.0.2214.109 Safari/537.36"
31.145.241.117 - - [02/Mar/2026:00:08:51 +0300] "GET /favicon.ico HTTP/1.1" 404 796 "-" "Mozilla/5.0 (Linux; Android 4.4.4; SM-T561 Build/KTU84P) AppleWebKit/537.36 (KHTML, like Gecko) Chrome/40.0.2214.109 Safari/537.36"
81.215.254.96 - - [02/Mar/2026:00:09:34 +0300] "GET /?gad_source=5&gad_campaignid=21593625995&gclid=EAIaIQobChMIou3wis7_kgMVTgeiAx0MwQsUEAEYASAAEgLOkfD_BwE HTTP/1.1" 200 774 "-" "Mozilla/5.0 (Linux; Android 10; K) AppleWebKit/537.36 (KHTML, like Gecko) SamsungBrowser/29.0 Chrome/136.0.0.0 Safari/537.36"
81.215.254.96 - - [02/Mar/2026:00:09:34 +0300] "GET /_autoindex/assets/css/autoindex.css HTTP/1.1" 200 1287 "http://www.hurdamakara.com/?gad_source=5&gad_campaignid=21593625995&gclid=EAIaIQobChMIou3wis7_kgMVTgeiAx0MwQsUEAEYASAAEgLOkfD_BwE" "Mozilla/5.0 (Linux; Android 10; K) AppleWebKit/537.36 (KHTML, like Gecko) SamsungBrowser/29.0 Chrome/136.0.0.0 Safari/537.36"
81.215.254.96 - - [02/Mar/2026:00:09:34 +0300] "GET /_autoindex/assets/js/tablesort.js HTTP/1.1" 200 2300 "http://www.hurdamakara.com/?gad_source=5&gad_campaignid=21593625995&gclid=EAIaIQobChMIou3wis7_kgMVTgeiAx0MwQsUEAEYASAAEgLOkfD_BwE" "Mozilla/5.0 (Linux; Android 10; K) AppleWebKit/537.36 (KHTML, like Gecko) SamsungBrowser/29.0 Chrome/136.0.0.0 Safari/537.36"
81.215.254.96 - - [02/Mar/2026:00:09:34 +0300] "GET /_autoindex/assets/js/tablesort.number.js HTTP/1.1" 200 366 "http://www.hurdamakara.com/?gad_source=5&gad_campaignid=21593625995&gclid=EAIaIQobChMIou3wis7_kgMVTgeiAx0MwQsUEAEYASAAEgLOkfD_BwE" "Mozilla/5.0 (Linux; Android 10; K) AppleWebKit/537.36 (KHTML, like Gecko) SamsungBrowser/29.0 Chrome/136.0.0.0 Safari/537.36"
81.215.254.96 - - [02/Mar/2026:00:09:34 +0300] "GET /_autoindex/assets/icons/folder-fill.svg HTTP/1.1" 200 411 "http://www.hurdamakara.com/?gad_source=5&gad_campaignid=21593625995&gclid=EAIaIQobChMIou3wis7_kgMVTgeiAx0MwQsUEAEYASAAEgLOkfD_BwE" "Mozilla/5.0 (Linux; Android 10; K) AppleWebKit/537.36 (KHTML, like Gecko) SamsungBrowser/29.0 Chrome/136.0.0.0 Safari/537.36"
81.215.254.96 - - [02/Mar/2026:00:09:34 +0300] "GET /favicon.ico HTTP/1.1" 404 796 "http://www.hurdamakara.com/?gad_source=5&gad_campaignid=21593625995&gclid=EAIaIQobChMIou3wis7_kgMVTgeiAx0MwQsUEAEYASAAEgLOkfD_BwE" "Mozilla/5.0 (Linux; Android 10; K) AppleWebKit/537.36 (KHTML, like Gecko) SamsungBrowser/29.0 Chrome/136.0.0.0 Safari/537.36"
213.74.190.156 - - [02/Mar/2026:00:10:14 +0300] "GET /?gad_source=5&gad_campaignid=21593625995&gclid=EAIaIQobChMI0cOJj87_kgMVJeM7Ah1nLSJXEAEYASAAEgKcA_D_BwE HTTP/1.1" 200 774 "-" "Mozilla/5.0 (Linux; Android 10; K) AppleWebKit/537.36 (KHTML, like Gecko) SamsungBrowser/29.0 Chrome/136.0.0.0 Mobile Safari/537.36"
213.74.190.156 - - [02/Mar/2026:00:10:14 +0300] "GET /_autoindex/assets/css/autoindex.css HTTP/1.1" 200 1287 "http://www.hurdamakara.com/?gad_source=5&gad_campaignid=21593625995&gclid=EAIaIQobChMI0cOJj87_kgMVJeM7Ah1nLSJXEAEYASAAEgKcA_D_BwE" "Mozilla/5.0 (Linux; Android 10; K) AppleWebKit/537.36 (KHTML, like Gecko) SamsungBrowser/29.0 Chrome/136.0.0.0 Mobile Safari/537.36"
37.155.155.109 - - [02/Mar/2026:00:08:20 +0300] "GET /_autoindex/assets/icons/folder-fill.svg HTTP/1.1" 200 411 "http://www.hurdamakara.com/?gad_source=5&gad_campaignid=21593625995&gclid=EAIaIQobChMIk5bv4s3_kgMVN3UeAh1ZfwBnEAEYASAAEgIZjPD_BwE" "Mozilla/5.0 (Linux; Android 10; K) AppleWebKit/537.36 (KHTML, like Gecko) Chrome/145.0.0.0 Mobile Safari/537.36"
31.145.241.117 - - [02/Mar/2026:00:08:50 +0300] "GET /?gad_source=5&gad_campaignid=21593625995&gclid=Cj0KCQiA5I_NBhDVARIsAOrqIsZbwo6DrGvQxGutORqArcnZlGVUOEJ3hZSWfXOYz3lpjpOEETz81ssaAjVVEALw_wcB HTTP/1.1" 200 774 "-" "Mozilla/5.0 (Linux; Android 4.4.4; SM-T561 Build/KTU84P) AppleWebKit/537.36 (KHTML, like Gecko) Chrome/40.0.2214.109 Safari/537.36"
31.145.241.117 - - [02/Mar/2026:00:08:50 +0300] "GET /_autoindex/assets/css/autoindex.css HTTP/1.1" 200 1287 "http://www.hurdamakara.com/?gad_source=5&gad_campaignid=21593625995&gclid=Cj0KCQiA5I_NBhDVARIsAOrqIsZbwo6DrGvQxGutORqArcnZlGVUOEJ3hZSWfXOYz3lpjpOEETz81ssaAjVVEALw_wcB" "Mozilla/5.0 (Linux; Android 4.4.4; SM-T561 Build/KTU84P) AppleWebKit/537.36 (KHTML, like Gecko) Chrome/40.0.2214.109 Safari/537.36"
31.145.241.117 - - [02/Mar/2026:00:08:50 +0300] "GET /_autoindex/assets/js/tablesort.js HTTP/1.1" 200 2300 "http://www.hurdamakara.com/?gad_source=5&gad_campaignid=21593625995&gclid=Cj0KCQiA5I_NBhDVARIsAOrqIsZbwo6DrGvQxGutORqArcnZlGVUOEJ3hZSWfXOYz3lpjpOEETz81ssaAjVVEALw_wcB" "Mozilla/5.0 (Linux; Android 4.4.4; SM-T561 Build/KTU84P) AppleWebKit/537.36 (KHTML, like Gecko) Chrome/40.0.2214.109 Safari/537.36"
31.145.241.117 - - [02/Mar/2026:00:08:50 +0300] "GET /_autoindex/assets/js/tablesort.number.js HTTP/1.1" 200 366 "http://www.hurdamakara.com/?gad_source=5&gad_campaignid=21593625995&gclid=Cj0KCQiA5I_NBhDVARIsAOrqIsZbwo6DrGvQxGutORqArcnZlGVUOEJ3hZSWfXOYz3lpjpOEETz81ssaAjVVEALw_wcB" "Mozilla/5.0 (Linux; Android 4.4.4; SM-T561 Build/KTU84P) AppleWebKit/537.36 (KHTML, like Gecko) Chrome/40.0.2214.109 Safari/537.36"
185.191.171.5 - - [02/Mar/2026:00:10:04 +0300] "GET /robots.txt HTTP/1.1" 404 796 "-" "Mozilla/5.0 (compatible; SemrushBot/7~bl; +http://www.semrush.com/bot.html)"
185.191.171.19 - - [02/Mar/2026:00:10:04 +0300] "GET /wp-content/plugins/depicter/vendor/guzzlehttp/psr7/src/Exception/ HTTP/1.1" 200 818 "-" "Mozilla/5.0 (compatible; SemrushBot/7~bl; +http://www.semrush.com/bot.html)"
213.74.190.156 - - [02/Mar/2026:00:10:14 +0300] "GET /_autoindex/assets/js/tablesort.js HTTP/1.1" 200 2300 "http://www.hurdamakara.com/?gad_source=5&gad_campaignid=21593625995&gclid=EAIaIQobChMI0cOJj87_kgMVJeM7Ah1nLSJXEAEYASAAEgKcA_D_BwE" "Mozilla/5.0 (Linux; Android 10; K) AppleWebKit/537.36 (KHTML, like Gecko) SamsungBrowser/29.0 Chrome/136.0.0.0 Mobile Safari/537.36"
213.74.190.156 - - [02/Mar/2026:00:10:14 +0300] "GET /_autoindex/assets/js/tablesort.number.js HTTP/1.1" 200 366 "http://www.hurdamakara.com/?gad_source=5&gad_campaignid=21593625995&gclid=EAIaIQobChMI0cOJj87_kgMVJeM7Ah1nLSJXEAEYASAAEgKcA_D_BwE" "Mozilla/5.0 (Linux; Android 10; K) AppleWebKit/537.36 (KHTML, like Gecko) SamsungBrowser/29.0 Chrome/136.0.0.0 Mobile Safari/537.36"
213.74.190.156 - - [02/Mar/2026:00:10:14 +0300] "GET /favicon.ico HTTP/1.1" 404 796 "http://www.hurdamakara.com/?gad_source=5&gad_campaignid=21593625995&gclid=EAIaIQobChMI0cOJj87_kgMVJeM7Ah1nLSJXEAEYASAAEgKcA_D_BwE" "Mozilla/5.0 (Linux; Android 10; K) AppleWebKit/537.36 (KHTML, like Gecko) SamsungBrowser/29.0 Chrome/136.0.0.0 Mobile Safari/537.36"
85.102.38.80 - - [02/Mar/2026:00:10:49 +0300] "GET /_autoindex/assets/js/tablesort.number.js HTTP/1.1" 200 366 "http://www.hurdamakara.com/?gad_source=5&gad_campaignid=21593625995&gclid=Cj0KCQiA5I_NBhDVARIsAOrqIsY8hVySKqP7cK5Xorje4PPeSonX91p15h0qrlNo3iuH4WIoxytsFnkaAjjlEALw_wcB" "Mozilla/5.0 (Linux; Android 10; Redmi Note 8 Build/QKQ1.200114.002) AppleWebKit/537.36 (KHTML, like Gecko) Chrome/123.0.6312.118 Mobile Safari/537.36 XiaoMi/MiuiBrowser/14.47.1-gn"
213.74.190.156 - - [02/Mar/2026:00:10:14 +0300] "GET /_autoindex/assets/icons/folder-fill.svg HTTP/1.1" 200 411 "http://www.hurdamakara.com/?gad_source=5&gad_campaignid=21593625995&gclid=EAIaIQobChMI0cOJj87_kgMVJeM7Ah1nLSJXEAEYASAAEgKcA_D_BwE" "Mozilla/5.0 (Linux; Android 10; K) AppleWebKit/537.36 (KHTML, like Gecko) SamsungBrowser/29.0 Chrome/136.0.0.0 Mobile Safari/537.36"
85.102.38.80 - - [02/Mar/2026:00:10:44 +0300] "GET /?gad_source=5&gad_campaignid=21593625995&gclid=Cj0KCQiA5I_NBhDVARIsAOrqIsY8hVySKqP7cK5Xorje4PPeSonX91p15h0qrlNo3iuH4WIoxytsFnkaAjjlEALw_wcB HTTP/1.1" 200 774 "-" "Mozilla/5.0 (Linux; Android 10; Redmi Note 8 Build/QKQ1.200114.002) AppleWebKit/537.36 (KHTML, like Gecko) Chrome/123.0.6312.118 Mobile Safari/537.36 XiaoMi/MiuiBrowser/14.47.1-gn"
85.102.38.80 - - [02/Mar/2026:00:10:49 +0300] "GET /_autoindex/assets/css/autoindex.css HTTP/1.1" 200 1287 "http://www.hurdamakara.com/?gad_source=5&gad_campaignid=21593625995&gclid=Cj0KCQiA5I_NBhDVARIsAOrqIsY8hVySKqP7cK5Xorje4PPeSonX91p15h0qrlNo3iuH4WIoxytsFnkaAjjlEALw_wcB" "Mozilla/5.0 (Linux; Android 10; Redmi Note 8 Build/QKQ1.200114.002) AppleWebKit/537.36 (KHTML, like Gecko) Chrome/123.0.6312.118 Mobile Safari/537.36 XiaoMi/MiuiBrowser/14.47.1-gn"
85.102.38.80 - - [02/Mar/2026:00:10:49 +0300] "GET /_autoindex/assets/js/tablesort.js HTTP/1.1" 200 2300 "http://www.hurdamakara.com/?gad_source=5&gad_campaignid=21593625995&gclid=Cj0KCQiA5I_NBhDVARIsAOrqIsY8hVySKqP7cK5Xorje4PPeSonX91p15h0qrlNo3iuH4WIoxytsFnkaAjjlEALw_wcB" "Mozilla/5.0 (Linux; Android 10; Redmi Note 8 Build/QKQ1.200114.002) AppleWebKit/537.36 (KHTML, like Gecko) Chrome/123.0.6312.118 Mobile Safari/537.36 XiaoMi/MiuiBrowser/14.47.1-gn"
85.102.38.80 - - [02/Mar/2026:00:10:49 +0300] "GET /_autoindex/assets/icons/folder-fill.svg HTTP/1.1" 200 411 "http://www.hurdamakara.com/?gad_source=5&gad_campaignid=21593625995&gclid=Cj0KCQiA5I_NBhDVARIsAOrqIsY8hVySKqP7cK5Xorje4PPeSonX91p15h0qrlNo3iuH4WIoxytsFnkaAjjlEALw_wcB" "Mozilla/5.0 (Linux; Android 10; Redmi Note 8 Build/QKQ1.200114.002) AppleWebKit/537.36 (KHTML, like Gecko) Chrome/123.0.6312.118 Mobile Safari/537.36 XiaoMi/MiuiBrowser/14.47.1-gn"
85.102.38.80 - - [02/Mar/2026:00:10:49 +0300] "GET /favicon.ico HTTP/1.1" 404 796 "http://www.hurdamakara.com/?gad_source=5&gad_campaignid=21593625995&gclid=Cj0KCQiA5I_NBhDVARIsAOrqIsY8hVySKqP7cK5Xorje4PPeSonX91p15h0qrlNo3iuH4WIoxytsFnkaAjjlEALw_wcB" "Mozilla/5.0 (Linux; Android 10; Redmi Note 8 Build/QKQ1.200114.002) AppleWebKit/537.36 (KHTML, like Gecko) Chrome/123.0.6312.118 Mobile Safari/537.36 XiaoMi/MiuiBrowser/14.47.1-gn"
78.176.236.161 - - [02/Mar/2026:00:11:12 +0300] "GET /_autoindex/assets/icons/folder-fill.svg HTTP/1.1" 200 411 "http://www.hurdamakara.com/?gbraid=0AAAAAqcpEzthcupJx2laGimQe4o8YdFk3&gad_source=5&gad_campaignid=21593625995&gclid=Cj0KCQiA5I_NBhDVARIsAOrqIsaBkMf1GCz0lF-YR_yjL5vGQB0FNO6ZHruwWFKh5P-yL1O39T77H1oaAtGXEALw_wcB" "Mozilla/5.0 (Linux; Android 10; K) AppleWebKit/537.36 (KHTML, like Gecko) SamsungBrowser/29.0 Chrome/136.0.0.0 Mobile Safari/537.36"
78.176.236.161 - - [02/Mar/2026:00:11:12 +0300] "GET /favicon.ico HTTP/1.1" 404 796 "http://www.hurdamakara.com/?gbraid=0AAAAAqcpEzthcupJx2laGimQe4o8YdFk3&gad_source=5&gad_campaignid=21593625995&gclid=Cj0KCQiA5I_NBhDVARIsAOrqIsaBkMf1GCz0lF-YR_yjL5vGQB0FNO6ZHruwWFKh5P-yL1O39T77H1oaAtGXEALw_wcB" "Mozilla/5.0 (Linux; Android 10; K) AppleWebKit/537.36 (KHTML, like Gecko) SamsungBrowser/29.0 Chrome/136.0.0.0 Mobile Safari/537.36"
78.188.116.10 - - [02/Mar/2026:00:11:14 +0300] "GET /?gad_source=5&gad_campaignid=21593625995&gclid=Cj0KCQiA5I_NBhDVARIsAOrqIsbaIn-tWSOE4b4U8Z6ziDHlNZESHdB4J_V_u7ZqQsX8tOx0t3pPFQYaAqh6EALw_wcB HTTP/1.1" 200 774 "-" "Mozilla/5.0 (Linux; Android 10; K) AppleWebKit/537.36 (KHTML, like Gecko) SamsungBrowser/29.0 Chrome/136.0.0.0 Mobile Safari/537.36"
78.188.116.10 - - [02/Mar/2026:00:11:14 +0300] "GET /_autoindex/assets/css/autoindex.css HTTP/1.1" 200 1287 "http://www.hurdamakara.com/?gad_source=5&gad_campaignid=21593625995&gclid=Cj0KCQiA5I_NBhDVARIsAOrqIsbaIn-tWSOE4b4U8Z6ziDHlNZESHdB4J_V_u7ZqQsX8tOx0t3pPFQYaAqh6EALw_wcB" "Mozilla/5.0 (Linux; Android 10; K) AppleWebKit/537.36 (KHTML, like Gecko) SamsungBrowser/29.0 Chrome/136.0.0.0 Mobile Safari/537.36"
