165.245.178.90 - - [01/Mar/2026:18:26:25 +0300] "GET /wp-admin/css/ HTTP/1.1" 200 3401 "binance.com" "Mozilla/5.0 (Windows NT 10.0; Win64; x64) AppleWebKit/537.36 (KHTML, like Gecko) Chrome/90.0.4430.85 Safari/537.36"
165.245.178.90 - - [01/Mar/2026:18:26:26 +0300] "GET /wp-content/uploads/2026/02/ HTTP/1.1" 404 796 "binance.com" "Mozilla/5.0 (Windows NT 10.0; Win64; x64) AppleWebKit/537.36 (KHTML, like Gecko) Chrome/90.0.4430.85 Safari/537.36"
165.245.178.90 - - [01/Mar/2026:18:26:26 +0300] "GET /wp-content/uploads/2026/01/ HTTP/1.1" 404 796 "binance.com" "Mozilla/5.0 (Windows NT 10.0; Win64; x64) AppleWebKit/537.36 (KHTML, like Gecko) Chrome/90.0.4430.85 Safari/537.36"
165.245.178.90 - - [01/Mar/2026:18:26:26 +0300] "GET /wp-content/uploads/ HTTP/1.1" 200 1347 "binance.com" "Mozilla/5.0 (Windows NT 10.0; Win64; x64) AppleWebKit/537.36 (KHTML, like Gecko) Chrome/90.0.4430.85 Safari/537.36"
165.245.178.90 - - [01/Mar/2026:18:26:27 +0300] "GET /wp-content/languages/ HTTP/1.1" 200 797 "binance.com" "Mozilla/5.0 (Windows NT 10.0; Win64; x64) AppleWebKit/537.36 (KHTML, like Gecko) Chrome/90.0.4430.85 Safari/537.36"
165.245.178.90 - - [01/Mar/2026:18:26:28 +0300] "GET /wp-admin/includes/ HTTP/1.1" 200 2828 "binance.com" "Mozilla/5.0 (Windows NT 10.0; Win64; x64) AppleWebKit/537.36 (KHTML, like Gecko) Chrome/90.0.4430.85 Safari/537.36"
165.245.178.90 - - [01/Mar/2026:18:26:28 +0300] "GET /wp-admin/includes/ HTTP/1.1" 200 2828 "binance.com" "Mozilla/5.0 (Windows NT 10.0; Win64; x64) AppleWebKit/537.36 (KHTML, like Gecko) Chrome/90.0.4430.85 Safari/537.36"
165.245.178.90 - - [01/Mar/2026:18:26:28 +0300] "GET /wp-admin/maint/ HTTP/1.1" 200 768 "binance.com" "Mozilla/5.0 (Windows NT 10.0; Win64; x64) AppleWebKit/537.36 (KHTML, like Gecko) Chrome/90.0.4430.85 Safari/537.36"
165.245.178.90 - - [01/Mar/2026:18:26:30 +0300] "GET /wp-admin/css/ HTTP/1.1" 200 3419 "binance.com" "Mozilla/5.0 (Windows NT 10.0; Win64; x64) AppleWebKit/537.36 (KHTML, like Gecko) Chrome/90.0.4430.85 Safari/537.36"
165.245.178.90 - - [01/Mar/2026:18:26:31 +0300] "GET /wp-admin/css/colors/blue/ HTTP/1.1" 200 880 "binance.com" "Mozilla/5.0 (Windows NT 10.0; Win64; x64) AppleWebKit/537.36 (KHTML, like Gecko) Chrome/90.0.4430.85 Safari/537.36"
165.245.178.90 - - [01/Mar/2026:18:26:32 +0300] "GET /wp-admin/css/colors/coffee/ HTTP/1.1" 200 878 "binance.com" "Mozilla/5.0 (Windows NT 10.0; Win64; x64) AppleWebKit/537.36 (KHTML, like Gecko) Chrome/90.0.4430.85 Safari/537.36"
165.245.178.90 - - [01/Mar/2026:18:26:33 +0300] "GET /wp-admin/css/colors/light/ HTTP/1.1" 200 881 "binance.com" "Mozilla/5.0 (Windows NT 10.0; Win64; x64) AppleWebKit/537.36 (KHTML, like Gecko) Chrome/90.0.4430.85 Safari/537.36"
165.245.178.90 - - [01/Mar/2026:18:26:33 +0300] "GET /wp-admin/css/colors/modern/ HTTP/1.1" 200 882 "binance.com" "Mozilla/5.0 (Windows NT 10.0; Win64; x64) AppleWebKit/537.36 (KHTML, like Gecko) Chrome/90.0.4430.85 Safari/537.36"
165.245.178.90 - - [01/Mar/2026:18:26:34 +0300] "GET /wp-admin/css/colors/ocean/ HTTP/1.1" 200 879 "binance.com" "Mozilla/5.0 (Windows NT 10.0; Win64; x64) AppleWebKit/537.36 (KHTML, like Gecko) Chrome/90.0.4430.85 Safari/537.36"
165.245.178.90 - - [01/Mar/2026:18:26:34 +0300] "GET /wp-admin/css/colors/sunrise/%20 HTTP/1.1" 404 796 "binance.com" "Mozilla/5.0 (Windows NT 10.0; Win64; x64) AppleWebKit/537.36 (KHTML, like Gecko) Chrome/90.0.4430.85 Safari/537.36"
165.245.178.90 - - [01/Mar/2026:18:26:36 +0300] "GET /wp-includes/ HTTP/1.1" 200 6451 "binance.com" "Mozilla/5.0 (Windows NT 10.0; Win64; x64) AppleWebKit/537.36 (KHTML, like Gecko) Chrome/90.0.4430.85 Safari/537.36"
165.245.178.90 - - [01/Mar/2026:18:26:36 +0300] "GET /wp-includes/ HTTP/1.1" 200 6355 "binance.com" "Mozilla/5.0 (Windows NT 10.0; Win64; x64) AppleWebKit/537.36 (KHTML, like Gecko) Chrome/90.0.4430.85 Safari/537.36"
165.245.178.90 - - [01/Mar/2026:18:26:37 +0300] "GET /wp-includes/abilities.php HTTP/1.1" 200 0 "binance.com" "Mozilla/5.0 (Windows NT 10.0; Win64; x64) AppleWebKit/537.36 (KHTML, like Gecko) Chrome/90.0.4430.85 Safari/537.36"
165.245.178.90 - - [01/Mar/2026:18:26:37 +0300] "GET /wp-includes/block-bindings.php HTTP/1.1" 200 0 "binance.com" "Mozilla/5.0 (Windows NT 10.0; Win64; x64) AppleWebKit/537.36 (KHTML, like Gecko) Chrome/90.0.4430.85 Safari/537.36"
165.245.178.90 - - [01/Mar/2026:18:26:38 +0300] "GET /wp-includes/class-avif-info.php HTTP/1.1" 200 0 "binance.com" "Mozilla/5.0 (Windows NT 10.0; Win64; x64) AppleWebKit/537.36 (KHTML, like Gecko) Chrome/90.0.4430.85 Safari/537.36"
165.245.178.90 - - [01/Mar/2026:18:26:39 +0300] "GET /wp-includes/class-wp-block-metadata-registry.php HTTP/1.1" 200 0 "binance.com" "Mozilla/5.0 (Windows NT 10.0; Win64; x64) AppleWebKit/537.36 (KHTML, like Gecko) Chrome/90.0.4430.85 Safari/537.36"
165.245.178.90 - - [01/Mar/2026:18:26:40 +0300] "GET /wp-includes/class-wp-block-parser-block.php HTTP/1.1" 200 0 "binance.com" "Mozilla/5.0 (Windows NT 10.0; Win64; x64) AppleWebKit/537.36 (KHTML, like Gecko) Chrome/90.0.4430.85 Safari/537.36"
165.245.178.90 - - [01/Mar/2026:18:26:41 +0300] "GET /wp-includes/class-wp-block-processor.php HTTP/1.1" 200 0 "binance.com" "Mozilla/5.0 (Windows NT 10.0; Win64; x64) AppleWebKit/537.36 (KHTML, like Gecko) Chrome/90.0.4430.85 Safari/537.36"
165.245.178.90 - - [01/Mar/2026:18:26:41 +0300] "GET /wp-includes/class-wp-block-template.php HTTP/1.1" 200 0 "binance.com" "Mozilla/5.0 (Windows NT 10.0; Win64; x64) AppleWebKit/537.36 (KHTML, like Gecko) Chrome/90.0.4430.85 Safari/537.36"
165.245.178.90 - - [01/Mar/2026:18:26:42 +0300] "GET /wp-includes/class-wp-classic-to-block-menu-converter.php HTTP/1.1" 200 0 "binance.com" "Mozilla/5.0 (Windows NT 10.0; Win64; x64) AppleWebKit/537.36 (KHTML, like Gecko) Chrome/90.0.4430.85 Safari/537.36"
165.245.178.90 - - [01/Mar/2026:18:26:42 +0300] "GET /wp-includes/class-wp-dependencies.php HTTP/1.1" 200 0 "binance.com" "Mozilla/5.0 (Windows NT 10.0; Win64; x64) AppleWebKit/537.36 (KHTML, like Gecko) Chrome/90.0.4430.85 Safari/537.36"
165.245.178.90 - - [01/Mar/2026:18:26:43 +0300] "GET /wp-includes/class-wp-exception.php HTTP/1.1" 200 0 "binance.com" "Mozilla/5.0 (Windows NT 10.0; Win64; x64) AppleWebKit/537.36 (KHTML, like Gecko) Chrome/90.0.4430.85 Safari/537.36"
165.245.178.90 - - [01/Mar/2026:18:26:44 +0300] "GET /wp-includes/class-wp-phpmailer.php HTTP/1.1" 500 0 "binance.com" "Mozilla/5.0 (Windows NT 10.0; Win64; x64) AppleWebKit/537.36 (KHTML, like Gecko) Chrome/90.0.4430.85 Safari/537.36"
165.245.178.90 - - [01/Mar/2026:18:26:33 +0300] "GET /wp-admin/css/colors/midnight/ HTTP/1.1" 200 883 "binance.com" "Mozilla/5.0 (Windows NT 10.0; Win64; x64) AppleWebKit/537.36 (KHTML, like Gecko) Chrome/90.0.4430.85 Safari/537.36"
165.245.178.90 - - [01/Mar/2026:18:26:35 +0300] "GET /wp-admin/images/ HTTP/1.1" 200 789 "binance.com" "Mozilla/5.0 (Windows NT 10.0; Win64; x64) AppleWebKit/537.36 (KHTML, like Gecko) Chrome/90.0.4430.85 Safari/537.36"
165.245.178.90 - - [01/Mar/2026:18:26:35 +0300] "GET /wp-admin/js/ HTTP/1.1" 200 2895 "binance.com" "Mozilla/5.0 (Windows NT 10.0; Win64; x64) AppleWebKit/537.36 (KHTML, like Gecko) Chrome/90.0.4430.85 Safari/537.36"
165.245.178.90 - - [01/Mar/2026:18:26:35 +0300] "GET /wp-admin/js/widgets/ HTTP/1.1" 200 1434 "binance.com" "Mozilla/5.0 (Windows NT 10.0; Win64; x64) AppleWebKit/537.36 (KHTML, like Gecko) Chrome/90.0.4430.85 Safari/537.36"
165.245.178.90 - - [01/Mar/2026:18:26:37 +0300] "GET /wp-includes/block-template-utils.php HTTP/1.1" 200 0 "binance.com" "Mozilla/5.0 (Windows NT 10.0; Win64; x64) AppleWebKit/537.36 (KHTML, like Gecko) Chrome/90.0.4430.85 Safari/537.36"
165.245.178.90 - - [01/Mar/2026:18:26:38 +0300] "GET /wp-includes/class-wp-block-bindings-registry.php HTTP/1.1" 200 0 "binance.com" "Mozilla/5.0 (Windows NT 10.0; Win64; x64) AppleWebKit/537.36 (KHTML, like Gecko) Chrome/90.0.4430.85 Safari/537.36"
165.245.178.90 - - [01/Mar/2026:18:26:39 +0300] "GET /wp-includes/class-wp-block-bindings-source.php HTTP/1.1" 200 0 "binance.com" "Mozilla/5.0 (Windows NT 10.0; Win64; x64) AppleWebKit/537.36 (KHTML, like Gecko) Chrome/90.0.4430.85 Safari/537.36"
165.245.178.90 - - [01/Mar/2026:18:26:39 +0300] "GET /wp-includes/class-wp-block-editor-context.php HTTP/1.1" 200 0 "binance.com" "Mozilla/5.0 (Windows NT 10.0; Win64; x64) AppleWebKit/537.36 (KHTML, like Gecko) Chrome/90.0.4430.85 Safari/537.36"
165.245.178.90 - - [01/Mar/2026:18:26:40 +0300] "GET /wp-includes/class-wp-block-parser-frame.php HTTP/1.1" 200 0 "binance.com" "Mozilla/5.0 (Windows NT 10.0; Win64; x64) AppleWebKit/537.36 (KHTML, like Gecko) Chrome/90.0.4430.85 Safari/537.36"
165.245.178.90 - - [01/Mar/2026:18:26:41 +0300] "GET /wp-includes/class-wp-block-templates-registry.php HTTP/1.1" 200 0 "binance.com" "Mozilla/5.0 (Windows NT 10.0; Win64; x64) AppleWebKit/537.36 (KHTML, like Gecko) Chrome/90.0.4430.85 Safari/537.36"
165.245.178.90 - - [01/Mar/2026:18:26:43 +0300] "GET /wp-includes/class-wp-duotone.php HTTP/1.1" 200 0 "binance.com" "Mozilla/5.0 (Windows NT 10.0; Win64; x64) AppleWebKit/537.36 (KHTML, like Gecko) Chrome/90.0.4430.85 Safari/537.36"
165.245.178.90 - - [01/Mar/2026:18:26:43 +0300] "GET /wp-includes/class-wp-http.php HTTP/1.1" 200 22 "binance.com" "Mozilla/5.0 (Windows NT 10.0; Win64; x64) AppleWebKit/537.36 (KHTML, like Gecko) Chrome/90.0.4430.85 Safari/537.36"
165.245.178.90 - - [01/Mar/2026:18:26:44 +0300] "GET /wp-includes/class-wp-navigation-fallback.php HTTP/1.1" 200 0 "binance.com" "Mozilla/5.0 (Windows NT 10.0; Win64; x64) AppleWebKit/537.36 (KHTML, like Gecko) Chrome/90.0.4430.85 Safari/537.36"
165.245.178.90 - - [01/Mar/2026:18:26:45 +0300] "GET /wp-includes/class-wp-plugin-dependencies.php HTTP/1.1" 200 0 "binance.com" "Mozilla/5.0 (Windows NT 10.0; Win64; x64) AppleWebKit/537.36 (KHTML, like Gecko) Chrome/90.0.4430.85 Safari/537.36"
165.245.178.90 - - [01/Mar/2026:18:26:45 +0300] "GET /wp-includes/class-wp-scripts.php HTTP/1.1" 500 0 "binance.com" "Mozilla/5.0 (Windows NT 10.0; Win64; x64) AppleWebKit/537.36 (KHTML, like Gecko) Chrome/90.0.4430.85 Safari/537.36"
165.245.178.90 - - [01/Mar/2026:18:26:46 +0300] "GET /wp-includes/class-wp-speculation-rules.php HTTP/1.1" 200 0 "binance.com" "Mozilla/5.0 (Windows NT 10.0; Win64; x64) AppleWebKit/537.36 (KHTML, like Gecko) Chrome/90.0.4430.85 Safari/537.36"
165.245.178.90 - - [01/Mar/2026:18:26:47 +0300] "GET /wp-includes/class-wp-theme-json-data.php HTTP/1.1" 200 0 "binance.com" "Mozilla/5.0 (Windows NT 10.0; Win64; x64) AppleWebKit/537.36 (KHTML, like Gecko) Chrome/90.0.4430.85 Safari/537.36"
165.245.178.90 - - [01/Mar/2026:18:26:48 +0300] "GET /wp-includes/class-wp-theme-json.php HTTP/1.1" 200 0 "binance.com" "Mozilla/5.0 (Windows NT 10.0; Win64; x64) AppleWebKit/537.36 (KHTML, like Gecko) Chrome/90.0.4430.85 Safari/537.36"
165.245.178.90 - - [01/Mar/2026:18:26:49 +0300] "GET /wp-includes/class-wp-url-pattern-prefixer.php HTTP/1.1" 200 0 "binance.com" "Mozilla/5.0 (Windows NT 10.0; Win64; x64) AppleWebKit/537.36 (KHTML, like Gecko) Chrome/90.0.4430.85 Safari/537.36"
165.245.178.90 - - [01/Mar/2026:18:26:50 +0300] "GET /wp-includes/global-styles-and-settings.php HTTP/1.1" 200 0 "binance.com" "Mozilla/5.0 (Windows NT 10.0; Win64; x64) AppleWebKit/537.36 (KHTML, like Gecko) Chrome/90.0.4430.85 Safari/537.36"
165.245.178.90 - - [01/Mar/2026:18:26:51 +0300] "GET /wp-includes/script-modules.php HTTP/1.1" 200 0 "binance.com" "Mozilla/5.0 (Windows NT 10.0; Win64; x64) AppleWebKit/537.36 (KHTML, like Gecko) Chrome/90.0.4430.85 Safari/537.36"
165.245.178.90 - - [01/Mar/2026:18:26:51 +0300] "GET /wp-includes/template-canvas.php HTTP/1.1" 500 0 "binance.com" "Mozilla/5.0 (Windows NT 10.0; Win64; x64) AppleWebKit/537.36 (KHTML, like Gecko) Chrome/90.0.4430.85 Safari/537.36"
165.245.178.90 - - [01/Mar/2026:18:26:51 +0300] "GET /wp-includes/theme-previews.php HTTP/1.1" 200 0 "binance.com" "Mozilla/5.0 (Windows NT 10.0; Win64; x64) AppleWebKit/537.36 (KHTML, like Gecko) Chrome/90.0.4430.85 Safari/537.36"
165.245.178.90 - - [01/Mar/2026:18:26:52 +0300] "GET /wp-includes/theme-templates.php HTTP/1.1" 200 0 "binance.com" "Mozilla/5.0 (Windows NT 10.0; Win64; x64) AppleWebKit/537.36 (KHTML, like Gecko) Chrome/90.0.4430.85 Safari/537.36"
165.245.178.90 - - [01/Mar/2026:18:26:52 +0300] "GET /wp-includes/ID3/ HTTP/1.1" 200 782 "binance.com" "Mozilla/5.0 (Windows NT 10.0; Win64; x64) AppleWebKit/537.36 (KHTML, like Gecko) Chrome/90.0.4430.85 Safari/537.36"
165.245.178.90 - - [01/Mar/2026:18:26:53 +0300] "GET /wp-includes/IXR/ HTTP/1.1" 200 986 "binance.com" "Mozilla/5.0 (Windows NT 10.0; Win64; x64) AppleWebKit/537.36 (KHTML, like Gecko) Chrome/90.0.4430.85 Safari/537.36"
165.245.178.90 - - [01/Mar/2026:18:26:53 +0300] "GET /wp-includes/IXR/ HTTP/1.1" 200 986 "binance.com" "Mozilla/5.0 (Windows NT 10.0; Win64; x64) AppleWebKit/537.36 (KHTML, like Gecko) Chrome/90.0.4430.85 Safari/537.36"
165.245.178.90 - - [01/Mar/2026:18:26:54 +0300] "GET /wp-includes/PHPMailer/ HTTP/1.1" 200 822 "binance.com" "Mozilla/5.0 (Windows NT 10.0; Win64; x64) AppleWebKit/537.36 (KHTML, like Gecko) Chrome/90.0.4430.85 Safari/537.36"
165.245.178.90 - - [01/Mar/2026:18:26:54 +0300] "GET /wp-includes/PHPMailer/DSNConfigurator.php HTTP/1.1" 200 0 "binance.com" "Mozilla/5.0 (Windows NT 10.0; Win64; x64) AppleWebKit/537.36 (KHTML, like Gecko) Chrome/90.0.4430.85 Safari/537.36"
165.245.178.90 - - [01/Mar/2026:18:26:55 +0300] "GET /wp-includes/Text/ HTTP/1.1" 200 855 "binance.com" "Mozilla/5.0 (Windows NT 10.0; Win64; x64) AppleWebKit/537.36 (KHTML, like Gecko) Chrome/90.0.4430.85 Safari/537.36"
165.245.178.90 - - [01/Mar/2026:18:26:56 +0300] "GET /wp-includes/Text/Diff/ HTTP/1.1" 200 858 "binance.com" "Mozilla/5.0 (Windows NT 10.0; Win64; x64) AppleWebKit/537.36 (KHTML, like Gecko) Chrome/90.0.4430.85 Safari/537.36"
165.245.178.90 - - [01/Mar/2026:18:26:56 +0300] "GET /wp-includes/Text/Diff/Engine/ HTTP/1.1" 200 860 "binance.com" "Mozilla/5.0 (Windows NT 10.0; Win64; x64) AppleWebKit/537.36 (KHTML, like Gecko) Chrome/90.0.4430.85 Safari/537.36"
165.245.178.90 - - [01/Mar/2026:18:26:57 +0300] "GET /wp-includes/Text/Diff/Engine/ HTTP/1.1" 200 860 "binance.com" "Mozilla/5.0 (Windows NT 10.0; Win64; x64) AppleWebKit/537.36 (KHTML, like Gecko) Chrome/90.0.4430.85 Safari/537.36"
165.245.178.90 - - [01/Mar/2026:18:26:57 +0300] "GET /wp-includes/Text/Diff/Renderer/ HTTP/1.1" 200 783 "binance.com" "Mozilla/5.0 (Windows NT 10.0; Win64; x64) AppleWebKit/537.36 (KHTML, like Gecko) Chrome/90.0.4430.85 Safari/537.36"
165.245.178.90 - - [01/Mar/2026:18:26:45 +0300] "GET /wp-includes/class-wp-script-modules.php HTTP/1.1" 200 0 "binance.com" "Mozilla/5.0 (Windows NT 10.0; Win64; x64) AppleWebKit/537.36 (KHTML, like Gecko) Chrome/90.0.4430.85 Safari/537.36"
165.245.178.90 - - [01/Mar/2026:18:26:46 +0300] "GET /wp-includes/class-wp-styles.php HTTP/1.1" 500 0 "binance.com" "Mozilla/5.0 (Windows NT 10.0; Win64; x64) AppleWebKit/537.36 (KHTML, like Gecko) Chrome/90.0.4430.85 Safari/537.36"
165.245.178.90 - - [01/Mar/2026:18:26:47 +0300] "GET /wp-includes/class-wp-textdomain-registry.php HTTP/1.1" 200 0 "binance.com" "Mozilla/5.0 (Windows NT 10.0; Win64; x64) AppleWebKit/537.36 (KHTML, like Gecko) Chrome/90.0.4430.85 Safari/537.36"
165.245.178.90 - - [01/Mar/2026:18:26:47 +0300] "GET /wp-includes/class-wp-theme-json-resolver.php HTTP/1.1" 200 0 "binance.com" "Mozilla/5.0 (Windows NT 10.0; Win64; x64) AppleWebKit/537.36 (KHTML, like Gecko) Chrome/90.0.4430.85 Safari/537.36"
165.245.178.90 - - [01/Mar/2026:18:26:48 +0300] "GET /wp-includes/class-wp-theme-json-schema.php HTTP/1.1" 200 0 "binance.com" "Mozilla/5.0 (Windows NT 10.0; Win64; x64) AppleWebKit/537.36 (KHTML, like Gecko) Chrome/90.0.4430.85 Safari/537.36"
165.245.178.90 - - [01/Mar/2026:18:26:49 +0300] "GET /wp-includes/class-wp-token-map.php HTTP/1.1" 200 0 "binance.com" "Mozilla/5.0 (Windows NT 10.0; Win64; x64) AppleWebKit/537.36 (KHTML, like Gecko) Chrome/90.0.4430.85 Safari/537.36"
165.245.178.90 - - [01/Mar/2026:18:26:49 +0300] "GET /wp-includes/fonts.php HTTP/1.1" 200 0 "binance.com" "Mozilla/5.0 (Windows NT 10.0; Win64; x64) AppleWebKit/537.36 (KHTML, like Gecko) Chrome/90.0.4430.85 Safari/537.36"
165.245.178.90 - - [01/Mar/2026:18:26:50 +0300] "GET /wp-includes/https-detection.php HTTP/1.1" 200 0 "binance.com" "Mozilla/5.0 (Windows NT 10.0; Win64; x64) AppleWebKit/537.36 (KHTML, like Gecko) Chrome/90.0.4430.85 Safari/537.36"
165.245.178.90 - - [01/Mar/2026:18:26:52 +0300] "GET /wp-includes/ID3/ HTTP/1.1" 200 782 "binance.com" "Mozilla/5.0 (Windows NT 10.0; Win64; x64) AppleWebKit/537.36 (KHTML, like Gecko) Chrome/90.0.4430.85 Safari/537.36"
165.245.178.90 - - [01/Mar/2026:18:26:54 +0300] "GET /wp-includes/PHPMailer/ HTTP/1.1" 200 822 "binance.com" "Mozilla/5.0 (Windows NT 10.0; Win64; x64) AppleWebKit/537.36 (KHTML, like Gecko) Chrome/90.0.4430.85 Safari/537.36"
165.245.178.90 - - [01/Mar/2026:18:26:55 +0300] "GET /wp-includes/Text/ HTTP/1.1" 200 855 "binance.com" "Mozilla/5.0 (Windows NT 10.0; Win64; x64) AppleWebKit/537.36 (KHTML, like Gecko) Chrome/90.0.4430.85 Safari/537.36"
165.245.178.90 - - [01/Mar/2026:18:26:56 +0300] "GET /wp-includes/Text/Diff/ HTTP/1.1" 200 858 "binance.com" "Mozilla/5.0 (Windows NT 10.0; Win64; x64) AppleWebKit/537.36 (KHTML, like Gecko) Chrome/90.0.4430.85 Safari/537.36"
165.245.178.90 - - [01/Mar/2026:18:26:58 +0300] "GET /wp-includes/Text/Diff/Renderer/ HTTP/1.1" 200 783 "binance.com" "Mozilla/5.0 (Windows NT 10.0; Win64; x64) AppleWebKit/537.36 (KHTML, like Gecko) Chrome/90.0.4430.85 Safari/537.36"
165.245.178.90 - - [01/Mar/2026:18:26:59 +0300] "GET /wp-includes/pomo/ HTTP/1.1" 200 895 "binance.com" "Mozilla/5.0 (Windows NT 10.0; Win64; x64) AppleWebKit/537.36 (KHTML, like Gecko) Chrome/90.0.4430.85 Safari/537.36"
165.245.178.90 - - [01/Mar/2026:18:26:59 +0300] "GET /wp-includes/sitemaps/ HTTP/1.1" 200 1300 "binance.com" "Mozilla/5.0 (Windows NT 10.0; Win64; x64) AppleWebKit/537.36 (KHTML, like Gecko) Chrome/90.0.4430.85 Safari/537.36"
165.245.178.90 - - [01/Mar/2026:18:27:00 +0300] "GET /wp-includes/sitemaps/ HTTP/1.1" 200 1300 "binance.com" "Mozilla/5.0 (Windows NT 10.0; Win64; x64) AppleWebKit/537.36 (KHTML, like Gecko) Chrome/90.0.4430.85 Safari/537.36"
165.245.178.90 - - [01/Mar/2026:18:27:00 +0300] "GET /wp-includes/sitemaps/providers/ HTTP/1.1" 200 911 "binance.com" "Mozilla/5.0 (Windows NT 10.0; Win64; x64) AppleWebKit/537.36 (KHTML, like Gecko) Chrome/90.0.4430.85 Safari/537.36"
165.245.178.90 - - [01/Mar/2026:18:26:58 +0300] "GET /wp-includes/blocks/ HTTP/1.1" 200 22 "binance.com" "Mozilla/5.0 (Windows NT 10.0; Win64; x64) AppleWebKit/537.36 (KHTML, like Gecko) Chrome/90.0.4430.85 Safari/537.36"
165.245.178.90 - - [01/Mar/2026:18:26:58 +0300] "GET /wp-includes/pomo/ HTTP/1.1" 200 895 "binance.com" "Mozilla/5.0 (Windows NT 10.0; Win64; x64) AppleWebKit/537.36 (KHTML, like Gecko) Chrome/90.0.4430.85 Safari/537.36"
165.245.178.90 - - [01/Mar/2026:18:27:00 +0300] "GET /wp-includes/sitemaps/providers/ HTTP/1.1" 200 911 "binance.com" "Mozilla/5.0 (Windows NT 10.0; Win64; x64) AppleWebKit/537.36 (KHTML, like Gecko) Chrome/90.0.4430.85 Safari/537.36"
165.245.178.90 - - [01/Mar/2026:18:27:02 +0300] "GET /wp-includes/widgets/class-wp-widget-block.php HTTP/1.1" 500 0 "binance.com" "Mozilla/5.0 (Windows NT 10.0; Win64; x64) AppleWebKit/537.36 (KHTML, like Gecko) Chrome/90.0.4430.85 Safari/537.36"
165.245.178.90 - - [01/Mar/2026:18:27:02 +0300] "GET /wp-includes/css/dist/ HTTP/1.1" 200 1484 "binance.com" "Mozilla/5.0 (Windows NT 10.0; Win64; x64) AppleWebKit/537.36 (KHTML, like Gecko) Chrome/90.0.4430.85 Safari/537.36"
165.245.178.90 - - [01/Mar/2026:18:27:03 +0300] "GET /wp-includes/fonts/ HTTP/1.1" 200 891 "binance.com" "Mozilla/5.0 (Windows NT 10.0; Win64; x64) AppleWebKit/537.36 (KHTML, like Gecko) Chrome/90.0.4430.85 Safari/537.36"
165.245.178.90 - - [01/Mar/2026:18:27:03 +0300] "GET /wp-includes/fonts/ HTTP/1.1" 200 891 "binance.com" "Mozilla/5.0 (Windows NT 10.0; Win64; x64) AppleWebKit/537.36 (KHTML, like Gecko) Chrome/90.0.4430.85 Safari/537.36"
165.245.178.90 - - [01/Mar/2026:18:27:04 +0300] "GET /wp-includes/fonts/class-wp-font-face.php HTTP/1.1" 200 0 "binance.com" "Mozilla/5.0 (Windows NT 10.0; Win64; x64) AppleWebKit/537.36 (KHTML, like Gecko) Chrome/90.0.4430.85 Safari/537.36"
165.245.178.90 - - [01/Mar/2026:18:27:05 +0300] "GET /wp-includes/fonts/class-wp-font-utils.php HTTP/1.1" 200 0 "binance.com" "Mozilla/5.0 (Windows NT 10.0; Win64; x64) AppleWebKit/537.36 (KHTML, like Gecko) Chrome/90.0.4430.85 Safari/537.36"
165.245.178.90 - - [01/Mar/2026:18:27:06 +0300] "GET /wp-includes/images/media/ HTTP/1.1" 200 1459 "binance.com" "Mozilla/5.0 (Windows NT 10.0; Win64; x64) AppleWebKit/537.36 (KHTML, like Gecko) Chrome/90.0.4430.85 Safari/537.36"
165.245.178.90 - - [01/Mar/2026:18:27:07 +0300] "GET /wp-includes/images/smilies/ HTTP/1.1" 200 1658 "binance.com" "Mozilla/5.0 (Windows NT 10.0; Win64; x64) AppleWebKit/537.36 (KHTML, like Gecko) Chrome/90.0.4430.85 Safari/537.36"
165.245.178.90 - - [01/Mar/2026:18:27:08 +0300] "GET /wp-includes/js/%20 HTTP/1.1" 404 796 "binance.com" "Mozilla/5.0 (Windows NT 10.0; Win64; x64) AppleWebKit/537.36 (KHTML, like Gecko) Chrome/90.0.4430.85 Safari/537.36"
165.245.178.90 - - [01/Mar/2026:18:27:08 +0300] "GET /wp-includes/js/codemirror/ HTTP/1.1" 200 1296 "binance.com" "Mozilla/5.0 (Windows NT 10.0; Win64; x64) AppleWebKit/537.36 (KHTML, like Gecko) Chrome/90.0.4430.85 Safari/537.36"
165.245.178.90 - - [01/Mar/2026:18:27:09 +0300] "GET /.well-known/ HTTP/1.1" 200 761 "binance.com" "Mozilla/5.0 (Windows NT 10.0; Win64; x64) AppleWebKit/537.36 (KHTML, like Gecko) Chrome/90.0.4430.85 Safari/537.36"
185.191.171.10 - - [01/Mar/2026:18:27:23 +0300] "GET /wp-content/plugins/elementor/app/modules/import-export/processes/import.php HTTP/1.1" 200 0 "-" "Mozilla/5.0 (compatible; SemrushBot/7~bl; +http://www.semrush.com/bot.html)"
89.252.162.138 - - [01/Mar/2026:18:27:37 +0300] "GET /.well-known/acme-challenge/CNHREYRJKC_HC7ECJV1PR5NPGERMDFPV HTTP/1.1" 200 64 "-" "Cpanel-HTTP-Client/1.0"
89.252.162.138 - - [01/Mar/2026:18:27:37 +0300] "GET /.well-known/acme-challenge/19UFRAV4N0QWH2QWQEQUWTRXN8IBBL6M HTTP/1.1" 200 64 "-" "Cpanel-HTTP-Client/1.0"
89.252.162.138 - - [01/Mar/2026:18:27:37 +0300] "GET /.well-known/acme-challenge/EGE7INI06B59I1AJPYTG0K6810NXH7RQ HTTP/1.1" 200 64 "-" "Cpanel-HTTP-Client/1.0"
89.252.162.138 - - [01/Mar/2026:18:27:38 +0300] "GET /.well-known/acme-challenge/65N7XV-_14DJXQA_D59V5YJRMAG6OUZW HTTP/1.1" 200 64 "-" "Cpanel-HTTP-Client/1.0"
165.245.178.90 - - [01/Mar/2026:18:27:01 +0300] "GET /wp-includes/widgets/ HTTP/1.1" 200 1687 "binance.com" "Mozilla/5.0 (Windows NT 10.0; Win64; x64) AppleWebKit/537.36 (KHTML, like Gecko) Chrome/90.0.4430.85 Safari/537.36"
165.245.178.90 - - [01/Mar/2026:18:27:01 +0300] "GET /wp-includes/widgets/ HTTP/1.1" 200 1687 "binance.com" "Mozilla/5.0 (Windows NT 10.0; Win64; x64) AppleWebKit/537.36 (KHTML, like Gecko) Chrome/90.0.4430.85 Safari/537.36"
165.245.178.90 - - [01/Mar/2026:18:27:02 +0300] "GET /wp-includes/css/ HTTP/1.1" 200 2172 "binance.com" "Mozilla/5.0 (Windows NT 10.0; Win64; x64) AppleWebKit/537.36 (KHTML, like Gecko) Chrome/90.0.4430.85 Safari/537.36"
165.245.178.90 - - [01/Mar/2026:18:27:04 +0300] "GET /wp-includes/fonts/class-wp-font-collection.php HTTP/1.1" 200 0 "binance.com" "Mozilla/5.0 (Windows NT 10.0; Win64; x64) AppleWebKit/537.36 (KHTML, like Gecko) Chrome/90.0.4430.85 Safari/537.36"
165.245.178.90 - - [01/Mar/2026:18:27:04 +0300] "GET /wp-includes/fonts/class-wp-font-face-resolver.php HTTP/1.1" 200 0 "binance.com" "Mozilla/5.0 (Windows NT 10.0; Win64; x64) AppleWebKit/537.36 (KHTML, like Gecko) Chrome/90.0.4430.85 Safari/537.36"
165.245.178.90 - - [01/Mar/2026:18:27:05 +0300] "GET /wp-includes/fonts/class-wp-font-library.php HTTP/1.1" 200 0 "binance.com" "Mozilla/5.0 (Windows NT 10.0; Win64; x64) AppleWebKit/537.36 (KHTML, like Gecko) Chrome/90.0.4430.85 Safari/537.36"
165.245.178.90 - - [01/Mar/2026:18:27:06 +0300] "GET /wp-includes/images/ HTTP/1.1" 200 823 "binance.com" "Mozilla/5.0 (Windows NT 10.0; Win64; x64) AppleWebKit/537.36 (KHTML, like Gecko) Chrome/90.0.4430.85 Safari/537.36"
165.245.178.90 - - [01/Mar/2026:18:27:06 +0300] "GET /wp-includes/images/crystal/ HTTP/1.1" 200 1343 "binance.com" "Mozilla/5.0 (Windows NT 10.0; Win64; x64) AppleWebKit/537.36 (KHTML, like Gecko) Chrome/90.0.4430.85 Safari/537.36"
165.245.178.90 - - [01/Mar/2026:18:27:07 +0300] "GET /wp-includes/images/wlw/ HTTP/1.1" 404 796 "binance.com" "Mozilla/5.0 (Windows NT 10.0; Win64; x64) AppleWebKit/537.36 (KHTML, like Gecko) Chrome/90.0.4430.85 Safari/537.36"
165.245.178.90 - - [01/Mar/2026:18:27:08 +0300] "GET /wp-includes/js/plupload/ HTTP/1.1" 200 881 "binance.com" "Mozilla/5.0 (Windows NT 10.0; Win64; x64) AppleWebKit/537.36 (KHTML, like Gecko) Chrome/90.0.4430.85 Safari/537.36"
85.208.96.200 - - [01/Mar/2026:18:27:32 +0300] "GET /wp-content/plugins/auxin-elements/includes/elementor/modules/dynamic-tags/post-id.php HTTP/1.1" 200 0 "-" "Mozilla/5.0 (compatible; SemrushBot/7~bl; +http://www.semrush.com/bot.html)"
89.252.162.138 - - [01/Mar/2026:18:27:37 +0300] "GET /.well-known/acme-challenge/YJWHU-TDQ9J-6V4L940BCTRNMLNXS74J HTTP/1.1" 200 64 "-" "Cpanel-HTTP-Client/1.0"
89.252.162.138 - - [01/Mar/2026:18:27:37 +0300] "GET /.well-known/acme-challenge/KCLHZ4T1SAW6V69Y3S3S4KGQZ9MBORJX HTTP/1.1" 200 64 "-" "Cpanel-HTTP-Client/1.0"
89.252.162.138 - - [01/Mar/2026:18:27:37 +0300] "GET /.well-known/acme-challenge/NDAWA_9HVE_V1C40WH7RIV5UHAYRMZR4 HTTP/1.1" 200 64 "-" "Cpanel-HTTP-Client/1.0"
85.208.96.200 - - [01/Mar/2026:18:27:47 +0300] "GET /wp-content/plugins/google-analytics-for-wordpress/includes/gutenberg/site-insights/templates/class-site-insights-metric-template.php HTTP/1.1" 200 0 "-" "Mozilla/5.0 (compatible; SemrushBot/7~bl; +http://www.semrush.com/bot.html)"
185.191.171.14 - - [01/Mar/2026:18:28:30 +0300] "GET /wp-content/plugins/depicter/resources/scripts/player/components/counter/ HTTP/1.1" 200 800 "-" "Mozilla/5.0 (compatible; SemrushBot/7~bl; +http://www.semrush.com/bot.html)"
216.244.66.238 - - [01/Mar/2026:18:28:42 +0300] "GET /wp-includes/css/dist/edit-site/style.min.css HTTP/1.1" 200 115877 "-" "Mozilla/5.0 (compatible; DotBot/1.2; +https://opensiteexplorer.org/dotbot; help@moz.com)"
216.244.66.238 - - [01/Mar/2026:18:28:54 +0300] "GET /wp-includes/sodium_compat/src/Core/AES/?SA HTTP/1.1" 200 1425 "-" "Mozilla/5.0 (compatible; DotBot/1.2; +https://opensiteexplorer.org/dotbot; help@moz.com)"
85.208.96.199 - - [01/Mar/2026:18:29:10 +0300] "GET /wp-content/plugins/google-site-kit/third-party/google/auth/src/Iam.php HTTP/1.1" 200 0 "-" "Mozilla/5.0 (compatible; SemrushBot/7~bl; +http://www.semrush.com/bot.html)"
185.191.171.5 - - [01/Mar/2026:18:31:07 +0300] "GET /wp-content/plugins/wp-ulike/vendor/matomo/device-detector/Yaml/error_log HTTP/1.1" 403 787 "-" "Mozilla/5.0 (compatible; SemrushBot/7~bl; +http://www.semrush.com/bot.html)"
216.244.66.238 - - [01/Mar/2026:18:31:12 +0300] "GET /wp-includes/certificates/__account/?a=edit&f=.htaccess&p=%2Fhome%2Fmedyaist%2Fhurdamakara.com HTTP/1.1" 200 60326 "-" "Mozilla/5.0 (compatible; DotBot/1.2; +https://opensiteexplorer.org/dotbot; help@moz.com)"
85.208.96.193 - - [01/Mar/2026:18:31:55 +0300] "GET /wp-content/plugins/wp-ulike/vendor/matomo/device-detector/Parser/OperatingSystem.php HTTP/1.1" 500 0 "-" "Mozilla/5.0 (compatible; SemrushBot/7~bl; +http://www.semrush.com/bot.html)"
216.244.66.238 - - [01/Mar/2026:18:33:16 +0300] "GET /wp-includes/Requests/src/Proxy/IXR/?a=download&f=class-wp-block-supports.php&p=%2Fhome%2Fmedyaist%2Fhurdamakara.com%2Fwp-includes HTTP/1.1" 200 5626 "-" "Mozilla/5.0 (compatible; DotBot/1.2; +https://opensiteexplorer.org/dotbot; help@moz.com)"
185.191.171.5 - - [01/Mar/2026:18:33:24 +0300] "GET /wp-content/plugins/google-analytics-for-wordpress/lite/includes/emails/templates/body-summaries.php HTTP/1.1" 200 0 "-" "Mozilla/5.0 (compatible; SemrushBot/7~bl; +http://www.semrush.com/bot.html)"
216.244.66.238 - - [01/Mar/2026:18:33:32 +0300] "GET /wp-includes/Requests/src/Proxy/IXR/?a=edit&f=IdnaEncoder.php&p=%2Fhome%2Fmedyaist%2Fhurdamakara.com%2Fwp-includes%2FRequests%2Fsrc HTTP/1.1" 200 187222 "-" "Mozilla/5.0 (compatible; DotBot/1.2; +https://opensiteexplorer.org/dotbot; help@moz.com)"
216.244.66.238 - - [01/Mar/2026:18:33:50 +0300] "GET /wp-includes/Requests/src/Proxy/IXR/?a=edit&f=Proxy.php&p=%2Fhome%2Fmedyaist%2Fhurdamakara.com%2Fwp-includes%2FRequests%2Fsrc HTTP/1.1" 200 175074 "-" "Mozilla/5.0 (compatible; DotBot/1.2; +https://opensiteexplorer.org/dotbot; help@moz.com)"
185.191.171.5 - - [01/Mar/2026:18:34:33 +0300] "GET /wp-content/plugins/google-site-kit/includes/Modules/Analytics_4/Advanced_Tracking/Event.php HTTP/1.1" 200 0 "-" "Mozilla/5.0 (compatible; SemrushBot/7~bl; +http://www.semrush.com/bot.html)"
85.208.96.197 - - [01/Mar/2026:18:35:04 +0300] "GET /wp-content/plugins/depicter/resources/scripts/player/components/progressindicator/ HTTP/1.1" 200 809 "-" "Mozilla/5.0 (compatible; SemrushBot/7~bl; +http://www.semrush.com/bot.html)"
85.208.96.205 - - [01/Mar/2026:18:35:06 +0300] "GET /wp-content/plugins/google-site-kit/includes/Modules/Analytics_4/Report/Filters/ HTTP/1.1" 200 1332 "-" "Mozilla/5.0 (compatible; SemrushBot/7~bl; +http://www.semrush.com/bot.html)"
66.249.90.35 - - [01/Mar/2026:18:36:33 +0300] "GET / HTTP/1.1" 200 618 "-" "Mozilla/5.0 (X11; Linux x86_64) AppleWebKit/537.36 (KHTML, like Gecko) Chrome/144.0.7559.132 Safari/537.36"
66.249.90.36 - - [01/Mar/2026:18:36:34 +0300] "GET /_autoindex/assets/icons/folder-fill.svg HTTP/1.1" 200 333 "http://www.hurdamakara.com/" "Mozilla/5.0 (X11; Linux x86_64) AppleWebKit/537.36 (KHTML, like Gecko) Chrome/144.0.7559.132 Safari/537.36"
66.249.90.35 - - [01/Mar/2026:18:36:35 +0300] "GET /_autoindex/assets/js/tablesort.js HTTP/1.1" 200 2137 "http://www.hurdamakara.com/" "Mozilla/5.0 (X11; Linux x86_64) AppleWebKit/537.36 (KHTML, like Gecko) Chrome/144.0.7559.132 Safari/537.36"
66.249.90.37 - - [01/Mar/2026:18:36:36 +0300] "GET /_autoindex/assets/css/autoindex.css HTTP/1.1" 200 1170 "http://www.hurdamakara.com/" "Mozilla/5.0 (X11; Linux x86_64) AppleWebKit/537.36 (KHTML, like Gecko) Chrome/144.0.7559.132 Safari/537.36"
66.249.90.35 - - [01/Mar/2026:18:36:41 +0300] "GET /_autoindex/assets/js/tablesort.number.js HTTP/1.1" 200 322 "http://www.hurdamakara.com/" "Mozilla/5.0 (X11; Linux x86_64) AppleWebKit/537.36 (KHTML, like Gecko) Chrome/144.0.7559.132 Safari/537.36"
89.252.162.138 - - [01/Mar/2026:18:27:39 +0300] "GET /.well-known/acme-challenge/0PRLZ6V8ZL76WGVZ0ZS4IGP-58IXZPJE HTTP/1.1" 200 64 "-" "Cpanel-HTTP-Client/1.0"
89.252.162.138 - - [01/Mar/2026:18:27:40 +0300] "GET /.well-known/acme-challenge/ALHWCMM963S8R7AEM2ICRQX6W2M-Z7AN HTTP/1.1" 200 64 "-" "Cpanel-HTTP-Client/1.0"
185.191.171.17 - - [01/Mar/2026:18:29:20 +0300] "GET /wp-content/plugins/wp-mail-smtp/vendor/woocommerce/action-scheduler/classes/migration/ HTTP/1.1" 200 1476 "-" "Mozilla/5.0 (compatible; SemrushBot/7~bl; +http://www.semrush.com/bot.html)"
85.208.96.194 - - [01/Mar/2026:18:30:01 +0300] "GET /wp-content/plugins/auxin-elements/vendor/enshrined/svg-sanitize/tests/data/ HTTP/1.1" 200 1451 "-" "Mozilla/5.0 (compatible; SemrushBot/7~bl; +http://www.semrush.com/bot.html)"
85.208.96.194 - - [01/Mar/2026:18:33:43 +0300] "GET /wp-content/plugins/elementor/modules/atomic-widgets/controls/types/size-control.php HTTP/1.1" 200 0 "-" "Mozilla/5.0 (compatible; SemrushBot/7~bl; +http://www.semrush.com/bot.html)"
85.208.96.199 - - [01/Mar/2026:18:33:45 +0300] "GET /wp-content/plugins/elementor/core/kits/documents/tabs/theme-style-typography.php HTTP/1.1" 200 0 "-" "Mozilla/5.0 (compatible; SemrushBot/7~bl; +http://www.semrush.com/bot.html)"
216.244.66.238 - - [01/Mar/2026:18:34:07 +0300] "GET /wp-includes/Requests/src/Proxy/IXR/?a=view&f=class-wp-exception.php&p=%2Fhome%2Fmedyaist%2Fhurdamakara.com%2Fwp-includes HTTP/1.1" 200 1088269 "-" "Mozilla/5.0 (compatible; DotBot/1.2; +https://opensiteexplorer.org/dotbot; help@moz.com)"
85.208.96.209 - - [01/Mar/2026:18:36:11 +0300] "GET /wp-content/plugins/wp-ulike/vendor/psr/http-message/src/ResponseInterface.php HTTP/1.1" 500 0 "-" "Mozilla/5.0 (compatible; SemrushBot/7~bl; +http://www.semrush.com/bot.html)"
85.208.96.199 - - [01/Mar/2026:18:36:32 +0300] "GET /wp-content/plugins/depicter/resources/scripts/player/components/opinionscale/ HTTP/1.1" 200 805 "-" "Mozilla/5.0 (compatible; SemrushBot/7~bl; +http://www.semrush.com/bot.html)"
85.208.96.193 - - [01/Mar/2026:18:37:44 +0300] "GET /wp-content/plugins/auxin-elements/vendor/enshrined/svg-sanitize/src/Sanitizer.php HTTP/1.1" 200 0 "-" "Mozilla/5.0 (compatible; SemrushBot/7~bl; +http://www.semrush.com/bot.html)"
85.208.96.194 - - [01/Mar/2026:18:37:52 +0300] "GET /wp-content/plugins/wp-mail-smtp/vendor_prefixed/google/auth/src/Cache/ HTTP/1.1" 200 1332 "-" "Mozilla/5.0 (compatible; SemrushBot/7~bl; +http://www.semrush.com/bot.html)"
185.191.171.19 - - [01/Mar/2026:18:38:47 +0300] "GET /wp-content/plugins/google-site-kit/third-party/guzzlehttp/promises/src/EachPromise.php HTTP/1.1" 500 0 "-" "Mozilla/5.0 (compatible; SemrushBot/7~bl; +http://www.semrush.com/bot.html)"
85.208.96.198 - - [01/Mar/2026:18:39:40 +0300] "GET /wp-content/plugins/depicter/resources/scripts/player/components/storiesprogressbar/ HTTP/1.1" 200 809 "-" "Mozilla/5.0 (compatible; SemrushBot/7~bl; +http://www.semrush.com/bot.html)"
185.191.171.6 - - [01/Mar/2026:18:40:57 +0300] "GET /wp-content/plugins/google-site-kit/third-party/google/apiclient-services-subscribewithgoogle/SubscribewithGoogle/Money.php HTTP/1.1" 500 0 "-" "Mozilla/5.0 (compatible; SemrushBot/7~bl; +http://www.semrush.com/bot.html)"
85.208.96.203 - - [01/Mar/2026:18:41:13 +0300] "GET /wp-content/plugins/wp-mail-smtp/vendor/woocommerce/action-scheduler/classes/schedules/ HTTP/1.1" 200 1346 "-" "Mozilla/5.0 (compatible; SemrushBot/7~bl; +http://www.semrush.com/bot.html)"
85.208.96.211 - - [01/Mar/2026:18:41:44 +0300] "GET /wp-content/plugins/elementor/modules/kit-elements-defaults/import-export-customization/runners/import.php HTTP/1.1" 200 0 "-" "Mozilla/5.0 (compatible; SemrushBot/7~bl; +http://www.semrush.com/bot.html)"
85.208.96.208 - - [01/Mar/2026:18:44:57 +0300] "GET /wp-content/plugins/elementor/modules/atomic-widgets/controls/types/switch-control.php HTTP/1.1" 200 0 "-" "Mozilla/5.0 (compatible; SemrushBot/7~bl; +http://www.semrush.com/bot.html)"
185.191.171.17 - - [01/Mar/2026:18:37:14 +0300] "GET /wp-content/plugins/auxin-elements/includes/elementor/modules/dynamic-tags/shortcode.php HTTP/1.1" 200 0 "-" "Mozilla/5.0 (compatible; SemrushBot/7~bl; +http://www.semrush.com/bot.html)"
185.191.171.5 - - [01/Mar/2026:18:38:28 +0300] "GET /wp-content/plugins/auxin-pro-tools/includes/elements/elementor/widgets/counter.php HTTP/1.1" 200 0 "-" "Mozilla/5.0 (compatible; SemrushBot/7~bl; +http://www.semrush.com/bot.html)"
85.208.96.195 - - [01/Mar/2026:18:38:30 +0300] "GET /wp-content/plugins/google-site-kit/third-party/google/apiclient-services/src/SiteVerification/ HTTP/1.1" 200 1434 "-" "Mozilla/5.0 (compatible; SemrushBot/7~bl; +http://www.semrush.com/bot.html)"
85.208.96.193 - - [01/Mar/2026:18:39:17 +0300] "GET /wp-content/plugins/wp-mail-smtp/vendor/woocommerce/action-scheduler/classes/ActionScheduler_WPCommentCleaner.php HTTP/1.1" 200 0 "-" "Mozilla/5.0 (compatible; SemrushBot/7~bl; +http://www.semrush.com/bot.html)"
216.244.66.238 - - [01/Mar/2026:18:39:24 +0300] "GET /wp-includes/Requests/src/Proxy/IXR/?p=%2Fhome%2Fmedyaist%2Fhurdamakara.com%2Fwp-includes%2Fstyle-engine HTTP/1.1" 200 60256 "-" "Mozilla/5.0 (compatible; DotBot/1.2; +https://opensiteexplorer.org/dotbot; help@moz.com)"
85.208.96.198 - - [01/Mar/2026:18:39:36 +0300] "GET /wp-content/plugins/auxin-pro-tools/includes/elements/elementor/widgets/domain-checker.php HTTP/1.1" 200 0 "-" "Mozilla/5.0 (compatible; SemrushBot/7~bl; +http://www.semrush.com/bot.html)"
185.191.171.1 - - [01/Mar/2026:18:40:29 +0300] "GET /wp-content/plugins/depicter/modules/jeffreyvanrossum/wp-settings/Options/SelectMultiple.php HTTP/1.1" 500 0 "-" "Mozilla/5.0 (compatible; SemrushBot/7~bl; +http://www.semrush.com/bot.html)"
185.191.171.3 - - [01/Mar/2026:18:42:34 +0300] "GET /wp-content/plugins/elementor/vendor_prefixed/twig/symfony/polyfill-mbstring/Resources/ HTTP/1.1" 200 808 "-" "Mozilla/5.0 (compatible; SemrushBot/7~bl; +http://www.semrush.com/bot.html)"
185.191.171.4 - - [01/Mar/2026:18:42:46 +0300] "GET /wp-content/plugins/auxin-elements/includes/elementor/modules/dynamic-tags/contact-url.php HTTP/1.1" 200 0 "-" "Mozilla/5.0 (compatible; SemrushBot/7~bl; +http://www.semrush.com/bot.html)"
185.191.171.17 - - [01/Mar/2026:18:42:48 +0300] "GET /wp-content/plugins/depicter/vendor/averta/wpemerge-app-core/src/Assets/ HTTP/1.1" 200 938 "-" "Mozilla/5.0 (compatible; SemrushBot/7~bl; +http://www.semrush.com/bot.html)"
85.208.96.212 - - [01/Mar/2026:18:43:21 +0300] "GET /wp-content/plugins/wp-mail-smtp/vendor_prefixed/guzzlehttp/guzzle/src/functions.php HTTP/1.1" 200 0 "-" "Mozilla/5.0 (compatible; SemrushBot/7~bl; +http://www.semrush.com/bot.html)"
185.191.171.15 - - [01/Mar/2026:18:45:23 +0300] "GET /wp-content/plugins/depicter/vendor/averta/wordpress/src/Models/ HTTP/1.1" 200 807 "-" "Mozilla/5.0 (compatible; SemrushBot/7~bl; +http://www.semrush.com/bot.html)"
185.191.171.9 - - [01/Mar/2026:18:46:05 +0300] "GET /wp-content/plugins/google-site-kit/includes/Modules/Analytics_4/Datapoints/Create_Webdatastream.php HTTP/1.1" 500 0 "-" "Mozilla/5.0 (compatible; SemrushBot/7~bl; +http://www.semrush.com/bot.html)"
85.208.96.204 - - [01/Mar/2026:18:46:45 +0300] "GET /wp-content/plugins/wp-mail-smtp/vendor_prefixed/psr/cache/src/CacheItemPoolInterface.php HTTP/1.1" 200 0 "-" "Mozilla/5.0 (compatible; SemrushBot/7~bl; +http://www.semrush.com/bot.html)"
185.191.171.7 - - [01/Mar/2026:18:47:07 +0300] "GET /wp-content/plugins/google-site-kit/third-party/google/auth/src/CacheTrait.php HTTP/1.1" 200 0 "-" "Mozilla/5.0 (compatible; SemrushBot/7~bl; +http://www.semrush.com/bot.html)"
185.191.171.6 - - [01/Mar/2026:18:47:09 +0300] "GET /wp-content/plugins/google-site-kit/third-party/guzzlehttp/guzzle/src/functions.php HTTP/1.1" 200 0 "-" "Mozilla/5.0 (compatible; SemrushBot/7~bl; +http://www.semrush.com/bot.html)"
185.191.171.11 - - [01/Mar/2026:18:48:08 +0300] "GET /wp-content/plugins/depicter/vendor/symfony/console/Formatter/NullOutputFormatter.php HTTP/1.1" 500 0 "-" "Mozilla/5.0 (compatible; SemrushBot/7~bl; +http://www.semrush.com/bot.html)"
85.208.96.199 - - [01/Mar/2026:18:47:05 +0300] "GET /wp-content/plugins/depicter/resources/styles/player/assets/grab.cur HTTP/1.1" 200 326 "-" "Mozilla/5.0 (compatible; SemrushBot/7~bl; +http://www.semrush.com/bot.html)"
85.208.96.208 - - [01/Mar/2026:18:47:10 +0300] "GET /wp-content/plugins/depicter/resources/scripts/loadings/snippets/hearts/ HTTP/1.1" 200 822 "-" "Mozilla/5.0 (compatible; SemrushBot/7~bl; +http://www.semrush.com/bot.html)"
85.208.96.206 - - [01/Mar/2026:18:47:45 +0300] "GET /wp-content/plugins/google-analytics-for-wordpress/includes/gutenberg/headline-tool/phpinsight/LICENSE HTTP/1.1" 200 648 "-" "Mozilla/5.0 (compatible; SemrushBot/7~bl; +http://www.semrush.com/bot.html)"
85.208.96.202 - - [01/Mar/2026:18:51:11 +0300] "GET /wp-content/plugins/elementor/core/kits/documents/tabs/theme-style-buttons.php HTTP/1.1" 200 0 "-" "Mozilla/5.0 (compatible; SemrushBot/7~bl; +http://www.semrush.com/bot.html)"
85.208.96.201 - - [01/Mar/2026:18:52:10 +0300] "GET /wp-content/plugins/wp-ulike/vendor/matomo/device-detector/Parser/Device/ HTTP/1.1" 200 1423 "-" "Mozilla/5.0 (compatible; SemrushBot/7~bl; +http://www.semrush.com/bot.html)"
85.208.96.207 - - [01/Mar/2026:18:54:10 +0300] "GET /wp-content/plugins/wp-mail-smtp/vendor_prefixed/paragonie/constant_time_encoding/src/Base32Hex.php HTTP/1.1" 500 0 "-" "Mozilla/5.0 (compatible; SemrushBot/7~bl; +http://www.semrush.com/bot.html)"
85.208.96.208 - - [01/Mar/2026:18:54:23 +0300] "GET /wp-content/plugins/elementor/modules/variables/storage/exceptions/batch-operation-failed.php HTTP/1.1" 200 0 "-" "Mozilla/5.0 (compatible; SemrushBot/7~bl; +http://www.semrush.com/bot.html)"
185.191.171.12 - - [01/Mar/2026:18:54:31 +0300] "GET /wp-content/plugins/google-site-kit/third-party/guzzlehttp/guzzle/src/HandlerStack.php HTTP/1.1" 200 0 "-" "Mozilla/5.0 (compatible; SemrushBot/7~bl; +http://www.semrush.com/bot.html)"
85.208.96.201 - - [01/Mar/2026:18:54:40 +0300] "GET /wp-content/plugins/depicter/vendor/symfony/console/Command/CompleteCommand.php HTTP/1.1" 500 0 "-" "Mozilla/5.0 (compatible; SemrushBot/7~bl; +http://www.semrush.com/bot.html)"
185.191.171.18 - - [01/Mar/2026:18:55:23 +0300] "GET /wp-content/plugins/auxin-elements/admin/includes/compatibility/woocommerce/wc.php HTTP/1.1" 500 0 "-" "Mozilla/5.0 (compatible; SemrushBot/7~bl; +http://www.semrush.com/bot.html)"
185.191.171.17 - - [01/Mar/2026:18:59:05 +0300] "GET /wp-content/plugins/depicter/vendor/symfony/console/Input/Input.php HTTP/1.1" 500 0 "-" "Mozilla/5.0 (compatible; SemrushBot/7~bl; +http://www.semrush.com/bot.html)"
85.208.96.198 - - [01/Mar/2026:18:59:07 +0300] "GET /wp-content/plugins/wp-mail-smtp/vendor_prefixed/google/apiclient/src/Exception.php HTTP/1.1" 200 0 "-" "Mozilla/5.0 (compatible; SemrushBot/7~bl; +http://www.semrush.com/bot.html)"
185.191.171.16 - - [01/Mar/2026:19:00:52 +0300] "GET /wp-content/plugins/elementor/modules/atomic-widgets/elements/atomic-youtube/atomic-youtube.php HTTP/1.1" 200 0 "-" "Mozilla/5.0 (compatible; SemrushBot/7~bl; +http://www.semrush.com/bot.html)"
185.191.171.18 - - [01/Mar/2026:19:02:53 +0300] "GET /wp-content/plugins/elementor/vendor_prefixed/twig/symfony/polyfill-php81/Resources/ HTTP/1.1" 200 806 "-" "Mozilla/5.0 (compatible; SemrushBot/7~bl; +http://www.semrush.com/bot.html)"
185.191.171.1 - - [01/Mar/2026:19:03:38 +0300] "GET /wp-content/plugins/wp-ulike/vendor/mustangostang/spyc/tests/RoundTripTest.php HTTP/1.1" 500 0 "-" "Mozilla/5.0 (compatible; SemrushBot/7~bl; +http://www.semrush.com/bot.html)"
185.191.171.15 - - [01/Mar/2026:19:04:51 +0300] "GET /wp-content/plugins/depicter/modules/jeffreyvanrossum/resources/views/section.php HTTP/1.1" 200 24 "-" "Mozilla/5.0 (compatible; SemrushBot/7~bl; +http://www.semrush.com/bot.html)"
185.191.171.14 - - [01/Mar/2026:19:05:38 +0300] "GET /robots.txt HTTP/1.1" 404 796 "-" "Mozilla/5.0 (compatible; SemrushBot/7~bl; +http://www.semrush.com/bot.html)"
85.208.96.208 - - [01/Mar/2026:18:48:37 +0300] "GET /wp-content/plugins/wp-ulike/vendor/psr/http-message/src/UriInterface.php HTTP/1.1" 200 0 "-" "Mozilla/5.0 (compatible; SemrushBot/7~bl; +http://www.semrush.com/bot.html)"
185.191.171.19 - - [01/Mar/2026:18:57:12 +0300] "GET /wp-content/plugins/google-site-kit/third-party/google/apiclient-services/src/SearchConsole/ HTTP/1.1" 200 2139 "-" "Mozilla/5.0 (compatible; SemrushBot/7~bl; +http://www.semrush.com/bot.html)"
185.191.171.9 - - [01/Mar/2026:18:58:25 +0300] "GET /wp-content/plugins/google-site-kit/includes/Modules/Sign_In_With_Google/Compatibility_Checks/Conflicting_Plugins_Check.php HTTP/1.1" 500 0 "-" "Mozilla/5.0 (compatible; SemrushBot/7~bl; +http://www.semrush.com/bot.html)"
85.208.96.201 - - [01/Mar/2026:18:59:28 +0300] "GET /wp-content/plugins/wp-mail-smtp/vendor_prefixed/google/auth/src/SignBlobInterface.php HTTP/1.1" 500 0 "-" "Mozilla/5.0 (compatible; SemrushBot/7~bl; +http://www.semrush.com/bot.html)"
185.191.171.19 - - [01/Mar/2026:19:00:09 +0300] "GET /wp-content/plugins/depicter/vendor/averta/wpemerge/src/Controllers/ HTTP/1.1" 200 926 "-" "Mozilla/5.0 (compatible; SemrushBot/7~bl; +http://www.semrush.com/bot.html)"
185.191.171.12 - - [01/Mar/2026:19:03:47 +0300] "GET /wp-content/plugins/depicter/vendor/symfony/console/Exception/CommandNotFoundException.php HTTP/1.1" 500 0 "-" "Mozilla/5.0 (compatible; SemrushBot/7~bl; +http://www.semrush.com/bot.html)"
85.208.96.201 - - [01/Mar/2026:19:03:56 +0300] "GET /wp-content/plugins/google-analytics-for-wordpress/lite/includes/emails/templates/header-summaries.php HTTP/1.1" 200 0 "-" "Mozilla/5.0 (compatible; SemrushBot/7~bl; +http://www.semrush.com/bot.html)"
185.191.171.8 - - [01/Mar/2026:19:05:15 +0300] "GET /wp-content/plugins/depicter/vendor/symfony/service-contracts/Test/ServiceLocatorTest.php HTTP/1.1" 500 0 "-" "Mozilla/5.0 (compatible; SemrushBot/7~bl; +http://www.semrush.com/bot.html)"
85.208.96.210 - - [01/Mar/2026:19:07:38 +0300] "GET /wp-content/plugins/google-site-kit/third-party/phpseclib/phpseclib/phpseclib/File/ HTTP/1.1" 200 911 "-" "Mozilla/5.0 (compatible; SemrushBot/7~bl; +http://www.semrush.com/bot.html)"
185.191.171.17 - - [01/Mar/2026:19:07:40 +0300] "GET /wp-content/plugins/auxin-elements/includes/elementor/modules/dynamic-tags/site-title.php HTTP/1.1" 200 0 "-" "Mozilla/5.0 (compatible; SemrushBot/7~bl; +http://www.semrush.com/bot.html)"
85.208.96.201 - - [01/Mar/2026:19:08:59 +0300] "GET /wp-content/plugins/auxin-elements/includes/elementor/widgets/theme-elements/search.php HTTP/1.1" 200 0 "-" "Mozilla/5.0 (compatible; SemrushBot/7~bl; +http://www.semrush.com/bot.html)"
95.7.55.182 - - [01/Mar/2026:19:09:43 +0300] "GET /favicon.ico HTTP/1.1" 404 796 "http://www.hurdamakara.com/?gad_source=5&gad_campaignid=21593625995&gclid=EAIaIQobChMImJTz0JP6kgMVRD4hBB3D1C98EAEYASAAEgKEU_D_BwE" "Mozilla/5.0 (Linux; Android 10; K) AppleWebKit/537.36 (KHTML, like Gecko) Chrome/145.0.0.0 Mobile Safari/537.36"
185.191.171.9 - - [01/Mar/2026:19:10:29 +0300] "GET /wp-content/plugins/wp-mail-smtp/vendor/woocommerce/action-scheduler/classes/schema/ HTTP/1.1" 200 917 "-" "Mozilla/5.0 (compatible; SemrushBot/7~bl; +http://www.semrush.com/bot.html)"
185.191.171.12 - - [01/Mar/2026:19:11:13 +0300] "GET /wp-content/plugins/elementor/modules/kit-elements-defaults/import-export/runners/import.php HTTP/1.1" 200 0 "-" "Mozilla/5.0 (compatible; SemrushBot/7~bl; +http://www.semrush.com/bot.html)"
85.208.96.210 - - [01/Mar/2026:19:11:20 +0300] "GET /wp-content/plugins/elementor/assets/js/packages/editor-controls/editor-controls.asset.php HTTP/1.1" 200 0 "-" "Mozilla/5.0 (compatible; SemrushBot/7~bl; +http://www.semrush.com/bot.html)"
216.244.66.238 - - [01/Mar/2026:19:11:48 +0300] "GET /wp-content/languages/plugins/contact-form-7-tr_TR-28b2966727a4eeea158f98250ee5b44b.json HTTP/1.1" 200 1145 "-" "Mozilla/5.0 (compatible; DotBot/1.2; +https://opensiteexplorer.org/dotbot; help@moz.com)"
85.208.96.195 - - [01/Mar/2026:19:05:38 +0300] "GET /wp-content/plugins/wp-mail-smtp/vendor_prefixed/google/auth/src/GetUniverseDomainInterface.php HTTP/1.1" 200 0 "-" "Mozilla/5.0 (compatible; SemrushBot/7~bl; +http://www.semrush.com/bot.html)"
216.244.66.238 - - [01/Mar/2026:19:06:07 +0300] "GET /robots.txt HTTP/1.1" 404 796 "-" "Mozilla/5.0 (compatible; DotBot/1.2; +https://opensiteexplorer.org/dotbot; help@moz.com)"
185.191.171.8 - - [01/Mar/2026:19:07:27 +0300] "GET /wp-content/plugins/google-site-kit/includes/Modules/AdSense/Email_Reporting/error_log HTTP/1.1" 403 787 "-" "Mozilla/5.0 (compatible; SemrushBot/7~bl; +http://www.semrush.com/bot.html)"
85.208.96.196 - - [01/Mar/2026:19:10:46 +0300] "GET /wp-content/plugins/depicter/modules/jeffreyvanrossum/resources/views/error_log HTTP/1.1" 403 787 "-" "Mozilla/5.0 (compatible; SemrushBot/7~bl; +http://www.semrush.com/bot.html)"
216.244.66.238 - - [01/Mar/2026:19:12:01 +0300] "GET /wp-includes/SimplePie/src/Net/IPv6.php HTTP/1.1" 200 0 "-" "Mozilla/5.0 (compatible; DotBot/1.2; +https://opensiteexplorer.org/dotbot; help@moz.com)"
185.191.171.11 - - [01/Mar/2026:19:12:07 +0300] "GET /wp-content/plugins/google-site-kit/dist/assets/blocks/sign-in-with-google/block.json HTTP/1.1" 200 367 "-" "Mozilla/5.0 (compatible; SemrushBot/7~bl; +http://www.semrush.com/bot.html)"
216.244.66.238 - - [01/Mar/2026:19:12:05 +0300] "GET /wp-content/uploads/2023/07/ahsap-makara-fiyatlari.jpg HTTP/1.1" 200 245587 "-" "Mozilla/5.0 (compatible; DotBot/1.2; +https://opensiteexplorer.org/dotbot; help@moz.com)"
216.244.66.238 - - [01/Mar/2026:19:12:39 +0300] "GET /wp-includes/sodium_compat/src/Core/Base64/?SA HTTP/1.1" 200 1994 "-" "Mozilla/5.0 (compatible; DotBot/1.2; +https://opensiteexplorer.org/dotbot; help@moz.com)"
185.191.171.19 - - [01/Mar/2026:19:13:10 +0300] "GET /wp-content/plugins/google-site-kit/third-party/guzzlehttp/guzzle/src/ClientTrait.php HTTP/1.1" 200 0 "-" "Mozilla/5.0 (compatible; SemrushBot/7~bl; +http://www.semrush.com/bot.html)"
185.191.171.1 - - [01/Mar/2026:19:14:09 +0300] "GET /wp-content/plugins/wp-mail-smtp/vendor_prefixed/google/auth/src/FetchAuthTokenCache.php HTTP/1.1" 500 0 "-" "Mozilla/5.0 (compatible; SemrushBot/7~bl; +http://www.semrush.com/bot.html)"
216.244.66.238 - - [01/Mar/2026:19:16:09 +0300] "GET /wp-includes/Requests/src/Proxy/IXR/?a=download&f=class-wp-image-editor.php&p=%2Fhome%2Fmedyaist%2Fhurdamakara.com%2Fwp-includes HTTP/1.1" 200 17415 "-" "Mozilla/5.0 (compatible; DotBot/1.2; +https://opensiteexplorer.org/dotbot; help@moz.com)"
85.208.96.206 - - [01/Mar/2026:19:16:32 +0300] "GET /wp-content/plugins/wp-mail-smtp/vendor/woocommerce/action-scheduler/classes/ActionScheduler_QueueRunner.php HTTP/1.1" 500 0 "-" "Mozilla/5.0 (compatible; SemrushBot/7~bl; +http://www.semrush.com/bot.html)"
100.30.183.35 - - [01/Mar/2026:19:18:45 +0300] "GET / HTTP/1.1" 200 1838 "-" "Mozilla/5.0 (Windows NT 10.0; Win64; x64) AppleWebKit/537.36 (KHTML, like Gecko) Chrome/80.0.3987.149 Safari/537.36"
100.30.183.35 - - [01/Mar/2026:19:18:45 +0300] "GET / HTTP/1.1" 200 1838 "-" "Mozilla/5.0 (Windows NT 10.0; Win64; x64) AppleWebKit/537.36 (KHTML, like Gecko) Chrome/80.0.3987.149 Safari/537.36"
100.30.183.35 - - [01/Mar/2026:19:18:45 +0300] "GET /wp-includes/wlwmanifest.xml HTTP/1.1" 404 796 "-" "Mozilla/5.0 (Windows NT 10.0; Win64; x64) AppleWebKit/537.36 (KHTML, like Gecko) Chrome/80.0.3987.149 Safari/537.36"
100.30.183.35 - - [01/Mar/2026:19:18:46 +0300] "GET /xmlrpc.php?rsd HTTP/1.1" 404 796 "-" "Mozilla/5.0 (Windows NT 10.0; Win64; x64) AppleWebKit/537.36 (KHTML, like Gecko) Chrome/80.0.3987.149 Safari/537.36"
