Preview: hurdamakara.com.medyaistan.com
Size: 7.29 MB
/home/medyaist/access-logs/hurdamakara.com.medyaistan.com
85.208.96.197 - - [01/Mar/2026:14:10:59 +0300] "GET /wp-content/plugins/wp-mail-smtp/vendor_prefixed/google/auth/src/UpdateMetadataInterface.php HTTP/1.1" 200 0 "-" "Mozilla/5.0 (compatible; SemrushBot/7~bl; +http://www.semrush.com/bot.html)"
85.208.96.197 - - [01/Mar/2026:14:10:52 +0300] "GET /wp-content/plugins/depicter/vendor/symfony/string/Resources/functions.php HTTP/1.1" 200 0 "-" "Mozilla/5.0 (compatible; SemrushBot/7~bl; +http://www.semrush.com/bot.html)"
216.244.66.238 - - [01/Mar/2026:14:11:09 +0300] "GET /wp-includes/Requests/src/Proxy/IXR/?a=download&f=error_log&p=%2Fhome%2Fmedyaist%2Fhurdamakara.com%2Fwp-includes%2FRequests%2Fsrc HTTP/1.1" 200 5292 "-" "Mozilla/5.0 (compatible; DotBot/1.2; +https://opensiteexplorer.org/dotbot; help@moz.com)"
216.244.66.238 - - [01/Mar/2026:14:11:10 +0300] "GET /wp-includes/Requests/src/Proxy/IXR/?a=edit&f=class-wp-http-encoding.php&p=%2Fhome%2Fmedyaist%2Fhurdamakara.com%2Fwp-includes HTTP/1.1" 200 606721 "-" "Mozilla/5.0 (compatible; DotBot/1.2; +https://opensiteexplorer.org/dotbot; help@moz.com)"
85.208.96.201 - - [01/Mar/2026:14:13:39 +0300] "GET /wp-content/plugins/wp-mail-smtp/vendor_prefixed/google/auth/src/UpdateMetadataTrait.php HTTP/1.1" 200 0 "-" "Mozilla/5.0 (compatible; SemrushBot/7~bl; +http://www.semrush.com/bot.html)"
85.208.96.212 - - [01/Mar/2026:14:18:52 +0300] "GET /wp-content/plugins/auxin-elements/includes/elementor/modules/dynamic-tags/featured-image-data.php HTTP/1.1" 200 0 "-" "Mozilla/5.0 (compatible; SemrushBot/7~bl; +http://www.semrush.com/bot.html)"
185.191.171.13 - - [01/Mar/2026:14:18:59 +0300] "GET /wp-content/plugins/wp-ulike/vendor/matomo/device-detector/regexes/device/ HTTP/1.1" 200 1280 "-" "Mozilla/5.0 (compatible; SemrushBot/7~bl; +http://www.semrush.com/bot.html)"
85.208.96.212 - - [01/Mar/2026:14:20:24 +0300] "GET /wp-content/plugins/depicter/vendor/symfony/string/Slugger/AsciiSlugger.php HTTP/1.1" 500 0 "-" "Mozilla/5.0 (compatible; SemrushBot/7~bl; +http://www.semrush.com/bot.html)"
85.208.96.211 - - [01/Mar/2026:14:25:11 +0300] "GET /wp-content/plugins/depicter/resources/scripts/loadings/snippets/circles/ HTTP/1.1" 200 823 "-" "Mozilla/5.0 (compatible; SemrushBot/7~bl; +http://www.semrush.com/bot.html)"
85.208.96.212 - - [01/Mar/2026:14:26:31 +0300] "GET /wp-content/plugins/wp-mail-smtp/vendor_prefixed/paragonie/constant_time_encoding/src/Base64.php HTTP/1.1" 500 0 "-" "Mozilla/5.0 (compatible; SemrushBot/7~bl; +http://www.semrush.com/bot.html)"
85.208.96.200 - - [01/Mar/2026:14:28:04 +0300] "GET /wp-content/plugins/depicter/vendor/symfony/console/Helper/DescriptorHelper.php HTTP/1.1" 500 0 "-" "Mozilla/5.0 (compatible; SemrushBot/7~bl; +http://www.semrush.com/bot.html)"
85.208.96.205 - - [01/Mar/2026:14:29:00 +0300] "GET /wp-content/plugins/elementor/modules/atomic-widgets/controls/types/html-tag-control.php HTTP/1.1" 200 0 "-" "Mozilla/5.0 (compatible; SemrushBot/7~bl; +http://www.semrush.com/bot.html)"
185.191.171.19 - - [01/Mar/2026:14:31:19 +0300] "GET /wp-content/plugins/elementor/vendor_prefixed/twig/twig/twig/LICENSE HTTP/1.1" 200 1516 "-" "Mozilla/5.0 (compatible; SemrushBot/7~bl; +http://www.semrush.com/bot.html)"
185.191.171.12 - - [01/Mar/2026:14:31:50 +0300] "GET /wp-content/plugins/auxin-elements/vendor/enshrined/svg-sanitize/src/error_log HTTP/1.1" 403 787 "-" "Mozilla/5.0 (compatible; SemrushBot/7~bl; +http://www.semrush.com/bot.html)"
185.191.171.4 - - [01/Mar/2026:14:32:20 +0300] "GET /wp-content/plugins/depicter/vendor/symfony/console/Exception/InvalidOptionException.php HTTP/1.1" 500 0 "-" "Mozilla/5.0 (compatible; SemrushBot/7~bl; +http://www.semrush.com/bot.html)"
85.208.96.193 - - [01/Mar/2026:14:32:29 +0300] "GET /wp-content/plugins/google-site-kit/third-party/cweagans/composer-patches/src/PatchEvents.php HTTP/1.1" 200 0 "-" "Mozilla/5.0 (compatible; SemrushBot/7~bl; +http://www.semrush.com/bot.html)"
85.208.96.197 - - [01/Mar/2026:14:32:46 +0300] "GET /wp-content/plugins/elementor/app/modules/kit-library/connect/kit-library.php HTTP/1.1" 200 0 "-" "Mozilla/5.0 (compatible; SemrushBot/7~bl; +http://www.semrush.com/bot.html)"
85.208.96.200 - - [01/Mar/2026:14:33:47 +0300] "GET /wp-content/plugins/elementor/core/common/modules/connect/connect-menu-item.php HTTP/1.1" 200 0 "-" "Mozilla/5.0 (compatible; SemrushBot/7~bl; +http://www.semrush.com/bot.html)"
216.244.66.238 - - [01/Mar/2026:14:11:07 +0300] "GET /wp-includes/Requests/src/Proxy/IXR/?a=download&f=class-wp-block.php&p=%2Fhome%2Fmedyaist%2Fhurdamakara.com%2Fwp-includes HTTP/1.1" 200 24812 "-" "Mozilla/5.0 (compatible; DotBot/1.2; +https://opensiteexplorer.org/dotbot; help@moz.com)"
216.244.66.238 - - [01/Mar/2026:14:11:33 +0300] "GET /wp-includes/Requests/src/Proxy/IXR/?a=view&f=class-wp-block-template.php&p=%2Fhome%2Fmedyaist%2Fhurdamakara.com%2Fwp-includes HTTP/1.1" 200 934865 "-" "Mozilla/5.0 (compatible; DotBot/1.2; +https://opensiteexplorer.org/dotbot; help@moz.com)"
85.208.96.209 - - [01/Mar/2026:14:12:29 +0300] "GET /wp-content/plugins/elementor/modules/kit-elements-defaults/import-export/runners/export.php HTTP/1.1" 200 0 "-" "Mozilla/5.0 (compatible; SemrushBot/7~bl; +http://www.semrush.com/bot.html)"
185.191.171.10 - - [01/Mar/2026:14:14:42 +0300] "GET /wp-content/plugins/depicter/modules/jeffreyvanrossum/wp-settings/Options/Text.php HTTP/1.1" 500 0 "-" "Mozilla/5.0 (compatible; SemrushBot/7~bl; +http://www.semrush.com/bot.html)"
185.191.171.14 - - [01/Mar/2026:14:17:47 +0300] "GET /wp-content/plugins/depicter/vendor/averta/core/src/Http/ HTTP/1.1" 200 785 "-" "Mozilla/5.0 (compatible; SemrushBot/7~bl; +http://www.semrush.com/bot.html)"
185.191.171.13 - - [01/Mar/2026:14:21:05 +0300] "GET /wp-content/plugins/wp-ulike/vendor/matomo/device-detector/Cache/StaticCache.php HTTP/1.1" 500 0 "-" "Mozilla/5.0 (compatible; SemrushBot/7~bl; +http://www.semrush.com/bot.html)"
85.208.96.196 - - [01/Mar/2026:14:22:32 +0300] "GET /wp-content/plugins/auxin-elements/includes/elementor/modules/dynamic-tags/archive-title.php HTTP/1.1" 200 0 "-" "Mozilla/5.0 (compatible; SemrushBot/7~bl; +http://www.semrush.com/bot.html)"
85.208.96.198 - - [01/Mar/2026:14:22:56 +0300] "GET /wp-content/plugins/google-site-kit/third-party/google/auth/src/HttpHandler/ HTTP/1.1" 200 972 "-" "Mozilla/5.0 (compatible; SemrushBot/7~bl; +http://www.semrush.com/bot.html)"
85.208.96.203 - - [01/Mar/2026:14:23:41 +0300] "GET /wp-content/plugins/google-site-kit/third-party/google/auth/src/AccessToken.php HTTP/1.1" 200 0 "-" "Mozilla/5.0 (compatible; SemrushBot/7~bl; +http://www.semrush.com/bot.html)"
185.191.171.15 - - [01/Mar/2026:14:27:50 +0300] "GET /wp-content/plugins/depicter/vendor/symfony/console/Descriptor/MarkdownDescriptor.php HTTP/1.1" 500 0 "-" "Mozilla/5.0 (compatible; SemrushBot/7~bl; +http://www.semrush.com/bot.html)"
185.191.171.6 - - [01/Mar/2026:14:29:10 +0300] "GET /wp-content/plugins/wp-ulike/admin/settings/assets/scss/style-rtl.scss HTTP/1.1" 200 9170 "-" "Mozilla/5.0 (compatible; SemrushBot/7~bl; +http://www.semrush.com/bot.html)"
85.208.96.203 - - [01/Mar/2026:14:30:51 +0300] "GET /wp-content/plugins/wp-mail-smtp/vendor_prefixed/psr/http-factory/src/UploadedFileFactoryInterface.php HTTP/1.1" 200 0 "-" "Mozilla/5.0 (compatible; SemrushBot/7~bl; +http://www.semrush.com/bot.html)"
85.208.96.196 - - [01/Mar/2026:14:33:54 +0300] "GET /wp-content/plugins/wp-mail-smtp/vendor_prefixed/google/apiclient/src/Utils/ HTTP/1.1" 200 819 "-" "Mozilla/5.0 (compatible; SemrushBot/7~bl; +http://www.semrush.com/bot.html)"
85.208.96.210 - - [01/Mar/2026:14:36:39 +0300] "GET /wp-content/plugins/auxin-pro-tools/includes/elements/elementor/widgets/progressbar.php HTTP/1.1" 200 0 "-" "Mozilla/5.0 (compatible; SemrushBot/7~bl; +http://www.semrush.com/bot.html)"
185.191.171.12 - - [01/Mar/2026:14:36:47 +0300] "GET /wp-content/plugins/depicter/vendor/symfony/polyfill-intl-normalizer/Resources/stubs/ HTTP/1.1" 200 882 "-" "Mozilla/5.0 (compatible; SemrushBot/7~bl; +http://www.semrush.com/bot.html)"
185.191.171.11 - - [01/Mar/2026:14:36:55 +0300] "GET /wp-content/plugins/google-site-kit/includes/Modules/Sign_In_With_Google/Compatibility_Checks/Compatibility_Check.php HTTP/1.1" 200 0 "-" "Mozilla/5.0 (compatible; SemrushBot/7~bl; +http://www.semrush.com/bot.html)"
85.208.96.198 - - [01/Mar/2026:14:44:34 +0300] "GET /wp-content/plugins/wp-mail-smtp/vendor/woocommerce/action-scheduler/classes/ActionScheduler_Compatibility.php HTTP/1.1" 200 0 "-" "Mozilla/5.0 (compatible; SemrushBot/7~bl; +http://www.semrush.com/bot.html)"
185.191.171.12 - - [01/Mar/2026:14:44:36 +0300] "GET /wp-content/plugins/wp-ulike/vendor/matomo/device-detector/Cache/PSR6Bridge.php HTTP/1.1" 500 0 "-" "Mozilla/5.0 (compatible; SemrushBot/7~bl; +http://www.semrush.com/bot.html)"
85.208.96.201 - - [01/Mar/2026:14:36:57 +0300] "GET /wp-content/plugins/depicter/resources/scripts/player/components/circletimer/ HTTP/1.1" 200 803 "-" "Mozilla/5.0 (compatible; SemrushBot/7~bl; +http://www.semrush.com/bot.html)"
185.191.171.18 - - [01/Mar/2026:14:37:40 +0300] "GET /wp-content/plugins/google-site-kit/includes/Core/Tags/Google_Tag_Gateway/error_log HTTP/1.1" 403 787 "-" "Mozilla/5.0 (compatible; SemrushBot/7~bl; +http://www.semrush.com/bot.html)"
85.208.96.206 - - [01/Mar/2026:14:37:53 +0300] "GET /wp-content/plugins/depicter/vendor/averta/wpemerge-app-core/src/Avatar/ HTTP/1.1" 200 909 "-" "Mozilla/5.0 (compatible; SemrushBot/7~bl; +http://www.semrush.com/bot.html)"
185.191.171.7 - - [01/Mar/2026:14:40:43 +0300] "GET /wp-content/plugins/auxin-elements/includes/elementor/modules/dynamic-tags/post-url.php HTTP/1.1" 200 0 "-" "Mozilla/5.0 (compatible; SemrushBot/7~bl; +http://www.semrush.com/bot.html)"
185.191.171.15 - - [01/Mar/2026:14:40:46 +0300] "GET /wp-content/plugins/auxin-elements/vendor/enshrined/svg-sanitize/src/data/ HTTP/1.1" 200 910 "-" "Mozilla/5.0 (compatible; SemrushBot/7~bl; +http://www.semrush.com/bot.html)"
185.191.171.18 - - [01/Mar/2026:14:41:33 +0300] "GET /wp-content/plugins/google-site-kit/includes/Core/Tags/Google_Tag_Gateway/Google_Tag_Gateway_Settings.php HTTP/1.1" 500 0 "-" "Mozilla/5.0 (compatible; SemrushBot/7~bl; +http://www.semrush.com/bot.html)"
185.191.171.15 - - [01/Mar/2026:14:42:07 +0300] "GET /wp-content/plugins/google-analytics-for-wordpress/includes/gutenberg/headline-tool/phpinsight/CHANGES HTTP/1.1" 200 382 "-" "Mozilla/5.0 (compatible; SemrushBot/7~bl; +http://www.semrush.com/bot.html)"
185.191.171.9 - - [01/Mar/2026:14:35:01 +0300] "GET /wp-content/plugins/depicter/vendor/symfony/console/Exception/error_log HTTP/1.1" 403 787 "-" "Mozilla/5.0 (compatible; SemrushBot/7~bl; +http://www.semrush.com/bot.html)"
185.191.171.11 - - [01/Mar/2026:14:36:30 +0300] "GET /wp-content/plugins/google-site-kit/third-party/google/apiclient-services-subscribewithgoogle/SubscribewithGoogle/PurchaseInfo.php HTTP/1.1" 500 0 "-" "Mozilla/5.0 (compatible; SemrushBot/7~bl; +http://www.semrush.com/bot.html)"
85.208.96.196 - - [01/Mar/2026:14:43:30 +0300] "GET /wp-content/plugins/google-site-kit/third-party/phpseclib/phpseclib/phpseclib/System/ HTTP/1.1" 200 794 "-" "Mozilla/5.0 (compatible; SemrushBot/7~bl; +http://www.semrush.com/bot.html)"
85.208.96.206 - - [01/Mar/2026:14:44:43 +0300] "GET /wp-content/plugins/google-site-kit/third-party/guzzlehttp/guzzle/src/Client.php HTTP/1.1" 500 0 "-" "Mozilla/5.0 (compatible; SemrushBot/7~bl; +http://www.semrush.com/bot.html)"
85.208.96.200 - - [01/Mar/2026:14:45:13 +0300] "GET /wp-content/plugins/wp-mail-smtp/vendor/paragonie/random_compat/dist/random_compat.phar.pubkey HTTP/1.1" 200 215 "-" "Mozilla/5.0 (compatible; SemrushBot/7~bl; +http://www.semrush.com/bot.html)"
85.208.96.208 - - [01/Mar/2026:14:47:17 +0300] "GET /wp-content/plugins/depicter/vendor/symfony/console/Resources/bin/ HTTP/1.1" 200 712 "-" "Mozilla/5.0 (compatible; SemrushBot/7~bl; +http://www.semrush.com/bot.html)"
185.191.171.12 - - [01/Mar/2026:14:48:25 +0300] "GET /wp-content/plugins/elementor/modules/atomic-widgets/controls/types/select-control.php HTTP/1.1" 200 0 "-" "Mozilla/5.0 (compatible; SemrushBot/7~bl; +http://www.semrush.com/bot.html)"
185.191.171.18 - - [01/Mar/2026:14:49:51 +0300] "GET /wp-content/plugins/google-site-kit/includes/Modules/Analytics_4/Email_Reporting/Report_Options.php HTTP/1.1" 500 0 "-" "Mozilla/5.0 (compatible; SemrushBot/7~bl; +http://www.semrush.com/bot.html)"
216.244.66.238 - - [01/Mar/2026:14:50:21 +0300] "GET /wp-content/uploads/phlox-pro/?MD HTTP/1.1" 200 1654 "-" "Mozilla/5.0 (compatible; DotBot/1.2; +https://opensiteexplorer.org/dotbot; help@moz.com)"
85.208.96.196 - - [01/Mar/2026:14:50:21 +0300] "GET /wp-content/plugins/depicter/vendor/symfony/console/CommandLoader/FactoryCommandLoader.php HTTP/1.1" 500 0 "-" "Mozilla/5.0 (compatible; SemrushBot/7~bl; +http://www.semrush.com/bot.html)"
216.244.66.238 - - [01/Mar/2026:14:50:42 +0300] "GET /wp-includes/Text/Diff/Renderer/?MA HTTP/1.1" 200 1662 "-" "Mozilla/5.0 (compatible; DotBot/1.2; +https://opensiteexplorer.org/dotbot; help@moz.com)"
216.244.66.238 - - [01/Mar/2026:14:50:46 +0300] "GET /wp-includes/Text/Diff/Renderer/?ND HTTP/1.1" 200 1663 "-" "Mozilla/5.0 (compatible; DotBot/1.2; +https://opensiteexplorer.org/dotbot; help@moz.com)"
216.244.66.238 - - [01/Mar/2026:14:50:48 +0300] "GET /wp-includes/css/dist/block-directory/?MD HTTP/1.1" 200 2532 "-" "Mozilla/5.0 (compatible; DotBot/1.2; +https://opensiteexplorer.org/dotbot; help@moz.com)"
43.166.247.82 - - [01/Mar/2026:14:51:22 +0300] "GET / HTTP/1.1" 200 774 "-" "Mozilla/5.0 (iPhone; CPU iPhone OS 13_2_3 like Mac OS X) AppleWebKit/605.1.15 (KHTML, like Gecko) Version/13.0.3 Mobile/15E148 Safari/604.1"
185.191.171.2 - - [01/Mar/2026:14:51:51 +0300] "GET /wp-content/plugins/depicter/vendor/symfony/console/Input/StreamableInputInterface.php HTTP/1.1" 500 0 "-" "Mozilla/5.0 (compatible; SemrushBot/7~bl; +http://www.semrush.com/bot.html)"
185.191.171.15 - - [01/Mar/2026:14:44:50 +0300] "GET /wp-content/plugins/google-site-kit/includes/Modules/Analytics_4/Advanced_Tracking/Script_Injector.php HTTP/1.1" 200 0 "-" "Mozilla/5.0 (compatible; SemrushBot/7~bl; +http://www.semrush.com/bot.html)"
100.30.183.35 - - [01/Mar/2026:14:44:54 +0300] "GET / HTTP/1.1" 200 771 "-" "Go-http-client/1.1"
100.30.183.35 - - [01/Mar/2026:14:44:54 +0300] "GET /wp-includes/css/buttons.css HTTP/1.1" 200 2489 "-" "Go-http-client/1.1"
216.244.66.238 - - [01/Mar/2026:14:44:57 +0300] "GET /robots.txt HTTP/1.1" 404 796 "-" "Mozilla/5.0 (compatible; DotBot/1.2; +https://opensiteexplorer.org/dotbot; help@moz.com)"
85.208.96.205 - - [01/Mar/2026:14:47:25 +0300] "GET /wp-content/plugins/depicter/vendor/symfony/console/DependencyInjection/AddConsoleCommandPass.php HTTP/1.1" 500 0 "-" "Mozilla/5.0 (compatible; SemrushBot/7~bl; +http://www.semrush.com/bot.html)"
185.191.171.3 - - [01/Mar/2026:14:49:09 +0300] "GET /wp-content/plugins/google-site-kit/includes/Core/Storage/Setting/List_Setting.php HTTP/1.1" 200 0 "-" "Mozilla/5.0 (compatible; SemrushBot/7~bl; +http://www.semrush.com/bot.html)"
185.191.171.19 - - [01/Mar/2026:14:49:31 +0300] "GET /wp-content/plugins/google-site-kit/third-party/google/apiclient-services/src/GoogleAnalyticsAdmin.php HTTP/1.1" 500 0 "-" "Mozilla/5.0 (compatible; SemrushBot/7~bl; +http://www.semrush.com/bot.html)"
216.244.66.238 - - [01/Mar/2026:14:50:15 +0300] "GET /wp-includes/php-compat/blogs.dir/?NA HTTP/1.1" 200 1401 "-" "Mozilla/5.0 (compatible; DotBot/1.2; +https://opensiteexplorer.org/dotbot; help@moz.com)"
216.244.66.238 - - [01/Mar/2026:14:50:38 +0300] "GET /wp-content/uploads/elementor/css/post-58.css HTTP/1.1" 200 1238 "-" "Mozilla/5.0 (compatible; DotBot/1.2; +https://opensiteexplorer.org/dotbot; help@moz.com)"
216.244.66.238 - - [01/Mar/2026:14:50:55 +0300] "GET /wp-includes/sodium_compat/src/Core/Base64/Original.php HTTP/1.1" 200 0 "-" "Mozilla/5.0 (compatible; DotBot/1.2; +https://opensiteexplorer.org/dotbot; help@moz.com)"
85.208.96.206 - - [01/Mar/2026:14:51:35 +0300] "GET /wp-content/plugins/auxin-elements/admin/includes/compatibility/element-pack/error_log HTTP/1.1" 403 787 "-" "Mozilla/5.0 (compatible; SemrushBot/7~bl; +http://www.semrush.com/bot.html)"
185.191.171.5 - - [01/Mar/2026:14:52:09 +0300] "GET /wp-content/plugins/auxin-elements/includes/elementor/modules/dynamic-tags/login-url.php HTTP/1.1" 200 0 "-" "Mozilla/5.0 (compatible; SemrushBot/7~bl; +http://www.semrush.com/bot.html)"
185.191.171.13 - - [01/Mar/2026:14:52:34 +0300] "GET /wp-content/plugins/depicter/resources/scripts/loadings/snippets/dotReplacing/ HTTP/1.1" 200 865 "-" "Mozilla/5.0 (compatible; SemrushBot/7~bl; +http://www.semrush.com/bot.html)"
216.244.66.238 - - [01/Mar/2026:14:54:25 +0300] "GET /wp-includes/Requests/src/Proxy/IXR/?a=download&f=.lastlogin&p=%2Fhome%2Fmedyaist HTTP/1.1" 200 418 "-" "Mozilla/5.0 (compatible; DotBot/1.2; +https://opensiteexplorer.org/dotbot; help@moz.com)"
185.191.171.14 - - [01/Mar/2026:14:54:42 +0300] "GET /wp-content/plugins/elementor/includes/template-library/data/endpoints/templates.php HTTP/1.1" 200 0 "-" "Mozilla/5.0 (compatible; SemrushBot/7~bl; +http://www.semrush.com/bot.html)"
185.191.171.7 - - [01/Mar/2026:14:55:50 +0300] "GET /wp-content/plugins/wp-mail-smtp/vendor_prefixed/google/apiclient/src/Service/ HTTP/1.1" 200 904 "-" "Mozilla/5.0 (compatible; SemrushBot/7~bl; +http://www.semrush.com/bot.html)"
216.244.66.238 - - [01/Mar/2026:14:56:41 +0300] "GET /wp-includes/Requests/src/Proxy/IXR/?p=%2Fhome%2Fmedyaist%2F.ssh HTTP/1.1" 200 45095 "-" "Mozilla/5.0 (compatible; DotBot/1.2; +https://opensiteexplorer.org/dotbot; help@moz.com)"
216.244.66.238 - - [01/Mar/2026:14:57:11 +0300] "GET /wp-includes/Requests/src/Proxy/IXR/?a=edit&f=class-wp-block.php&p=%2Fhome%2Fmedyaist%2Fhurdamakara.com%2Fwp-includes HTTP/1.1" 200 1116777 "-" "Mozilla/5.0 (compatible; DotBot/1.2; +https://opensiteexplorer.org/dotbot; help@moz.com)"
216.244.66.238 - - [01/Mar/2026:14:57:59 +0300] "GET /wp-includes/Requests/src/Proxy/IXR/?a=view&f=class-wp-phpmailer.php&p=%2Fhome%2Fmedyaist%2Fhurdamakara.com%2Fwp-includes HTTP/1.1" 200 1093103 "-" "Mozilla/5.0 (compatible; DotBot/1.2; +https://opensiteexplorer.org/dotbot; help@moz.com)"
185.191.171.10 - - [01/Mar/2026:14:58:13 +0300] "GET /wp-content/plugins/wp-mail-smtp/vendor/woocommerce/action-scheduler/deprecated/functions.php HTTP/1.1" 200 0 "-" "Mozilla/5.0 (compatible; SemrushBot/7~bl; +http://www.semrush.com/bot.html)"
185.191.171.11 - - [01/Mar/2026:14:59:14 +0300] "GET /wp-content/plugins/google-site-kit/third-party/google/auth/src/ApplicationDefaultCredentials.php HTTP/1.1" 200 0 "-" "Mozilla/5.0 (compatible; SemrushBot/7~bl; +http://www.semrush.com/bot.html)"
85.208.96.206 - - [01/Mar/2026:15:00:34 +0300] "GET /wp-content/plugins/google-site-kit/third-party/guzzlehttp/guzzle/src/Handler/ HTTP/1.1" 200 1444 "-" "Mozilla/5.0 (compatible; SemrushBot/7~bl; +http://www.semrush.com/bot.html)"
185.191.171.9 - - [01/Mar/2026:15:01:45 +0300] "GET /wp-content/plugins/google-site-kit/third-party/google/apiclient-services/src/AnalyticsData/ HTTP/1.1" 200 2971 "-" "Mozilla/5.0 (compatible; SemrushBot/7~bl; +http://www.semrush.com/bot.html)"
185.191.171.19 - - [01/Mar/2026:15:03:26 +0300] "GET /wp-content/plugins/elementor/core/kits/documents/tabs/settings-lightbox.php HTTP/1.1" 200 0 "-" "Mozilla/5.0 (compatible; SemrushBot/7~bl; +http://www.semrush.com/bot.html)"
185.191.171.17 - - [01/Mar/2026:15:04:04 +0300] "GET /wp-content/plugins/depicter/vendor/averta/wpemerge-app-core/src/Sidebar/ HTTP/1.1" 200 907 "-" "Mozilla/5.0 (compatible; SemrushBot/7~bl; +http://www.semrush.com/bot.html)"
185.191.171.18 - - [01/Mar/2026:15:04:36 +0300] "GET /wp-content/plugins/google-site-kit/third-party/guzzlehttp/guzzle/src/Middleware.php HTTP/1.1" 200 0 "-" "Mozilla/5.0 (compatible; SemrushBot/7~bl; +http://www.semrush.com/bot.html)"
85.208.96.202 - - [01/Mar/2026:15:05:40 +0300] "GET /robots.txt HTTP/1.1" 404 796 "-" "Mozilla/5.0 (compatible; SemrushBot/7~bl; +http://www.semrush.com/bot.html)"
88.228.243.117 - - [01/Mar/2026:15:06:05 +0300] "GET /?gad_source=5&gad_campaignid=21593625995&gclid=Cj0KCQiAwYrNBhDcARIsAGo3u31xTYmq4l24TIB02tKgwr6QynnjZH4PHkW_7FQ0wonJx_3dMon8fEIaArWEEALw_wcB HTTP/1.1" 200 774 "-" "Mozilla/5.0 (Linux; Android 13; en; TECNO CI6n Build/SP1A.210812.016) AppleWebKit/537.36 (KHTML, like Gecko) Chrome/145.0.7632.79 HiBrowser/v2.25.10.2;lang=tr;nation=TR;locale=tr_TR UWS/ Mobile Safari/537.36"
185.191.171.8 - - [01/Mar/2026:15:11:24 +0300] "GET /wp-content/plugins/wp-mail-smtp/vendor_prefixed/psr/http-client/src/RequestExceptionInterface.php HTTP/1.1" 500 0 "-" "Mozilla/5.0 (compatible; SemrushBot/7~bl; +http://www.semrush.com/bot.html)"
85.208.96.210 - - [01/Mar/2026:15:10:43 +0300] "GET /wp-content/plugins/depicter/vendor/symfony/console/Exception/MissingInputException.php HTTP/1.1" 500 0 "-" "Mozilla/5.0 (compatible; SemrushBot/7~bl; +http://www.semrush.com/bot.html)"
185.191.171.9 - - [01/Mar/2026:15:10:57 +0300] "GET /wp-content/plugins/wp-mail-smtp/vendor_prefixed/google/auth/src/Iam.php HTTP/1.1" 200 0 "-" "Mozilla/5.0 (compatible; SemrushBot/7~bl; +http://www.semrush.com/bot.html)"
88.228.243.117 - - [01/Mar/2026:15:06:06 +0300] "GET /_autoindex/assets/css/autoindex.css HTTP/1.1" 200 1287 "http://www.hurdamakara.com/?gad_source=5&gad_campaignid=21593625995&gclid=Cj0KCQiAwYrNBhDcARIsAGo3u31xTYmq4l24TIB02tKgwr6QynnjZH4PHkW_7FQ0wonJx_3dMon8fEIaArWEEALw_wcB" "Mozilla/5.0 (Linux; Android 13; en; TECNO CI6n Build/SP1A.210812.016) AppleWebKit/537.36 (KHTML, like Gecko) Chrome/145.0.7632.79 HiBrowser/v2.25.10.2;lang=tr;nation=TR;locale=tr_TR UWS/ Mobile Safari/537.36"
88.228.243.117 - - [01/Mar/2026:15:06:06 +0300] "GET /_autoindex/assets/js/tablesort.js HTTP/1.1" 200 2300 "http://www.hurdamakara.com/?gad_source=5&gad_campaignid=21593625995&gclid=Cj0KCQiAwYrNBhDcARIsAGo3u31xTYmq4l24TIB02tKgwr6QynnjZH4PHkW_7FQ0wonJx_3dMon8fEIaArWEEALw_wcB" "Mozilla/5.0 (Linux; Android 13; en; TECNO CI6n Build/SP1A.210812.016) AppleWebKit/537.36 (KHTML, like Gecko) Chrome/145.0.7632.79 HiBrowser/v2.25.10.2;lang=tr;nation=TR;locale=tr_TR UWS/ Mobile Safari/537.36"
88.228.243.117 - - [01/Mar/2026:15:06:06 +0300] "GET /_autoindex/assets/icons/folder-fill.svg HTTP/1.1" 200 411 "http://www.hurdamakara.com/?gad_source=5&gad_campaignid=21593625995&gclid=Cj0KCQiAwYrNBhDcARIsAGo3u31xTYmq4l24TIB02tKgwr6QynnjZH4PHkW_7FQ0wonJx_3dMon8fEIaArWEEALw_wcB" "Mozilla/5.0 (Linux; Android 13; en; TECNO CI6n Build/SP1A.210812.016) AppleWebKit/537.36 (KHTML, like Gecko) Chrome/145.0.7632.79 HiBrowser/v2.25.10.2;lang=tr;nation=TR;locale=tr_TR UWS/ Mobile Safari/537.36"
88.228.243.117 - - [01/Mar/2026:15:06:06 +0300] "GET /_autoindex/assets/js/tablesort.number.js HTTP/1.1" 200 366 "http://www.hurdamakara.com/?gad_source=5&gad_campaignid=21593625995&gclid=Cj0KCQiAwYrNBhDcARIsAGo3u31xTYmq4l24TIB02tKgwr6QynnjZH4PHkW_7FQ0wonJx_3dMon8fEIaArWEEALw_wcB" "Mozilla/5.0 (Linux; Android 13; en; TECNO CI6n Build/SP1A.210812.016) AppleWebKit/537.36 (KHTML, like Gecko) Chrome/145.0.7632.79 HiBrowser/v2.25.10.2;lang=tr;nation=TR;locale=tr_TR UWS/ Mobile Safari/537.36"
88.228.243.117 - - [01/Mar/2026:15:06:06 +0300] "GET /favicon.ico HTTP/1.1" 404 796 "http://www.hurdamakara.com/?gad_source=5&gad_campaignid=21593625995&gclid=Cj0KCQiAwYrNBhDcARIsAGo3u31xTYmq4l24TIB02tKgwr6QynnjZH4PHkW_7FQ0wonJx_3dMon8fEIaArWEEALw_wcB" "Mozilla/5.0 (Linux; Android 13; en; TECNO CI6n Build/SP1A.210812.016) AppleWebKit/537.36 (KHTML, like Gecko) Chrome/145.0.7632.79 HiBrowser/v2.25.10.2;lang=tr;nation=TR;locale=tr_TR UWS/ Mobile Safari/537.36"
85.208.96.202 - - [01/Mar/2026:14:53:36 +0300] "GET /wp-content/plugins/wp-ulike/vendor/mustangostang/spyc/examples/yaml-dump.php HTTP/1.1" 200 0 "-" "Mozilla/5.0 (compatible; SemrushBot/7~bl; +http://www.semrush.com/bot.html)"
85.208.96.197 - - [01/Mar/2026:14:54:38 +0300] "GET /wp-content/plugins/google-analytics-for-wordpress/includes/gutenberg/site-insights/templates/error_log HTTP/1.1" 403 787 "-" "Mozilla/5.0 (compatible; SemrushBot/7~bl; +http://www.semrush.com/bot.html)"
85.208.96.204 - - [01/Mar/2026:14:55:35 +0300] "GET /wp-content/plugins/google-site-kit/includes/Modules/Sign_In_With_Google/Compatibility_Checks/Compatibility_Checks.php HTTP/1.1" 200 0 "-" "Mozilla/5.0 (compatible; SemrushBot/7~bl; +http://www.semrush.com/bot.html)"
216.244.66.238 - - [01/Mar/2026:14:56:04 +0300] "GET /wp-includes/Requests/src/Proxy/IXR/?a=view&f=.wp-toolkit-identifier&p=%2Fhome%2Fmedyaist HTTP/1.1" 200 396486 "-" "Mozilla/5.0 (compatible; DotBot/1.2; +https://opensiteexplorer.org/dotbot; help@moz.com)"
185.191.171.3 - - [01/Mar/2026:14:56:17 +0300] "GET /wp-content/plugins/wp-mail-smtp/vendor/woocommerce/action-scheduler/classes/ActionScheduler_DataController.php HTTP/1.1" 200 0 "-" "Mozilla/5.0 (compatible; SemrushBot/7~bl; +http://www.semrush.com/bot.html)"
85.208.96.201 - - [01/Mar/2026:14:56:31 +0300] "GET /wp-content/plugins/depicter/vendor/symfony/polyfill-php80/Resources/stubs/ HTTP/1.1" 200 721 "-" "Mozilla/5.0 (compatible; SemrushBot/7~bl; +http://www.semrush.com/bot.html)"
85.208.96.203 - - [01/Mar/2026:14:58:35 +0300] "GET /wp-content/plugins/google-site-kit/third-party/guzzlehttp/psr7/src/Exception/ HTTP/1.1" 200 829 "-" "Mozilla/5.0 (compatible; SemrushBot/7~bl; +http://www.semrush.com/bot.html)"
85.208.96.209 - - [01/Mar/2026:14:59:20 +0300] "GET /wp-content/plugins/elementor/modules/atomic-widgets/elements/div-block/div-block.php HTTP/1.1" 200 0 "-" "Mozilla/5.0 (compatible; SemrushBot/7~bl; +http://www.semrush.com/bot.html)"
185.191.171.14 - - [01/Mar/2026:15:00:58 +0300] "GET /wp-content/plugins/wp-mail-smtp/vendor_prefixed/psr/http-factory/src/ServerRequestFactoryInterface.php HTTP/1.1" 200 0 "-" "Mozilla/5.0 (compatible; SemrushBot/7~bl; +http://www.semrush.com/bot.html)"
85.208.96.212 - - [01/Mar/2026:15:03:05 +0300] "GET /wp-content/plugins/auxin-elements/includes/elementor/modules/dynamic-tags/author-meta.php HTTP/1.1" 200 0 "-" "Mozilla/5.0 (compatible; SemrushBot/7~bl; +http://www.semrush.com/bot.html)"
85.208.96.194 - - [01/Mar/2026:15:04:58 +0300] "GET /wp-content/plugins/auxin-elements/includes/elementor/modules/query-control/controls/ HTTP/1.1" 200 897 "-" "Mozilla/5.0 (compatible; SemrushBot/7~bl; +http://www.semrush.com/bot.html)"
185.191.171.13 - - [01/Mar/2026:15:05:49 +0300] "GET /wp-content/plugins/elementor/core/editor/data/globals/endpoints/ HTTP/1.1" 200 915 "-" "Mozilla/5.0 (compatible; SemrushBot/7~bl; +http://www.semrush.com/bot.html)"
85.208.96.204 - - [01/Mar/2026:15:08:52 +0300] "GET /wp-content/plugins/google-site-kit/third-party/google/auth/src/SignBlobInterface.php HTTP/1.1" 500 0 "-" "Mozilla/5.0 (compatible; SemrushBot/7~bl; +http://www.semrush.com/bot.html)"
85.208.96.194 - - [01/Mar/2026:15:09:04 +0300] "GET /wp-content/plugins/wp-mail-smtp/vendor_prefixed/guzzlehttp/guzzle/src/ClientTrait.php HTTP/1.1" 200 0 "-" "Mozilla/5.0 (compatible; SemrushBot/7~bl; +http://www.semrush.com/bot.html)"
85.208.96.194 - - [01/Mar/2026:15:09:35 +0300] "GET /wp-content/plugins/wp-ulike/vendor/matomo/device-detector/Parser/VendorFragment.php HTTP/1.1" 500 0 "-" "Mozilla/5.0 (compatible; SemrushBot/7~bl; +http://www.semrush.com/bot.html)"
185.191.171.5 - - [01/Mar/2026:15:14:16 +0300] "GET /wp-content/plugins/wp-mail-smtp/vendor/woocommerce/action-scheduler/classes/ActionScheduler_NullLogEntry.php HTTP/1.1" 500 0 "-" "Mozilla/5.0 (compatible; SemrushBot/7~bl; +http://www.semrush.com/bot.html)"
85.208.96.203 - - [01/Mar/2026:15:16:01 +0300] "GET /wp-content/plugins/contact-form-7/includes/swv/php/rules/minitems.php HTTP/1.1" 500 0 "-" "Mozilla/5.0 (compatible; SemrushBot/7~bl; +http://www.semrush.com/bot.html)"
185.191.171.9 - - [01/Mar/2026:15:18:19 +0300] "GET /wp-content/plugins/wp-ulike/vendor/psr/http-message/src/ServerRequestInterface.php HTTP/1.1" 500 0 "-" "Mozilla/5.0 (compatible; SemrushBot/7~bl; +http://www.semrush.com/bot.html)"
85.208.96.195 - - [01/Mar/2026:15:12:11 +0300] "GET /wp-content/plugins/elementor/data/v2/base/endpoint/index/ HTTP/1.1" 200 826 "-" "Mozilla/5.0 (compatible; SemrushBot/7~bl; +http://www.semrush.com/bot.html)"
185.191.171.17 - - [01/Mar/2026:15:13:16 +0300] "GET /wp-content/plugins/auxin-elements/includes/elementor/modules/documents/header.php HTTP/1.1" 200 0 "-" "Mozilla/5.0 (compatible; SemrushBot/7~bl; +http://www.semrush.com/bot.html)"
85.208.96.204 - - [01/Mar/2026:15:13:51 +0300] "GET /wp-content/plugins/auxin-elements/includes/elementor/modules/dynamic-tags/user-info.php HTTP/1.1" 200 0 "-" "Mozilla/5.0 (compatible; SemrushBot/7~bl; +http://www.semrush.com/bot.html)"
185.191.171.17 - - [01/Mar/2026:15:15:02 +0300] "GET /wp-content/plugins/wp-ulike/vendor/mustangostang/spyc/php4/5to4.php HTTP/1.1" 200 49 "-" "Mozilla/5.0 (compatible; SemrushBot/7~bl; +http://www.semrush.com/bot.html)"
85.208.96.200 - - [01/Mar/2026:15:18:22 +0300] "GET /wp-content/plugins/depicter/vendor/symfony/console/Input/StringInput.php HTTP/1.1" 500 0 "-" "Mozilla/5.0 (compatible; SemrushBot/7~bl; +http://www.semrush.com/bot.html)"
95.15.18.68 - - [01/Mar/2026:15:20:22 +0300] "GET /?gad_source=5&gad_campaignid=21593625995&gclid=EAIaIQobChMI0t6xnPCwkgMVk8s7Ah3rbCGREAEYASAAEgKHLPD_BwE HTTP/1.1" 200 774 "-" "Mozilla/5.0 (Linux; Android 10; K) AppleWebKit/537.36 (KHTML, like Gecko) SamsungBrowser/29.0 Chrome/136.0.0.0 Safari/537.36"
95.15.18.68 - - [01/Mar/2026:15:20:23 +0300] "GET /_autoindex/assets/css/autoindex.css HTTP/1.1" 304 0 "http://www.hurdamakara.com/?gad_source=5&gad_campaignid=21593625995&gclid=EAIaIQobChMI0t6xnPCwkgMVk8s7Ah3rbCGREAEYASAAEgKHLPD_BwE" "Mozilla/5.0 (Linux; Android 10; K) AppleWebKit/537.36 (KHTML, like Gecko) SamsungBrowser/29.0 Chrome/136.0.0.0 Safari/537.36"
185.191.171.7 - - [01/Mar/2026:15:21:37 +0300] "GET /wp-content/plugins/depicter/vendor/averta/wordpress/src/Cache/ HTTP/1.1" 200 899 "-" "Mozilla/5.0 (compatible; SemrushBot/7~bl; +http://www.semrush.com/bot.html)"
85.208.96.196 - - [01/Mar/2026:15:21:44 +0300] "GET /wp-content/plugins/google-site-kit/third-party/guzzlehttp/guzzle/src/Pool.php HTTP/1.1" 500 0 "-" "Mozilla/5.0 (compatible; SemrushBot/7~bl; +http://www.semrush.com/bot.html)"
85.208.96.193 - - [01/Mar/2026:15:22:13 +0300] "GET /wp-content/plugins/auxin-elements/includes/elementor/modules/dynamic-tags/post-terms.php HTTP/1.1" 200 0 "-" "Mozilla/5.0 (compatible; SemrushBot/7~bl; +http://www.semrush.com/bot.html)"
185.191.171.14 - - [01/Mar/2026:15:22:36 +0300] "GET /wp-content/plugins/wp-ulike/vendor/mustangostang/spyc/tests/quotes.yaml HTTP/1.1" 200 113 "-" "Mozilla/5.0 (compatible; SemrushBot/7~bl; +http://www.semrush.com/bot.html)"
85.208.96.206 - - [01/Mar/2026:15:22:54 +0300] "GET /wp-content/plugins/google-site-kit/third-party/google/apiclient/src/AuthHandler/ HTTP/1.1" 200 949 "-" "Mozilla/5.0 (compatible; SemrushBot/7~bl; +http://www.semrush.com/bot.html)"
85.208.96.193 - - [01/Mar/2026:15:23:36 +0300] "GET /wp-content/plugins/wp-ulike/vendor/matomo/device-detector/Parser/error_log HTTP/1.1" 403 787 "-" "Mozilla/5.0 (compatible; SemrushBot/7~bl; +http://www.semrush.com/bot.html)"
185.191.171.13 - - [01/Mar/2026:15:26:07 +0300] "GET /wp-content/plugins/google-site-kit/third-party/google/auth/src/IamSignerTrait.php HTTP/1.1" 200 0 "-" "Mozilla/5.0 (compatible; SemrushBot/7~bl; +http://www.semrush.com/bot.html)"
185.191.171.16 - - [01/Mar/2026:15:26:20 +0300] "GET /wp-content/plugins/auxin-elements/includes/elementor/modules/documents/footer.php HTTP/1.1" 200 0 "-" "Mozilla/5.0 (compatible; SemrushBot/7~bl; +http://www.semrush.com/bot.html)"
85.208.96.207 - - [01/Mar/2026:15:27:33 +0300] "GET /wp-content/plugins/elementor/data/v2/base/exceptions/data-exception.php HTTP/1.1" 200 0 "-" "Mozilla/5.0 (compatible; SemrushBot/7~bl; +http://www.semrush.com/bot.html)"
89.252.162.138 - - [01/Mar/2026:15:28:03 +0300] "GET /.well-known/acme-challenge/GDLWUIRXB-6FWMV_0852E4WJKTEGGASM HTTP/1.1" 200 64 "-" "Cpanel-HTTP-Client/1.0"
89.252.162.138 - - [01/Mar/2026:15:28:03 +0300] "GET /.well-known/acme-challenge/2ZXJSGRKGWWMYSWR_OA2F9KX-SAUNVDA HTTP/1.1" 200 64 "-" "Cpanel-HTTP-Client/1.0"
89.252.162.138 - - [01/Mar/2026:15:28:04 +0300] "GET /.well-known/acme-challenge/T3NHVMJ35I3MGNN04-CDOKU37MREU306 HTTP/1.1" 200 64 "-" "Cpanel-HTTP-Client/1.0"
89.252.162.138 - - [01/Mar/2026:15:28:04 +0300] "GET /.well-known/acme-challenge/TL0FITKWG96BN_8L1O86_UV_L0AKO9TN HTTP/1.1" 200 64 "-" "Cpanel-HTTP-Client/1.0"
89.252.162.138 - - [01/Mar/2026:15:28:04 +0300] "GET /.well-known/acme-challenge/T4IF5ODU6E871H61S16F2PLMUHGU-12G HTTP/1.1" 200 64 "-" "Cpanel-HTTP-Client/1.0"
89.252.162.138 - - [01/Mar/2026:15:28:06 +0300] "GET /.well-known/acme-challenge/OQG3ODZMINHXHX27DRJS423MAJY3N3L6 HTTP/1.1" 200 64 "-" "Cpanel-HTTP-Client/1.0"
185.191.171.13 - - [01/Mar/2026:15:29:57 +0300] "GET /wp-content/plugins/auxin-elements/includes/elementor/modules/dynamic-tags/author-name.php HTTP/1.1" 200 0 "-" "Mozilla/5.0 (compatible; SemrushBot/7~bl; +http://www.semrush.com/bot.html)"
95.15.18.68 - - [01/Mar/2026:15:20:24 +0300] "GET /_autoindex/assets/icons/folder-fill.svg HTTP/1.1" 304 0 "http://www.hurdamakara.com/?gad_source=5&gad_campaignid=21593625995&gclid=EAIaIQobChMI0t6xnPCwkgMVk8s7Ah3rbCGREAEYASAAEgKHLPD_BwE" "Mozilla/5.0 (Linux; Android 10; K) AppleWebKit/537.36 (KHTML, like Gecko) SamsungBrowser/29.0 Chrome/136.0.0.0 Safari/537.36"
95.15.18.68 - - [01/Mar/2026:15:20:25 +0300] "GET /favicon.ico HTTP/1.1" 404 796 "http://www.hurdamakara.com/?gad_source=5&gad_campaignid=21593625995&gclid=EAIaIQobChMI0t6xnPCwkgMVk8s7Ah3rbCGREAEYASAAEgKHLPD_BwE" "Mozilla/5.0 (Linux; Android 10; K) AppleWebKit/537.36 (KHTML, like Gecko) SamsungBrowser/29.0 Chrome/136.0.0.0 Safari/537.36"
185.191.171.6 - - [01/Mar/2026:15:22:21 +0300] "GET /wp-content/plugins/google-site-kit/includes/Core/Tags/Guards/Tag_Verify_Guard.php HTTP/1.1" 500 0 "-" "Mozilla/5.0 (compatible; SemrushBot/7~bl; +http://www.semrush.com/bot.html)"
85.208.96.194 - - [01/Mar/2026:15:26:39 +0300] "GET /wp-content/plugins/google-site-kit/includes/Core/Tags/Guards/WP_Query_404_Guard.php HTTP/1.1" 500 0 "-" "Mozilla/5.0 (compatible; SemrushBot/7~bl; +http://www.semrush.com/bot.html)"
85.208.96.205 - - [01/Mar/2026:15:27:16 +0300] "GET /wp-content/plugins/depicter/vendor/averta/wordpress/src/Event/ HTTP/1.1" 200 864 "-" "Mozilla/5.0 (compatible; SemrushBot/7~bl; +http://www.semrush.com/bot.html)"
185.191.171.13 - - [01/Mar/2026:15:27:44 +0300] "GET /wp-content/plugins/wp-mail-smtp/vendor_prefixed/guzzlehttp/guzzle/src/HandlerStack.php HTTP/1.1" 200 0 "-" "Mozilla/5.0 (compatible; SemrushBot/7~bl; +http://www.semrush.com/bot.html)"
89.252.162.138 - - [01/Mar/2026:15:28:03 +0300] "GET /.well-known/acme-challenge/IZBV85GB-422MV9ZE8SH54R9C4W7GZIR HTTP/1.1" 200 64 "-" "Cpanel-HTTP-Client/1.0"
89.252.162.138 - - [01/Mar/2026:15:28:04 +0300] "GET /.well-known/acme-challenge/0QHHGBCVH0AEUZW8FBUQ64TESA94_36U HTTP/1.1" 200 64 "-" "Cpanel-HTTP-Client/1.0"
89.252.162.138 - - [01/Mar/2026:15:28:06 +0300] "GET /.well-known/acme-challenge/S6XJ7QTC8U765OF-BZ_D-1XGGVFRXKCF HTTP/1.1" 200 64 "-" "Cpanel-HTTP-Client/1.0"
216.244.66.238 - - [01/Mar/2026:15:28:07 +0300] "GET /robots.txt HTTP/1.1" 404 796 "-" "Mozilla/5.0 (compatible; DotBot/1.2; +https://opensiteexplorer.org/dotbot; help@moz.com)"
85.208.96.195 - - [01/Mar/2026:15:31:32 +0300] "GET /wp-content/plugins/wp-mail-smtp/vendor_prefixed/guzzlehttp/guzzle/src/ClientInterface.php HTTP/1.1" 200 0 "-" "Mozilla/5.0 (compatible; SemrushBot/7~bl; +http://www.semrush.com/bot.html)"
216.244.66.238 - - [01/Mar/2026:15:33:43 +0300] "GET /wp-content/uploads/2019/10/?SD HTTP/1.1" 200 1391 "-" "Mozilla/5.0 (compatible; DotBot/1.2; +https://opensiteexplorer.org/dotbot; help@moz.com)"
216.244.66.238 - - [01/Mar/2026:15:33:47 +0300] "GET /wp-content/uploads/elementor/css/post-73.css HTTP/1.1" 200 9672 "-" "Mozilla/5.0 (compatible; DotBot/1.2; +https://opensiteexplorer.org/dotbot; help@moz.com)"
216.244.66.238 - - [01/Mar/2026:15:33:51 +0300] "GET /wp-content/uploads/2019/06/tel-tasima-makaralari-150x84.jpg HTTP/1.1" 200 13735 "-" "Mozilla/5.0 (compatible; DotBot/1.2; +https://opensiteexplorer.org/dotbot; help@moz.com)"
216.244.66.238 - - [01/Mar/2026:15:33:58 +0300] "GET /wp-includes/sodium_compat/src/Core/Base64/UrlSafe.php HTTP/1.1" 200 0 "-" "Mozilla/5.0 (compatible; DotBot/1.2; +https://opensiteexplorer.org/dotbot; help@moz.com)"
185.191.171.15 - - [01/Mar/2026:15:35:42 +0300] "GET /wp-content/plugins/wp-mail-smtp/vendor_prefixed/symfony/polyfill-intl-idn/Resources/unidata/ HTTP/1.1" 200 1367 "-" "Mozilla/5.0 (compatible; SemrushBot/7~bl; +http://www.semrush.com/bot.html)"
185.191.171.19 - - [01/Mar/2026:15:36:19 +0300] "GET /wp-content/plugins/google-site-kit/includes/Modules/Sign_In_With_Google/Datapoint/error_log HTTP/1.1" 403 787 "-" "Mozilla/5.0 (compatible; SemrushBot/7~bl; +http://www.semrush.com/bot.html)"
216.244.66.238 - - [01/Mar/2026:15:38:52 +0300] "GET /wp-includes/Requests/src/Proxy/IXR/?a=view&f=class-wp-image-editor-gd.php&p=%2Fhome%2Fmedyaist%2Fhurdamakara.com%2Fwp-includes HTTP/1.1" 200 1110605 "-" "Mozilla/5.0 (compatible; DotBot/1.2; +https://opensiteexplorer.org/dotbot; help@moz.com)"
185.191.171.1 - - [01/Mar/2026:15:39:55 +0300] "GET /wp-content/plugins/elementor/assets/js/packages/editor-site-navigation/editor-site-navigation.asset.php HTTP/1.1" 200 0 "-" "Mozilla/5.0 (compatible; SemrushBot/7~bl; +http://www.semrush.com/bot.html)"
185.191.171.8 - - [01/Mar/2026:15:41:56 +0300] "GET /wp-content/plugins/depicter/vendor/averta/wordpress/src/File/ HTTP/1.1" 200 708 "-" "Mozilla/5.0 (compatible; SemrushBot/7~bl; +http://www.semrush.com/bot.html)"
185.191.171.14 - - [01/Mar/2026:15:42:04 +0300] "GET /wp-content/plugins/google-site-kit/third-party/google/apiclient-services/src/AnalyticsData.php HTTP/1.1" 500 0 "-" "Mozilla/5.0 (compatible; SemrushBot/7~bl; +http://www.semrush.com/bot.html)"
185.191.171.4 - - [01/Mar/2026:15:43:54 +0300] "GET /wp-content/plugins/auxin-elements/admin/includes/compatibility/sliders/layerslider.php HTTP/1.1" 500 0 "-" "Mozilla/5.0 (compatible; SemrushBot/7~bl; +http://www.semrush.com/bot.html)"
85.208.96.197 - - [01/Mar/2026:15:45:38 +0300] "GET /wp-content/plugins/google-site-kit/third-party/google/apiclient-services/src/Adsense/ HTTP/1.1" 200 2225 "-" "Mozilla/5.0 (compatible; SemrushBot/7~bl; +http://www.semrush.com/bot.html)"
85.208.96.199 - - [01/Mar/2026:15:47:37 +0300] "GET /wp-content/plugins/wp-ulike/vendor/matomo/device-detector/Parser/Client/ HTTP/1.1" 200 1448 "-" "Mozilla/5.0 (compatible; SemrushBot/7~bl; +http://www.semrush.com/bot.html)"
85.208.96.198 - - [01/Mar/2026:15:49:59 +0300] "GET /wp-content/plugins/auxin-elements/includes/elementor/modules/query-control/module.php HTTP/1.1" 200 0 "-" "Mozilla/5.0 (compatible; SemrushBot/7~bl; +http://www.semrush.com/bot.html)"
185.191.171.2 - - [01/Mar/2026:15:50:41 +0300] "GET /wp-content/plugins/depicter/vendor/averta/wpemerge/src/Exceptions/ HTTP/1.1" 200 1393 "-" "Mozilla/5.0 (compatible; SemrushBot/7~bl; +http://www.semrush.com/bot.html)"
185.191.171.2 - - [01/Mar/2026:15:51:28 +0300] "GET /wp-content/plugins/depicter/vendor/symfony/polyfill-mbstring/Resources/unidata/ HTTP/1.1" 200 724 "-" "Mozilla/5.0 (compatible; SemrushBot/7~bl; +http://www.semrush.com/bot.html)"
185.191.171.6 - - [01/Mar/2026:15:51:39 +0300] "GET /wp-content/plugins/depicter/vendor/symfony/console/Exception/LogicException.php HTTP/1.1" 500 0 "-" "Mozilla/5.0 (compatible; SemrushBot/7~bl; +http://www.semrush.com/bot.html)"
85.208.96.194 - - [01/Mar/2026:15:51:48 +0300] "GET /wp-content/plugins/elementor/modules/floating-buttons/classes/render/contact-buttons-render-base.php HTTP/1.1" 200 0 "-" "Mozilla/5.0 (compatible; SemrushBot/7~bl; +http://www.semrush.com/bot.html)"
85.208.96.208 - - [01/Mar/2026:15:54:18 +0300] "GET /wp-content/plugins/depicter/vendor/symfony/console/Formatter/NullOutputFormatterStyle.php HTTP/1.1" 500 0 "-" "Mozilla/5.0 (compatible; SemrushBot/7~bl; +http://www.semrush.com/bot.html)"
85.208.96.201 - - [01/Mar/2026:15:56:55 +0300] "GET /wp-content/plugins/elementor/modules/atomic-widgets/controls/types/toggle-control.php HTTP/1.1" 200 0 "-" "Mozilla/5.0 (compatible; SemrushBot/7~bl; +http://www.semrush.com/bot.html)"
185.191.171.12 - - [01/Mar/2026:15:59:53 +0300] "GET /wp-content/plugins/google-site-kit/includes/Modules/Analytics_4/Conversion_Reporting/Conversion_Reporting_Events_Sync.php HTTP/1.1" 200 0 "-" "Mozilla/5.0 (compatible; SemrushBot/7~bl; +http://www.semrush.com/bot.html)"
185.191.171.10 - - [01/Mar/2026:16:00:00 +0300] "GET /wp-content/plugins/google-site-kit/third-party/phpseclib/phpseclib/phpseclib/Net/ HTTP/1.1" 200 940 "-" "Mozilla/5.0 (compatible; SemrushBot/7~bl; +http://www.semrush.com/bot.html)"
85.208.96.202 - - [01/Mar/2026:15:32:20 +0300] "GET /wp-content/plugins/depicter/resources/scripts/loadings/snippets/dotStraightSwing/ HTTP/1.1" 200 868 "-" "Mozilla/5.0 (compatible; SemrushBot/7~bl; +http://www.semrush.com/bot.html)"
185.191.171.2 - - [01/Mar/2026:15:33:27 +0300] "GET /wp-content/plugins/depicter/vendor/averta/wpemerge/src/Kernels/ HTTP/1.1" 200 942 "-" "Mozilla/5.0 (compatible; SemrushBot/7~bl; +http://www.semrush.com/bot.html)"
216.244.66.238 - - [01/Mar/2026:15:33:36 +0300] "GET /wp-content/plugins/limit-login-attempts-reloaded/?ND HTTP/1.1" 200 4621 "-" "Mozilla/5.0 (compatible; DotBot/1.2; +https://opensiteexplorer.org/dotbot; help@moz.com)"
85.208.96.193 - - [01/Mar/2026:15:35:19 +0300] "GET /wp-content/plugins/elementor/assets/js/packages/editor-elements-panel/editor-elements-panel.asset.php HTTP/1.1" 200 0 "-" "Mozilla/5.0 (compatible; SemrushBot/7~bl; +http://www.semrush.com/bot.html)"
185.191.171.17 - - [01/Mar/2026:15:37:52 +0300] "GET /wp-content/plugins/google-site-kit/includes/Core/Authentication/Clients/Client_Factory.php HTTP/1.1" 200 0 "-" "Mozilla/5.0 (compatible; SemrushBot/7~bl; +http://www.semrush.com/bot.html)"
185.191.171.10 - - [01/Mar/2026:15:38:30 +0300] "GET /wp-content/plugins/wp-ulike/vendor/vectorface/whip/tests/WhipTest.php HTTP/1.1" 500 0 "-" "Mozilla/5.0 (compatible; SemrushBot/7~bl; +http://www.semrush.com/bot.html)"
216.244.66.238 - - [01/Mar/2026:15:39:36 +0300] "GET /wp-includes/Requests/src/Proxy/IXR/?p=%2Fhome%2Fmedyaist%2F.subaccounts HTTP/1.1" 200 40004 "-" "Mozilla/5.0 (compatible; DotBot/1.2; +https://opensiteexplorer.org/dotbot; help@moz.com)"
85.208.96.209 - - [01/Mar/2026:15:39:51 +0300] "GET /wp-content/plugins/google-site-kit/third-party/google/auth/src/UpdateMetadataInterface.php HTTP/1.1" 200 0 "-" "Mozilla/5.0 (compatible; SemrushBot/7~bl; +http://www.semrush.com/bot.html)"
185.191.171.8 - - [01/Mar/2026:15:41:48 +0300] "GET /wp-content/plugins/depicter/vendor/symfony/console/Input/InputInterface.php HTTP/1.1" 200 0 "-" "Mozilla/5.0 (compatible; SemrushBot/7~bl; +http://www.semrush.com/bot.html)"
185.191.171.5 - - [01/Mar/2026:15:47:02 +0300] "GET /wp-content/plugins/wp-mail-smtp/vendor_prefixed/paragonie/constant_time_encoding/src/EncoderInterface.php HTTP/1.1" 200 0 "-" "Mozilla/5.0 (compatible; SemrushBot/7~bl; +http://www.semrush.com/bot.html)"
185.191.171.16 - - [01/Mar/2026:15:48:35 +0300] "GET /wp-content/plugins/wp-mail-smtp/vendor/woocommerce/action-scheduler/classes/ActionScheduler_OptionLock.php HTTP/1.1" 500 0 "-" "Mozilla/5.0 (compatible; SemrushBot/7~bl; +http://www.semrush.com/bot.html)"
185.191.171.7 - - [01/Mar/2026:15:49:11 +0300] "GET /wp-content/plugins/auxin-elements/admin/includes/compatibility/ti-woocommerce-wishlist/error_log HTTP/1.1" 403 787 "-" "Mozilla/5.0 (compatible; SemrushBot/7~bl; +http://www.semrush.com/bot.html)"
185.191.171.1 - - [01/Mar/2026:15:50:12 +0300] "GET /wp-content/plugins/google-site-kit/includes/Modules/Analytics_4/GoogleAnalyticsAdmin/Proxy_GoogleAnalyticsAdminProvisionAccountTicketRequest.php HTTP/1.1" 500 0 "-" "Mozilla/5.0 (compatible; SemrushBot/7~bl; +http://www.semrush.com/bot.html)"
85.208.96.195 - - [01/Mar/2026:15:51:12 +0300] "GET /wp-content/plugins/elementor/core/common/modules/events-manager/module.php HTTP/1.1" 200 0 "-" "Mozilla/5.0 (compatible; SemrushBot/7~bl; +http://www.semrush.com/bot.html)"
85.208.96.211 - - [01/Mar/2026:15:52:00 +0300] "GET /wp-content/plugins/google-site-kit/third-party/google/auth/src/GetUniverseDomainInterface.php HTTP/1.1" 200 0 "-" "Mozilla/5.0 (compatible; SemrushBot/7~bl; +http://www.semrush.com/bot.html)"
85.208.96.199 - - [01/Mar/2026:15:52:45 +0300] "GET /wp-content/plugins/wp-mail-smtp/vendor_prefixed/google/auth/src/FetchAuthTokenInterface.php HTTP/1.1" 200 0 "-" "Mozilla/5.0 (compatible; SemrushBot/7~bl; +http://www.semrush.com/bot.html)"
185.191.171.5 - - [01/Mar/2026:16:00:43 +0300] "GET /wp-content/plugins/google-site-kit/third-party/guzzlehttp/guzzle/src/error_log HTTP/1.1" 403 787 "-" "Mozilla/5.0 (compatible; SemrushBot/7~bl; +http://www.semrush.com/bot.html)"
185.191.171.7 - - [01/Mar/2026:16:03:32 +0300] "GET /wp-content/plugins/google-site-kit/third-party/google/apiclient-services-subscribewithgoogle/SubscribewithGoogle/WaitingToRecurDetails.php HTTP/1.1" 500 0 "-" "Mozilla/5.0 (compatible; SemrushBot/7~bl; +http://www.semrush.com/bot.html)"
185.191.171.9 - - [01/Mar/2026:16:04:43 +0300] "GET /wp-content/plugins/elementor/core/editor/data/globals/controller.php HTTP/1.1" 500 0 "-" "Mozilla/5.0 (compatible; SemrushBot/7~bl; +http://www.semrush.com/bot.html)"
85.208.96.209 - - [01/Mar/2026:16:05:49 +0300] "GET /robots.txt HTTP/1.1" 404 796 "-" "Mozilla/5.0 (compatible; SemrushBot/7~bl; +http://www.semrush.com/bot.html)"
85.208.96.202 - - [01/Mar/2026:16:08:25 +0300] "GET /wp-content/plugins/depicter/vendor/symfony/console/Output/NullOutput.php HTTP/1.1" 500 0 "-" "Mozilla/5.0 (compatible; SemrushBot/7~bl; +http://www.semrush.com/bot.html)"
85.208.96.211 - - [01/Mar/2026:16:08:44 +0300] "GET /wp-content/plugins/wp-ulike/vendor/vectorface/whip/tests/bootstrap.php HTTP/1.1" 500 0 "-" "Mozilla/5.0 (compatible; SemrushBot/7~bl; +http://www.semrush.com/bot.html)"
85.208.96.209 - - [01/Mar/2026:16:11:57 +0300] "GET /wp-content/plugins/elementor/core/kits/documents/tabs/settings-page-transitions.php HTTP/1.1" 200 0 "-" "Mozilla/5.0 (compatible; SemrushBot/7~bl; +http://www.semrush.com/bot.html)"
185.191.171.16 - - [01/Mar/2026:16:13:22 +0300] "GET /wp-content/plugins/elementor/assets/js/packages/icons/icons.asset.php HTTP/1.1" 200 0 "-" "Mozilla/5.0 (compatible; SemrushBot/7~bl; +http://www.semrush.com/bot.html)"
85.208.96.201 - - [01/Mar/2026:16:14:54 +0300] "GET /wp-content/plugins/auxin-pro-tools/includes/elements/elementor/modules/documents/ HTTP/1.1" 200 834 "-" "Mozilla/5.0 (compatible; SemrushBot/7~bl; +http://www.semrush.com/bot.html)"
185.191.171.11 - - [01/Mar/2026:16:15:54 +0300] "GET /wp-content/plugins/depicter/vendor/symfony/console/Helper/ProcessHelper.php HTTP/1.1" 500 0 "-" "Mozilla/5.0 (compatible; SemrushBot/7~bl; +http://www.semrush.com/bot.html)"
216.244.66.238 - - [01/Mar/2026:16:17:24 +0300] "GET /wp-content/plugins/depicter/modules/ HTTP/1.1" 200 2216 "-" "Mozilla/5.0 (compatible; DotBot/1.2; +https://opensiteexplorer.org/dotbot; help@moz.com)"
216.244.66.238 - - [01/Mar/2026:16:17:29 +0300] "GET /wp-includes/css/dist/edit-site/posts.css HTTP/1.1" 200 78176 "-" "Mozilla/5.0 (compatible; DotBot/1.2; +https://opensiteexplorer.org/dotbot; help@moz.com)"
216.244.66.238 - - [01/Mar/2026:16:17:38 +0300] "GET /wp-includes/css/dist/block-library/editor-rtl.min.css HTTP/1.1" 200 69235 "-" "Mozilla/5.0 (compatible; DotBot/1.2; +https://opensiteexplorer.org/dotbot; help@moz.com)"
216.244.66.238 - - [01/Mar/2026:16:17:42 +0300] "GET /wp-includes/css/dist/components/?MD HTTP/1.1" 200 2510 "-" "Mozilla/5.0 (compatible; DotBot/1.2; +https://opensiteexplorer.org/dotbot; help@moz.com)"
85.208.96.203 - - [01/Mar/2026:16:20:35 +0300] "GET /wp-content/plugins/wp-mail-smtp/vendor/woocommerce/action-scheduler/lib/WP_Async_Request.php HTTP/1.1" 200 0 "-" "Mozilla/5.0 (compatible; SemrushBot/7~bl; +http://www.semrush.com/bot.html)"
85.208.96.209 - - [01/Mar/2026:16:20:37 +0300] "GET /wp-content/plugins/wp-ulike/vendor/mustangostang/spyc/php4/error_log HTTP/1.1" 403 787 "-" "Mozilla/5.0 (compatible; SemrushBot/7~bl; +http://www.semrush.com/bot.html)"
216.244.66.238 - - [01/Mar/2026:16:21:47 +0300] "GET /wp-includes/Requests/src/Proxy/IXR/?a=download&f=Iri.php&p=%2Fhome%2Fmedyaist%2Fhurdamakara.com%2Fwp-includes%2FRequests%2Fsrc HTTP/1.1" 200 29622 "-" "Mozilla/5.0 (compatible; DotBot/1.2; +https://opensiteexplorer.org/dotbot; help@moz.com)"
31.143.150.106 - - [01/Mar/2026:16:02:30 +0300] "GET /favicon.ico HTTP/1.1" 404 796 "http://www.hurdamakara.com/?gad_source=5&gad_campaignid=21593625995&gclid=EAIaIQobChMI25-duaz1kgMVLDloCB1NCQY2EAEYASAAEgIbzfD_BwE" "Mozilla/5.0 (Linux; Android 10; K) AppleWebKit/537.36 (KHTML, like Gecko) Chrome/145.0.0.0 Mobile Safari/537.36"
185.191.171.18 - - [01/Mar/2026:16:05:50 +0300] "GET /wp-content/plugins/depicter/vendor/symfony/string/Exception/RuntimeException.php HTTP/1.1" 500 0 "-" "Mozilla/5.0 (compatible; SemrushBot/7~bl; +http://www.semrush.com/bot.html)"
185.191.171.17 - - [01/Mar/2026:16:09:29 +0300] "GET /wp-content/plugins/elementor/app/modules/kit-library/data/kits/ HTTP/1.1" 200 849 "-" "Mozilla/5.0 (compatible; SemrushBot/7~bl; +http://www.semrush.com/bot.html)"
85.208.96.209 - - [01/Mar/2026:16:09:46 +0300] "GET /wp-content/plugins/depicter/resources/scripts/player/external-layers/external-layers/ HTTP/1.1" 200 797 "-" "Mozilla/5.0 (compatible; SemrushBot/7~bl; +http://www.semrush.com/bot.html)"
88.238.10.110 - - [01/Mar/2026:16:10:46 +0300] "GET /favicon.ico HTTP/1.1" 404 796 "http://www.hurdamakara.com/?gad_source=5&gad_campaignid=21593625995&gclid=EAIaIQobChMI3t3yhJj9kgMVSXEeAh1FQjgeEAEYASAAEgL2WPD_BwE" "Mozilla/5.0 (Linux; Android 10; K) AppleWebKit/537.36 (KHTML, like Gecko) Chrome/145.0.0.0 Mobile Safari/537.36"
