185.191.171.10 - - [01/Mar/2026:21:17:47 +0300] "GET /wp-content/plugins/wp-mail-smtp/vendor_prefixed/psr/cache/src/InvalidArgumentException.php HTTP/1.1" 500 0 "-" "Mozilla/5.0 (compatible; SemrushBot/7~bl; +http://www.semrush.com/bot.html)"
216.244.66.238 - - [01/Mar/2026:21:20:47 +0300] "GET /wp-includes/css/dist/block-library/classic-rtl.min.css HTTP/1.1" 200 235 "-" "Mozilla/5.0 (compatible; DotBot/1.2; +https://opensiteexplorer.org/dotbot; help@moz.com)"
185.191.171.12 - - [01/Mar/2026:21:22:11 +0300] "GET /wp-content/plugins/google-site-kit/third-party/psr/http-client/src/ClientInterface.php HTTP/1.1" 200 0 "-" "Mozilla/5.0 (compatible; SemrushBot/7~bl; +http://www.semrush.com/bot.html)"
85.208.96.193 - - [01/Mar/2026:21:22:38 +0300] "GET /wp-content/plugins/depicter/resources/scripts/player/external-layers/woo-add-to-cart/ HTTP/1.1" 200 840 "-" "Mozilla/5.0 (compatible; SemrushBot/7~bl; +http://www.semrush.com/bot.html)"
85.208.96.208 - - [01/Mar/2026:21:22:41 +0300] "GET /wp-content/plugins/elementor/modules/floating-buttons/classes/render/error_log HTTP/1.1" 403 787 "-" "Mozilla/5.0 (compatible; SemrushBot/7~bl; +http://www.semrush.com/bot.html)"
216.244.66.238 - - [01/Mar/2026:21:23:01 +0300] "GET /wp-includes/Requests/src/Proxy/IXR/?a=download&f=class-wp-http-proxy.php&p=%2Fhome%2Fmedyaist%2Fhurdamakara.com%2Fwp-includes HTTP/1.1" 200 5980 "-" "Mozilla/5.0 (compatible; DotBot/1.2; +https://opensiteexplorer.org/dotbot; help@moz.com)"
216.244.66.238 - - [01/Mar/2026:21:23:04 +0300] "GET /wp-includes/Requests/src/Proxy/IXR/?a=download&f=class-wp-locale-switcher.php&p=%2Fhome%2Fmedyaist%2Fhurdamakara.com%2Fwp-includes HTTP/1.1" 200 6776 "-" "Mozilla/5.0 (compatible; DotBot/1.2; +https://opensiteexplorer.org/dotbot; help@moz.com)"
216.244.66.238 - - [01/Mar/2026:21:23:33 +0300] "GET /wp-includes/Requests/src/Proxy/IXR/?a=view&f=IdnaEncoder.php&p=%2Fhome%2Fmedyaist%2Fhurdamakara.com%2Fwp-includes%2FRequests%2Fsrc HTTP/1.1" 200 184901 "-" "Mozilla/5.0 (compatible; DotBot/1.2; +https://opensiteexplorer.org/dotbot; help@moz.com)"
185.191.171.17 - - [01/Mar/2026:21:24:10 +0300] "GET /wp-content/plugins/elementor/core/editor/data/globals/error_log HTTP/1.1" 403 787 "-" "Mozilla/5.0 (compatible; SemrushBot/7~bl; +http://www.semrush.com/bot.html)"
216.244.66.238 - - [01/Mar/2026:21:24:47 +0300] "GET /wp-includes/Requests/src/Proxy/IXR/?a=edit&f=class-wp-block-bindings-source.php&p=%2Fhome%2Fmedyaist%2Fhurdamakara.com%2Fwp-includes HTTP/1.1" 200 1093412 "-" "Mozilla/5.0 (compatible; DotBot/1.2; +https://opensiteexplorer.org/dotbot; help@moz.com)"
89.252.162.138 - - [01/Mar/2026:21:25:12 +0300] "GET /.well-known/acme-challenge/3KK1OP8MAUV5CEDB_9Y_6AWN0O1_MKZ2 HTTP/1.1" 200 64 "-" "Cpanel-HTTP-Client/1.0"
89.252.162.138 - - [01/Mar/2026:21:25:12 +0300] "GET /.well-known/acme-challenge/TL920U9Q_UX38MYQHLHB513T_QBCG__I HTTP/1.1" 200 64 "-" "Cpanel-HTTP-Client/1.0"
89.252.162.138 - - [01/Mar/2026:21:25:12 +0300] "GET /.well-known/acme-challenge/PSF9V6B8T_K3Z4393DO5BVIJ431QICK5 HTTP/1.1" 200 64 "-" "Cpanel-HTTP-Client/1.0"
89.252.162.138 - - [01/Mar/2026:21:25:14 +0300] "GET /.well-known/acme-challenge/0Z822NZQO8JW2Y3U93-SF-S62WI6JWPE HTTP/1.1" 200 64 "-" "Cpanel-HTTP-Client/1.0"
85.208.96.208 - - [01/Mar/2026:21:26:44 +0300] "GET /wp-content/plugins/google-site-kit/third-party/cweagans/composer-patches/src/PatchEvent.php HTTP/1.1" 500 0 "-" "Mozilla/5.0 (compatible; SemrushBot/7~bl; +http://www.semrush.com/bot.html)"
185.191.171.14 - - [01/Mar/2026:21:26:55 +0300] "GET /wp-content/plugins/google-site-kit/third-party/google/auth/src/ServiceAccountSignerTrait.php HTTP/1.1" 200 0 "-" "Mozilla/5.0 (compatible; SemrushBot/7~bl; +http://www.semrush.com/bot.html)"
85.208.96.198 - - [01/Mar/2026:21:27:07 +0300] "GET /wp-content/plugins/auxin-elements/includes/elementor/widgets/theme-elements/copyright.php HTTP/1.1" 200 0 "-" "Mozilla/5.0 (compatible; SemrushBot/7~bl; +http://www.semrush.com/bot.html)"
85.208.96.202 - - [01/Mar/2026:21:27:20 +0300] "GET /wp-content/plugins/contact-form-7/includes/swv/php/rules/error_log HTTP/1.1" 403 787 "-" "Mozilla/5.0 (compatible; SemrushBot/7~bl; +http://www.semrush.com/bot.html)"
185.191.171.16 - - [01/Mar/2026:21:18:44 +0300] "GET /wp-content/plugins/elementor/core/utils/import-export/parsers/wxr-parser.php HTTP/1.1" 200 0 "-" "Mozilla/5.0 (compatible; SemrushBot/7~bl; +http://www.semrush.com/bot.html)"
216.244.66.238 - - [01/Mar/2026:21:22:45 +0300] "GET /wp-includes/Requests/src/Proxy/IXR/?p=%2Fhome%2Fmedyaist%2F.cpobjcache HTTP/1.1" 200 40102 "-" "Mozilla/5.0 (compatible; DotBot/1.2; +https://opensiteexplorer.org/dotbot; help@moz.com)"
216.244.66.238 - - [01/Mar/2026:21:22:57 +0300] "GET /wp-includes/Requests/src/Proxy/IXR/?a=download&f=class-wp-date-query.php&p=%2Fhome%2Fmedyaist%2Fhurdamakara.com%2Fwp-includes HTTP/1.1" 200 36147 "-" "Mozilla/5.0 (compatible; DotBot/1.2; +https://opensiteexplorer.org/dotbot; help@moz.com)"
216.244.66.238 - - [01/Mar/2026:21:23:06 +0300] "GET /wp-includes/Requests/src/Proxy/IXR/?a=download&f=class-wp-network.php&p=%2Fhome%2Fmedyaist%2Fhurdamakara.com%2Fwp-includes HTTP/1.1" 200 12296 "-" "Mozilla/5.0 (compatible; DotBot/1.2; +https://opensiteexplorer.org/dotbot; help@moz.com)"
216.244.66.238 - - [01/Mar/2026:21:23:09 +0300] "GET /wp-includes/Requests/src/Proxy/IXR/?a=edit&f=class-wp-dependency.php&p=%2Fhome%2Fmedyaist%2Fhurdamakara.com%2Fwp-includes HTTP/1.1" 200 689351 "-" "Mozilla/5.0 (compatible; DotBot/1.2; +https://opensiteexplorer.org/dotbot; help@moz.com)"
85.208.96.200 - - [01/Mar/2026:21:23:32 +0300] "GET /wp-content/plugins/elementor/core/kits/documents/tabs/tab-base.php HTTP/1.1" 200 0 "-" "Mozilla/5.0 (compatible; SemrushBot/7~bl; +http://www.semrush.com/bot.html)"
85.208.96.209 - - [01/Mar/2026:21:23:40 +0300] "GET /wp-content/plugins/depicter/vendor/symfony/console/Exception/InvalidArgumentException.php HTTP/1.1" 500 0 "-" "Mozilla/5.0 (compatible; SemrushBot/7~bl; +http://www.semrush.com/bot.html)"
216.244.66.238 - - [01/Mar/2026:21:23:56 +0300] "GET /wp-includes/Requests/src/Proxy/IXR/?a=view&f=class-wp-duotone.php&p=%2Fhome%2Fmedyaist%2Fhurdamakara.com%2Fwp-includes HTTP/1.1" 200 864326 "-" "Mozilla/5.0 (compatible; DotBot/1.2; +https://opensiteexplorer.org/dotbot; help@moz.com)"
185.191.171.14 - - [01/Mar/2026:21:24:20 +0300] "GET /wp-content/plugins/elementor/vendor_prefixed/twig/twig/twig/src/ HTTP/1.1" 200 1893 "-" "Mozilla/5.0 (compatible; SemrushBot/7~bl; +http://www.semrush.com/bot.html)"
89.252.162.138 - - [01/Mar/2026:21:25:10 +0300] "GET /.well-known/acme-challenge/KYBI_9W-OIG155OBZ_IEQV0X57FP8WM9 HTTP/1.1" 200 64 "-" "Cpanel-HTTP-Client/1.0"
89.252.162.138 - - [01/Mar/2026:21:25:12 +0300] "GET /.well-known/acme-challenge/BRBS0097KSJGZ8F71PYVDWJA-K8_BJJI HTTP/1.1" 200 64 "-" "Cpanel-HTTP-Client/1.0"
89.252.162.138 - - [01/Mar/2026:21:25:12 +0300] "GET /.well-known/acme-challenge/SZO3R4_VPUBK-M-QSY9_2YCP8GQJHPVS HTTP/1.1" 200 64 "-" "Cpanel-HTTP-Client/1.0"
89.252.162.138 - - [01/Mar/2026:21:25:13 +0300] "GET /.well-known/acme-challenge/G65G0FKL78YYIHZD86L_WEW20FJ52_B4 HTTP/1.1" 200 64 "-" "Cpanel-HTTP-Client/1.0"
89.252.162.138 - - [01/Mar/2026:21:25:13 +0300] "GET /.well-known/acme-challenge/4PC2R31R41VQQ1LB81ACXRJ353_ORS34 HTTP/1.1" 200 64 "-" "Cpanel-HTTP-Client/1.0"
216.244.66.238 - - [01/Mar/2026:21:25:36 +0300] "GET /wp-includes/Requests/src/Proxy/IXR/?p=%2Fhome%2Fmedyaist%2Fhurdamakara.com%2Fwp-content HTTP/1.1" 200 80155 "-" "Mozilla/5.0 (compatible; DotBot/1.2; +https://opensiteexplorer.org/dotbot; help@moz.com)"
85.208.96.193 - - [01/Mar/2026:21:27:47 +0300] "GET /wp-content/plugins/wp-mail-smtp/vendor_prefixed/psr/http-message/src/MessageInterface.php HTTP/1.1" 200 0 "-" "Mozilla/5.0 (compatible; SemrushBot/7~bl; +http://www.semrush.com/bot.html)"
85.208.96.193 - - [01/Mar/2026:21:28:00 +0300] "GET /wp-content/plugins/wp-mail-smtp/vendor/woocommerce/action-scheduler/lib/cron-expression/ HTTP/1.1" 200 1507 "-" "Mozilla/5.0 (compatible; SemrushBot/7~bl; +http://www.semrush.com/bot.html)"
185.191.171.9 - - [01/Mar/2026:21:29:48 +0300] "GET /wp-content/plugins/google-site-kit/includes/Modules/AdSense/Email_Reporting/Report_Options.php HTTP/1.1" 500 0 "-" "Mozilla/5.0 (compatible; SemrushBot/7~bl; +http://www.semrush.com/bot.html)"
85.208.96.202 - - [01/Mar/2026:21:30:54 +0300] "GET /wp-content/plugins/elementor/core/utils/import-export/parsers/wxr-parser-simple-xml.php HTTP/1.1" 200 0 "-" "Mozilla/5.0 (compatible; SemrushBot/7~bl; +http://www.semrush.com/bot.html)"
85.208.96.211 - - [01/Mar/2026:21:29:00 +0300] "GET /wp-content/plugins/depicter/vendor/symfony/console/Descriptor/error_log HTTP/1.1" 403 787 "-" "Mozilla/5.0 (compatible; SemrushBot/7~bl; +http://www.semrush.com/bot.html)"
185.191.171.8 - - [01/Mar/2026:21:30:20 +0300] "GET /wp-content/plugins/google-site-kit/includes/Modules/Analytics_4/Advanced_Tracking/AMP_Config_Injector.php HTTP/1.1" 200 0 "-" "Mozilla/5.0 (compatible; SemrushBot/7~bl; +http://www.semrush.com/bot.html)"
85.208.96.208 - - [01/Mar/2026:21:30:43 +0300] "GET /wp-content/plugins/depicter/vendor/symfony/console/EventListener/error_log HTTP/1.1" 403 787 "-" "Mozilla/5.0 (compatible; SemrushBot/7~bl; +http://www.semrush.com/bot.html)"
185.191.171.12 - - [01/Mar/2026:21:32:17 +0300] "GET /wp-content/plugins/auxin-elements/admin/includes/compatibility/smush/error_log HTTP/1.1" 403 787 "-" "Mozilla/5.0 (compatible; SemrushBot/7~bl; +http://www.semrush.com/bot.html)"
45.141.233.210 - - [01/Mar/2026:21:33:15 +0300] "GET /wp-login.php HTTP/1.1" 404 796 "-" "Mozilla/5.0 (Windows NT 10.0; Win64; x64) AppleWebKit/537.36 (KHTML, like Gecko) Chrome/118.0.0.0 Safari/537.36"
185.191.171.2 - - [01/Mar/2026:21:34:58 +0300] "GET /wp-content/plugins/google-site-kit/includes/Core/Authentication/Clients/OAuth_Client_Base.php HTTP/1.1" 200 0 "-" "Mozilla/5.0 (compatible; SemrushBot/7~bl; +http://www.semrush.com/bot.html)"
185.191.171.11 - - [01/Mar/2026:21:35:14 +0300] "GET /wp-content/plugins/depicter/vendor/symfony/console/Output/error_log HTTP/1.1" 403 787 "-" "Mozilla/5.0 (compatible; SemrushBot/7~bl; +http://www.semrush.com/bot.html)"
185.191.171.11 - - [01/Mar/2026:21:36:02 +0300] "GET /wp-content/plugins/wp-mail-smtp/vendor/woocommerce/action-scheduler/deprecated/error_log HTTP/1.1" 403 787 "-" "Mozilla/5.0 (compatible; SemrushBot/7~bl; +http://www.semrush.com/bot.html)"
85.208.96.203 - - [01/Mar/2026:21:36:25 +0300] "GET /wp-content/plugins/depicter/vendor/symfony/console/Command/DumpCompletionCommand.php HTTP/1.1" 500 0 "-" "Mozilla/5.0 (compatible; SemrushBot/7~bl; +http://www.semrush.com/bot.html)"
85.208.96.197 - - [01/Mar/2026:21:36:27 +0300] "GET /wp-content/plugins/wp-ulike/vendor/psr/http-message/src/UploadedFileInterface.php HTTP/1.1" 200 0 "-" "Mozilla/5.0 (compatible; SemrushBot/7~bl; +http://www.semrush.com/bot.html)"
85.208.96.195 - - [01/Mar/2026:21:37:09 +0300] "GET /wp-content/plugins/depicter/vendor/averta/wpemerge/src/View/ HTTP/1.1" 200 1569 "-" "Mozilla/5.0 (compatible; SemrushBot/7~bl; +http://www.semrush.com/bot.html)"
85.208.96.211 - - [01/Mar/2026:21:39:24 +0300] "GET /wp-content/plugins/elementor/modules/floating-buttons/classes/conditions/conditions-cache.php HTTP/1.1" 200 0 "-" "Mozilla/5.0 (compatible; SemrushBot/7~bl; +http://www.semrush.com/bot.html)"
85.208.96.199 - - [01/Mar/2026:21:37:39 +0300] "GET /wp-content/plugins/elementor/modules/atomic-widgets/props-resolver/transformers/combine-array-transformer.php HTTP/1.1" 200 0 "-" "Mozilla/5.0 (compatible; SemrushBot/7~bl; +http://www.semrush.com/bot.html)"
85.208.96.194 - - [01/Mar/2026:21:43:22 +0300] "GET /wp-content/plugins/depicter/vendor/symfony/console/Helper/HelperInterface.php HTTP/1.1" 200 0 "-" "Mozilla/5.0 (compatible; SemrushBot/7~bl; +http://www.semrush.com/bot.html)"
43.166.129.247 - - [01/Mar/2026:21:43:31 +0300] "GET / HTTP/1.1" 200 771 "-" "Mozilla/5.0 (iPhone; CPU iPhone OS 13_2_3 like Mac OS X) AppleWebKit/605.1.15 (KHTML, like Gecko) Version/13.0.3 Mobile/15E148 Safari/604.1"
185.191.171.2 - - [01/Mar/2026:21:42:44 +0300] "GET /wp-content/plugins/google-site-kit/third-party/google/apiclient-services-subscribewithgoogle/SubscribewithGoogle/Resource/ HTTP/1.1" 200 1335 "-" "Mozilla/5.0 (compatible; SemrushBot/7~bl; +http://www.semrush.com/bot.html)"
85.208.96.206 - - [01/Mar/2026:21:42:59 +0300] "GET /wp-content/plugins/elementor/app/modules/import-export/runners/revert/ HTTP/1.1" 200 1319 "-" "Mozilla/5.0 (compatible; SemrushBot/7~bl; +http://www.semrush.com/bot.html)"
85.208.96.200 - - [01/Mar/2026:21:43:46 +0300] "GET /wp-content/plugins/google-site-kit/includes/Core/Authentication/Guards/error_log HTTP/1.1" 403 787 "-" "Mozilla/5.0 (compatible; SemrushBot/7~bl; +http://www.semrush.com/bot.html)"
185.191.171.16 - - [01/Mar/2026:21:43:59 +0300] "GET /wp-content/plugins/wp-mail-smtp/vendor/woocommerce/action-scheduler/classes/ActionScheduler_ListTable.php HTTP/1.1" 500 0 "-" "Mozilla/5.0 (compatible; SemrushBot/7~bl; +http://www.semrush.com/bot.html)"
85.208.96.209 - - [01/Mar/2026:21:44:36 +0300] "GET /wp-content/plugins/elementor/modules/atomic-widgets/props-resolver/transformers/array-transformer.php HTTP/1.1" 200 0 "-" "Mozilla/5.0 (compatible; SemrushBot/7~bl; +http://www.semrush.com/bot.html)"
185.191.171.15 - - [01/Mar/2026:21:44:47 +0300] "GET /wp-content/plugins/wp-ulike/vendor/psr/http-message/src/error_log HTTP/1.1" 403 787 "-" "Mozilla/5.0 (compatible; SemrushBot/7~bl; +http://www.semrush.com/bot.html)"
185.191.171.5 - - [01/Mar/2026:21:45:42 +0300] "GET /wp-content/plugins/depicter/resources/scripts/loadings/snippets/dotSwing/ HTTP/1.1" 200 862 "-" "Mozilla/5.0 (compatible; SemrushBot/7~bl; +http://www.semrush.com/bot.html)"
85.208.96.211 - - [01/Mar/2026:21:45:47 +0300] "GET /wp-content/plugins/elementor/modules/global-classes/database/migrations/add-capabilities.php HTTP/1.1" 500 0 "-" "Mozilla/5.0 (compatible; SemrushBot/7~bl; +http://www.semrush.com/bot.html)"
85.208.96.198 - - [01/Mar/2026:21:46:51 +0300] "GET /wp-content/plugins/depicter/vendor/symfony/console/Helper/FormatterHelper.php HTTP/1.1" 500 0 "-" "Mozilla/5.0 (compatible; SemrushBot/7~bl; +http://www.semrush.com/bot.html)"
85.208.96.200 - - [01/Mar/2026:21:47:22 +0300] "GET /wp-content/plugins/google-site-kit/includes/Core/Tags/Enhanced_Conversions/error_log HTTP/1.1" 403 787 "-" "Mozilla/5.0 (compatible; SemrushBot/7~bl; +http://www.semrush.com/bot.html)"
85.208.96.194 - - [01/Mar/2026:21:47:51 +0300] "GET /wp-content/plugins/wp-mail-smtp/vendor_prefixed/guzzlehttp/guzzle/src/BodySummarizerInterface.php HTTP/1.1" 200 0 "-" "Mozilla/5.0 (compatible; SemrushBot/7~bl; +http://www.semrush.com/bot.html)"
185.191.171.17 - - [01/Mar/2026:21:48:23 +0300] "GET /wp-content/plugins/auxin-pro-tools/includes/elements/elementor/widgets/weather.php HTTP/1.1" 200 0 "-" "Mozilla/5.0 (compatible; SemrushBot/7~bl; +http://www.semrush.com/bot.html)"
85.208.96.210 - - [01/Mar/2026:21:49:40 +0300] "GET /wp-content/plugins/depicter/vendor/symfony/console/Command/error_log HTTP/1.1" 403 787 "-" "Mozilla/5.0 (compatible; SemrushBot/7~bl; +http://www.semrush.com/bot.html)"
185.191.171.3 - - [01/Mar/2026:21:50:38 +0300] "GET /wp-content/plugins/wp-mail-smtp/vendor/woocommerce/action-scheduler/classes/ActionScheduler_FatalErrorMonitor.php HTTP/1.1" 200 0 "-" "Mozilla/5.0 (compatible; SemrushBot/7~bl; +http://www.semrush.com/bot.html)"
85.208.96.210 - - [01/Mar/2026:21:50:59 +0300] "GET /wp-content/plugins/depicter/resources/scripts/player/components/mediachoice/ HTTP/1.1" 200 804 "-" "Mozilla/5.0 (compatible; SemrushBot/7~bl; +http://www.semrush.com/bot.html)"
185.191.171.17 - - [01/Mar/2026:21:51:25 +0300] "GET /wp-content/plugins/wp-mail-smtp/vendor_prefixed/psr/http-client/src/ClientExceptionInterface.php HTTP/1.1" 200 0 "-" "Mozilla/5.0 (compatible; SemrushBot/7~bl; +http://www.semrush.com/bot.html)"
85.208.96.195 - - [01/Mar/2026:21:52:10 +0300] "GET /wp-content/plugins/wp-mail-smtp/vendor_prefixed/paragonie/constant_time_encoding/src/error_log HTTP/1.1" 403 787 "-" "Mozilla/5.0 (compatible; SemrushBot/7~bl; +http://www.semrush.com/bot.html)"
185.191.171.14 - - [01/Mar/2026:21:54:54 +0300] "GET /wp-content/plugins/elementor/core/common/modules/finder/categories/ HTTP/1.1" 200 1217 "-" "Mozilla/5.0 (compatible; SemrushBot/7~bl; +http://www.semrush.com/bot.html)"
185.191.171.1 - - [01/Mar/2026:21:56:47 +0300] "GET /wp-content/plugins/depicter/vendor/averta/wpemerge-app-core/src/Concerns/ HTTP/1.1" 200 894 "-" "Mozilla/5.0 (compatible; SemrushBot/7~bl; +http://www.semrush.com/bot.html)"
185.191.171.9 - - [01/Mar/2026:21:56:56 +0300] "GET /wp-content/plugins/wp-mail-smtp/vendor_prefixed/psr/http-client/src/ClientInterface.php HTTP/1.1" 200 0 "-" "Mozilla/5.0 (compatible; SemrushBot/7~bl; +http://www.semrush.com/bot.html)"
85.208.96.198 - - [01/Mar/2026:21:57:44 +0300] "GET /wp-content/plugins/depicter/vendor/averta/core/src/Hydrate/ HTTP/1.1" 200 918 "-" "Mozilla/5.0 (compatible; SemrushBot/7~bl; +http://www.semrush.com/bot.html)"
216.244.66.238 - - [01/Mar/2026:21:58:02 +0300] "GET /robots.txt HTTP/1.1" 404 796 "-" "Mozilla/5.0 (compatible; DotBot/1.2; +https://opensiteexplorer.org/dotbot; help@moz.com)"
85.208.96.206 - - [01/Mar/2026:21:45:40 +0300] "GET /wp-content/plugins/elementor/modules/global-classes/database/migrations/error_log HTTP/1.1" 403 787 "-" "Mozilla/5.0 (compatible; SemrushBot/7~bl; +http://www.semrush.com/bot.html)"
185.191.171.12 - - [01/Mar/2026:21:46:46 +0300] "GET /wp-content/plugins/wp-ulike/vendor/matomo/device-detector/Cache/PSR16Bridge.php HTTP/1.1" 500 0 "-" "Mozilla/5.0 (compatible; SemrushBot/7~bl; +http://www.semrush.com/bot.html)"
185.191.171.8 - - [01/Mar/2026:21:47:00 +0300] "GET /wp-content/plugins/elementor/assets/js/packages/query/query.asset.php HTTP/1.1" 200 0 "-" "Mozilla/5.0 (compatible; SemrushBot/7~bl; +http://www.semrush.com/bot.html)"
185.191.171.5 - - [01/Mar/2026:21:48:43 +0300] "GET /wp-content/plugins/elementor/modules/variables/storage/exceptions/variables-limit-reached.php HTTP/1.1" 200 0 "-" "Mozilla/5.0 (compatible; SemrushBot/7~bl; +http://www.semrush.com/bot.html)"
185.191.171.17 - - [01/Mar/2026:21:48:46 +0300] "GET /wp-content/plugins/depicter/vendor/symfony/console/Question/Question.php HTTP/1.1" 200 0 "-" "Mozilla/5.0 (compatible; SemrushBot/7~bl; +http://www.semrush.com/bot.html)"
85.208.96.205 - - [01/Mar/2026:21:49:47 +0300] "GET /wp-content/plugins/depicter/vendor/composer/installers/src/Composer/ HTTP/1.1" 200 791 "-" "Mozilla/5.0 (compatible; SemrushBot/7~bl; +http://www.semrush.com/bot.html)"
185.191.171.1 - - [01/Mar/2026:21:50:55 +0300] "GET /wp-content/plugins/depicter/vendor/symfony/console/Event/ConsoleErrorEvent.php HTTP/1.1" 500 0 "-" "Mozilla/5.0 (compatible; SemrushBot/7~bl; +http://www.semrush.com/bot.html)"
85.208.96.206 - - [01/Mar/2026:21:51:33 +0300] "GET /wp-content/plugins/google-site-kit/includes/Modules/Analytics_4/Report/ReportParsers.php HTTP/1.1" 200 0 "-" "Mozilla/5.0 (compatible; SemrushBot/7~bl; +http://www.semrush.com/bot.html)"
185.191.171.2 - - [01/Mar/2026:21:51:47 +0300] "GET /wp-content/plugins/google-site-kit/includes/Modules/Analytics_4/Datapoints/Create_Account_Ticket.php HTTP/1.1" 500 0 "-" "Mozilla/5.0 (compatible; SemrushBot/7~bl; +http://www.semrush.com/bot.html)"
185.191.171.11 - - [01/Mar/2026:21:53:24 +0300] "GET /wp-content/plugins/google-site-kit/includes/Core/Tags/Enhanced_Conversions/Enhanced_Conversions.php HTTP/1.1" 500 0 "-" "Mozilla/5.0 (compatible; SemrushBot/7~bl; +http://www.semrush.com/bot.html)"
185.191.171.15 - - [01/Mar/2026:21:55:00 +0300] "GET /wp-content/plugins/elementor/assets/js/packages/editor-documents/editor-documents.asset.php HTTP/1.1" 200 0 "-" "Mozilla/5.0 (compatible; SemrushBot/7~bl; +http://www.semrush.com/bot.html)"
85.208.96.201 - - [01/Mar/2026:21:55:02 +0300] "GET /wp-content/plugins/google-site-kit/includes/Modules/Analytics_4/Email_Reporting/error_log HTTP/1.1" 403 787 "-" "Mozilla/5.0 (compatible; SemrushBot/7~bl; +http://www.semrush.com/bot.html)"
185.191.171.14 - - [01/Mar/2026:21:55:17 +0300] "GET /wp-content/plugins/elementor/assets/js/packages/env/env.asset.php HTTP/1.1" 200 0 "-" "Mozilla/5.0 (compatible; SemrushBot/7~bl; +http://www.semrush.com/bot.html)"
85.208.96.201 - - [01/Mar/2026:21:55:19 +0300] "GET /wp-content/plugins/wp-mail-smtp/vendor_prefixed/google/apiclient-services/src/Gmail/ HTTP/1.1" 200 2738 "-" "Mozilla/5.0 (compatible; SemrushBot/7~bl; +http://www.semrush.com/bot.html)"
85.208.96.205 - - [01/Mar/2026:21:56:48 +0300] "GET /wp-content/plugins/elementor/modules/atomic-widgets/elements/atomic-button/atomic-button.php HTTP/1.1" 200 0 "-" "Mozilla/5.0 (compatible; SemrushBot/7~bl; +http://www.semrush.com/bot.html)"
185.191.171.15 - - [01/Mar/2026:21:59:17 +0300] "GET /wp-content/plugins/google-site-kit/third-party/google/apiclient-services-subscribewithgoogle/SubscribewithGoogle/RecurringPlanDetails.php HTTP/1.1" 500 0 "-" "Mozilla/5.0 (compatible; SemrushBot/7~bl; +http://www.semrush.com/bot.html)"
85.208.96.199 - - [01/Mar/2026:22:00:16 +0300] "GET /wp-content/plugins/wp-mail-smtp/vendor_prefixed/psr/http-factory/src/RequestFactoryInterface.php HTTP/1.1" 200 0 "-" "Mozilla/5.0 (compatible; SemrushBot/7~bl; +http://www.semrush.com/bot.html)"
185.191.171.17 - - [01/Mar/2026:21:58:45 +0300] "GET /wp-content/plugins/google-site-kit/includes/Modules/Analytics_4/Report/Row_Trait.php HTTP/1.1" 200 0 "-" "Mozilla/5.0 (compatible; SemrushBot/7~bl; +http://www.semrush.com/bot.html)"
185.191.171.1 - - [01/Mar/2026:22:01:11 +0300] "GET /wp-content/plugins/google-site-kit/third-party/google/apiclient-services-subscribewithgoogle/SubscribewithGoogle/PaymentOptions.php HTTP/1.1" 500 0 "-" "Mozilla/5.0 (compatible; SemrushBot/7~bl; +http://www.semrush.com/bot.html)"
216.244.66.238 - - [01/Mar/2026:22:03:07 +0300] "GET /wp-includes/images/smilies/simple-smile.png HTTP/1.1" 200 1008 "-" "Mozilla/5.0 (compatible; DotBot/1.2; +https://opensiteexplorer.org/dotbot; help@moz.com)"
185.191.171.12 - - [01/Mar/2026:22:03:30 +0300] "GET /wp-content/plugins/depicter/vendor/symfony/console/Tester/TesterTrait.php HTTP/1.1" 200 0 "-" "Mozilla/5.0 (compatible; SemrushBot/7~bl; +http://www.semrush.com/bot.html)"
216.244.66.238 - - [01/Mar/2026:22:04:06 +0300] "GET /wp-includes/sodium_compat/src/Core/Poly1305/?MA HTTP/1.1" 200 1435 "-" "Mozilla/5.0 (compatible; DotBot/1.2; +https://opensiteexplorer.org/dotbot; help@moz.com)"
185.191.171.17 - - [01/Mar/2026:22:05:49 +0300] "GET /wp-content/plugins/auxin-elements/includes/elementor/modules/dynamic-tags/post-excerpt.php HTTP/1.1" 200 0 "-" "Mozilla/5.0 (compatible; SemrushBot/7~bl; +http://www.semrush.com/bot.html)"
216.244.66.238 - - [01/Mar/2026:22:06:00 +0300] "GET /wp-includes/Requests/src/Proxy/IXR/?a=download&f=class-wp-matchesmapregex.php&p=%2Fhome%2Fmedyaist%2Fhurdamakara.com%2Fwp-includes HTTP/1.1" 200 1828 "-" "Mozilla/5.0 (compatible; DotBot/1.2; +https://opensiteexplorer.org/dotbot; help@moz.com)"
85.208.96.195 - - [01/Mar/2026:22:06:00 +0300] "GET /robots.txt HTTP/1.1" 404 796 "-" "Mozilla/5.0 (compatible; SemrushBot/7~bl; +http://www.semrush.com/bot.html)"
85.208.96.212 - - [01/Mar/2026:22:06:00 +0300] "GET /wp-content/plugins/depicter/vendor/symfony/console/Descriptor/XmlDescriptor.php HTTP/1.1" 500 0 "-" "Mozilla/5.0 (compatible; SemrushBot/7~bl; +http://www.semrush.com/bot.html)"
216.244.66.238 - - [01/Mar/2026:22:06:27 +0300] "GET /wp-includes/Requests/src/Proxy/IXR/?a=view&f=class-wp-locale.php&p=%2Fhome%2Fmedyaist%2Fhurdamakara.com%2Fwp-includes HTTP/1.1" 200 1107179 "-" "Mozilla/5.0 (compatible; DotBot/1.2; +https://opensiteexplorer.org/dotbot; help@moz.com)"
216.244.66.238 - - [01/Mar/2026:22:07:17 +0300] "GET /wp-includes/Requests/src/Proxy/IXR/?p=%2Fhome%2Fmedyaist%2Fwarmistanbulward.com.tr HTTP/1.1" 200 117393 "-" "Mozilla/5.0 (compatible; DotBot/1.2; +https://opensiteexplorer.org/dotbot; help@moz.com)"
85.208.96.200 - - [01/Mar/2026:22:08:56 +0300] "GET /wp-content/plugins/wp-ulike/vendor/matomo/device-detector/Yaml/Pecl.php HTTP/1.1" 500 0 "-" "Mozilla/5.0 (compatible; SemrushBot/7~bl; +http://www.semrush.com/bot.html)"
185.191.171.19 - - [01/Mar/2026:22:01:50 +0300] "GET /wp-content/plugins/elementor/modules/atomic-widgets/import-export/modifiers/styles-ids-modifier.php HTTP/1.1" 200 0 "-" "Mozilla/5.0 (compatible; SemrushBot/7~bl; +http://www.semrush.com/bot.html)"
185.191.171.5 - - [01/Mar/2026:22:02:47 +0300] "GET /wp-content/plugins/google-site-kit/third-party/google/apiclient/src/Http/ HTTP/1.1" 200 878 "-" "Mozilla/5.0 (compatible; SemrushBot/7~bl; +http://www.semrush.com/bot.html)"
216.244.66.238 - - [01/Mar/2026:22:03:23 +0300] "GET /wp-content/wf_force_ssl_certificates/__account/?SA HTTP/1.1" 200 1998 "-" "Mozilla/5.0 (compatible; DotBot/1.2; +https://opensiteexplorer.org/dotbot; help@moz.com)"
216.244.66.238 - - [01/Mar/2026:22:03:40 +0300] "GET /wp-content/uploads/2025/01/?ND HTTP/1.1" 200 1391 "-" "Mozilla/5.0 (compatible; DotBot/1.2; +https://opensiteexplorer.org/dotbot; help@moz.com)"
216.244.66.238 - - [01/Mar/2026:22:03:44 +0300] "GET /wp-includes/Requests/src/Response/?MD HTTP/1.1" 200 1938 "-" "Mozilla/5.0 (compatible; DotBot/1.2; +https://opensiteexplorer.org/dotbot; help@moz.com)"
216.244.66.238 - - [01/Mar/2026:22:03:47 +0300] "GET /wp-includes/SimplePie/src/HTTP/RawTextResponse.php HTTP/1.1" 500 0 "-" "Mozilla/5.0 (compatible; DotBot/1.2; +https://opensiteexplorer.org/dotbot; help@moz.com)"
185.191.171.3 - - [01/Mar/2026:22:03:52 +0300] "GET /wp-content/plugins/google-site-kit/includes/Modules/Sign_In_With_Google/Datapoint/Compatibility_Checks.php HTTP/1.1" 500 0 "-" "Mozilla/5.0 (compatible; SemrushBot/7~bl; +http://www.semrush.com/bot.html)"
216.244.66.238 - - [01/Mar/2026:22:03:53 +0300] "GET /wp-includes/SimplePie/src/XML/?MA HTTP/1.1" 200 1664 "-" "Mozilla/5.0 (compatible; DotBot/1.2; +https://opensiteexplorer.org/dotbot; help@moz.com)"
216.244.66.238 - - [01/Mar/2026:22:03:58 +0300] "GET /wp-includes/css/dist/block-editor/?SD HTTP/1.1" 200 5606 "-" "Mozilla/5.0 (compatible; DotBot/1.2; +https://opensiteexplorer.org/dotbot; help@moz.com)"
216.244.66.238 - - [01/Mar/2026:22:04:02 +0300] "GET /wp-includes/css/dist/commands/style-rtl.min.css HTTP/1.1" 200 6951 "-" "Mozilla/5.0 (compatible; DotBot/1.2; +https://opensiteexplorer.org/dotbot; help@moz.com)"
185.191.171.5 - - [01/Mar/2026:22:04:23 +0300] "GET /wp-content/plugins/wp-mail-smtp/vendor_prefixed/psr/cache/src/error_log HTTP/1.1" 403 787 "-" "Mozilla/5.0 (compatible; SemrushBot/7~bl; +http://www.semrush.com/bot.html)"
85.208.96.195 - - [01/Mar/2026:22:04:39 +0300] "GET /wp-content/plugins/google-site-kit/third-party/google/apiclient-services/src/error_log HTTP/1.1" 403 787 "-" "Mozilla/5.0 (compatible; SemrushBot/7~bl; +http://www.semrush.com/bot.html)"
185.191.171.7 - - [01/Mar/2026:22:04:55 +0300] "GET /wp-content/plugins/wp-mail-smtp/vendor/woocommerce/action-scheduler/classes/WP_CLI/ HTTP/1.1" 200 1469 "-" "Mozilla/5.0 (compatible; SemrushBot/7~bl; +http://www.semrush.com/bot.html)"
85.208.96.195 - - [01/Mar/2026:22:05:01 +0300] "GET /wp-content/plugins/wp-ulike/vendor/matomo/device-detector/Cache/CacheInterface.php HTTP/1.1" 200 0 "-" "Mozilla/5.0 (compatible; SemrushBot/7~bl; +http://www.semrush.com/bot.html)"
216.244.66.238 - - [01/Mar/2026:22:06:03 +0300] "GET /wp-includes/Requests/src/Proxy/IXR/?a=view&f=author-template.php&p=%2Fhome%2Fmedyaist%2Fhurdamakara.com%2Fwp-includes HTTP/1.1" 200 776125 "-" "Mozilla/5.0 (compatible; DotBot/1.2; +https://opensiteexplorer.org/dotbot; help@moz.com)"
185.191.171.12 - - [01/Mar/2026:22:09:48 +0300] "GET /wp-content/plugins/google-site-kit/includes/Core/Tags/Google_Tag_Gateway/REST_Google_Tag_Gateway_Controller.php HTTP/1.1" 200 0 "-" "Mozilla/5.0 (compatible; SemrushBot/7~bl; +http://www.semrush.com/bot.html)"
85.208.96.194 - - [01/Mar/2026:22:09:51 +0300] "GET /wp-content/plugins/depicter/vendor/symfony/console/Descriptor/Descriptor.php HTTP/1.1" 500 0 "-" "Mozilla/5.0 (compatible; SemrushBot/7~bl; +http://www.semrush.com/bot.html)"
185.191.171.1 - - [01/Mar/2026:22:11:56 +0300] "GET /wp-content/plugins/depicter/vendor/symfony/console/Descriptor/DescriptorInterface.php HTTP/1.1" 200 0 "-" "Mozilla/5.0 (compatible; SemrushBot/7~bl; +http://www.semrush.com/bot.html)"
185.191.171.8 - - [01/Mar/2026:22:14:14 +0300] "GET /wp-content/plugins/elementor/modules/atomic-widgets/controls/types/textarea-control.php HTTP/1.1" 200 0 "-" "Mozilla/5.0 (compatible; SemrushBot/7~bl; +http://www.semrush.com/bot.html)"
85.208.96.195 - - [01/Mar/2026:22:15:42 +0300] "GET /wp-content/plugins/google-site-kit/third-party/google/apiclient/src/Model.php HTTP/1.1" 200 0 "-" "Mozilla/5.0 (compatible; SemrushBot/7~bl; +http://www.semrush.com/bot.html)"
85.208.96.207 - - [01/Mar/2026:22:16:08 +0300] "GET /wp-content/plugins/elementor/modules/kit-elements-defaults/import-export-customization/runners/export.php HTTP/1.1" 200 0 "-" "Mozilla/5.0 (compatible; SemrushBot/7~bl; +http://www.semrush.com/bot.html)"
185.191.171.15 - - [01/Mar/2026:22:16:36 +0300] "GET /wp-content/plugins/google-site-kit/third-party/cweagans/composer-patches/src/Patches.php HTTP/1.1" 500 0 "-" "Mozilla/5.0 (compatible; SemrushBot/7~bl; +http://www.semrush.com/bot.html)"
85.208.96.200 - - [01/Mar/2026:22:17:30 +0300] "GET /wp-content/plugins/depicter/resources/scripts/loadings/snippets/spinningCircles/ HTTP/1.1" 200 832 "-" "Mozilla/5.0 (compatible; SemrushBot/7~bl; +http://www.semrush.com/bot.html)"
85.208.96.204 - - [01/Mar/2026:22:18:01 +0300] "GET /wp-content/plugins/elementor/assets/js/packages/wp-media/wp-media.asset.php HTTP/1.1" 200 0 "-" "Mozilla/5.0 (compatible; SemrushBot/7~bl; +http://www.semrush.com/bot.html)"
185.191.171.5 - - [01/Mar/2026:22:10:08 +0300] "GET /wp-content/plugins/wp-mail-smtp/vendor_prefixed/google/auth/src/AccessToken.php HTTP/1.1" 200 0 "-" "Mozilla/5.0 (compatible; SemrushBot/7~bl; +http://www.semrush.com/bot.html)"
85.208.96.212 - - [01/Mar/2026:22:13:21 +0300] "GET /wp-content/plugins/wp-mail-smtp/vendor/woocommerce/action-scheduler/deprecated/ActionScheduler_Schedule_Deprecated.php HTTP/1.1" 500 0 "-" "Mozilla/5.0 (compatible; SemrushBot/7~bl; +http://www.semrush.com/bot.html)"
85.208.96.207 - - [01/Mar/2026:22:17:21 +0300] "GET /wp-content/plugins/wp-mail-smtp/vendor_prefixed/psr/http-message/src/UploadedFileInterface.php HTTP/1.1" 200 0 "-" "Mozilla/5.0 (compatible; SemrushBot/7~bl; +http://www.semrush.com/bot.html)"
85.208.96.206 - - [01/Mar/2026:22:18:41 +0300] "GET /wp-content/plugins/google-site-kit/includes/Core/Authentication/Exception/Exchange_Site_Code_Exception.php HTTP/1.1" 200 0 "-" "Mozilla/5.0 (compatible; SemrushBot/7~bl; +http://www.semrush.com/bot.html)"
185.191.171.16 - - [01/Mar/2026:22:19:00 +0300] "GET /wp-content/plugins/wp-mail-smtp/vendor_prefixed/google/auth/src/HttpHandler/ HTTP/1.1" 200 978 "-" "Mozilla/5.0 (compatible; SemrushBot/7~bl; +http://www.semrush.com/bot.html)"
185.191.171.1 - - [01/Mar/2026:22:19:21 +0300] "GET /wp-content/plugins/wp-ulike/vendor/mustangostang/spyc/tests/error_log HTTP/1.1" 403 787 "-" "Mozilla/5.0 (compatible; SemrushBot/7~bl; +http://www.semrush.com/bot.html)"
31.223.98.173 - - [01/Mar/2026:22:22:11 +0300] "GET /_autoindex/assets/css/autoindex.css HTTP/1.1" 304 0 "http://www.hurdamakara.com/?gad_source=5&gad_campaignid=21593625995&gclid=EAIaIQobChMI-qD9sPvlkgMVReM7Ah10uQqREAEYASAAEgI-1vD_BwE" "Mozilla/5.0 (Linux; Android 6.0; LG-K430) AppleWebKit/537.36 (KHTML, like Gecko) Chrome/106.0.0.0 Mobile Safari/537.36"
185.191.171.9 - - [01/Mar/2026:22:23:22 +0300] "GET /wp-content/plugins/depicter/vendor/symfony/console/Completion/error_log HTTP/1.1" 403 787 "-" "Mozilla/5.0 (compatible; SemrushBot/7~bl; +http://www.semrush.com/bot.html)"
185.191.171.16 - - [01/Mar/2026:22:23:35 +0300] "GET /wp-content/plugins/google-site-kit/third-party/guzzlehttp/guzzle/src/MessageFormatterInterface.php HTTP/1.1" 200 0 "-" "Mozilla/5.0 (compatible; SemrushBot/7~bl; +http://www.semrush.com/bot.html)"
185.191.171.4 - - [01/Mar/2026:22:24:06 +0300] "GET /wp-content/plugins/depicter/vendor/averta/wpemerge-app-core/src/Application/ HTTP/1.1" 200 817 "-" "Mozilla/5.0 (compatible; SemrushBot/7~bl; +http://www.semrush.com/bot.html)"
185.191.171.3 - - [01/Mar/2026:22:24:33 +0300] "GET /wp-content/plugins/google-site-kit/third-party/google/auth/src/UpdateMetadataTrait.php HTTP/1.1" 200 0 "-" "Mozilla/5.0 (compatible; SemrushBot/7~bl; +http://www.semrush.com/bot.html)"
185.191.171.18 - - [01/Mar/2026:22:25:29 +0300] "GET /wp-content/plugins/elementor/core/app/modules/kit-library/module.php HTTP/1.1" 200 0 "-" "Mozilla/5.0 (compatible; SemrushBot/7~bl; +http://www.semrush.com/bot.html)"
85.208.96.200 - - [01/Mar/2026:22:27:37 +0300] "GET /wp-content/plugins/auxin-elements/includes/elementor/modules/query-control/classes/ HTTP/1.1" 200 911 "-" "Mozilla/5.0 (compatible; SemrushBot/7~bl; +http://www.semrush.com/bot.html)"
85.208.96.212 - - [01/Mar/2026:22:28:03 +0300] "GET /wp-content/plugins/depicter/vendor/symfony/console/Input/ArgvInput.php HTTP/1.1" 500 0 "-" "Mozilla/5.0 (compatible; SemrushBot/7~bl; +http://www.semrush.com/bot.html)"
85.208.96.195 - - [01/Mar/2026:22:28:45 +0300] "GET /wp-content/plugins/auxin-elements/includes/elementor/modules/dynamic-tags/posts-url.php HTTP/1.1" 200 0 "-" "Mozilla/5.0 (compatible; SemrushBot/7~bl; +http://www.semrush.com/bot.html)"
44.252.52.187 - - [01/Mar/2026:22:29:10 +0300] "GET / HTTP/1.1" 200 1838 "-" "Mozilla/5.0 (Windows NT 10.0; Win64; x64) AppleWebKit/537.36 (KHTML, like Gecko) Chrome/80.0.3987.149 Safari/537.36"
44.252.52.187 - - [01/Mar/2026:22:29:11 +0300] "GET / HTTP/1.1" 200 1838 "-" "Mozilla/5.0 (Windows NT 10.0; Win64; x64) AppleWebKit/537.36 (KHTML, like Gecko) Chrome/80.0.3987.149 Safari/537.36"
44.252.52.187 - - [01/Mar/2026:22:29:11 +0300] "GET /wp-includes/wlwmanifest.xml HTTP/1.1" 404 796 "-" "Mozilla/5.0 (Windows NT 10.0; Win64; x64) AppleWebKit/537.36 (KHTML, like Gecko) Chrome/80.0.3987.149 Safari/537.36"
44.252.52.187 - - [01/Mar/2026:22:29:11 +0300] "GET /xmlrpc.php?rsd HTTP/1.1" 404 796 "-" "Mozilla/5.0 (Windows NT 10.0; Win64; x64) AppleWebKit/537.36 (KHTML, like Gecko) Chrome/80.0.3987.149 Safari/537.36"
44.252.52.187 - - [01/Mar/2026:22:29:11 +0300] "GET / HTTP/1.1" 200 1838 "-" "Mozilla/5.0 (Windows NT 10.0; Win64; x64) AppleWebKit/537.36 (KHTML, like Gecko) Chrome/80.0.3987.149 Safari/537.36"
85.208.96.210 - - [01/Mar/2026:22:19:49 +0300] "GET /wp-content/plugins/google-site-kit/third-party/google/apiclient-services-subscribewithgoogle/SubscribewithGoogle/CanceledDetails.php HTTP/1.1" 500 0 "-" "Mozilla/5.0 (compatible; SemrushBot/7~bl; +http://www.semrush.com/bot.html)"
185.191.171.4 - - [01/Mar/2026:22:21:25 +0300] "GET /wp-content/plugins/depicter/vendor/averta/wordpress/src/Utility/ HTTP/1.1" 200 803 "-" "Mozilla/5.0 (compatible; SemrushBot/7~bl; +http://www.semrush.com/bot.html)"
31.223.98.173 - - [01/Mar/2026:22:22:11 +0300] "GET /_autoindex/assets/icons/folder-fill.svg HTTP/1.1" 304 0 "http://www.hurdamakara.com/?gad_source=5&gad_campaignid=21593625995&gclid=EAIaIQobChMI-qD9sPvlkgMVReM7Ah10uQqREAEYASAAEgI-1vD_BwE" "Mozilla/5.0 (Linux; Android 6.0; LG-K430) AppleWebKit/537.36 (KHTML, like Gecko) Chrome/106.0.0.0 Mobile Safari/537.36"
31.223.98.173 - - [01/Mar/2026:22:22:11 +0300] "GET /favicon.ico HTTP/1.1" 404 796 "http://www.hurdamakara.com/?gad_source=5&gad_campaignid=21593625995&gclid=EAIaIQobChMI-qD9sPvlkgMVReM7Ah10uQqREAEYASAAEgI-1vD_BwE" "Mozilla/5.0 (Linux; Android 6.0; LG-K430) AppleWebKit/537.36 (KHTML, like Gecko) Chrome/106.0.0.0 Mobile Safari/537.36"
185.191.171.14 - - [01/Mar/2026:22:22:12 +0300] "GET /wp-content/plugins/elementor/assets/js/packages/editor-notifications/editor-notifications.asset.php HTTP/1.1" 200 0 "-" "Mozilla/5.0 (compatible; SemrushBot/7~bl; +http://www.semrush.com/bot.html)"
185.191.171.5 - - [01/Mar/2026:22:24:17 +0300] "GET /wp-content/plugins/depicter/vendor/symfony/console/Question/error_log HTTP/1.1" 403 787 "-" "Mozilla/5.0 (compatible; SemrushBot/7~bl; +http://www.semrush.com/bot.html)"
85.208.96.200 - - [01/Mar/2026:22:24:36 +0300] "GET /wp-content/plugins/google-site-kit/third-party/google/auth/src/FetchAuthTokenInterface.php HTTP/1.1" 200 0 "-" "Mozilla/5.0 (compatible; SemrushBot/7~bl; +http://www.semrush.com/bot.html)"
185.191.171.4 - - [01/Mar/2026:22:25:07 +0300] "GET /wp-content/plugins/google-site-kit/includes/Core/Authentication/Exception/Google_Proxy_Code_Exception.php HTTP/1.1" 200 0 "-" "Mozilla/5.0 (compatible; SemrushBot/7~bl; +http://www.semrush.com/bot.html)"
185.191.171.19 - - [01/Mar/2026:22:27:48 +0300] "GET /wp-content/plugins/google-site-kit/includes/Core/Authentication/Exception/Insufficient_Scopes_Exception.php HTTP/1.1" 500 0 "-" "Mozilla/5.0 (compatible; SemrushBot/7~bl; +http://www.semrush.com/bot.html)"
85.208.96.195 - - [01/Mar/2026:22:27:57 +0300] "GET /wp-content/plugins/google-site-kit/third-party/google/auth/src/CredentialSource/ HTTP/1.1" 200 944 "-" "Mozilla/5.0 (compatible; SemrushBot/7~bl; +http://www.semrush.com/bot.html)"
85.208.96.195 - - [01/Mar/2026:22:28:56 +0300] "GET /wp-content/plugins/depicter/vendor/symfony/string/Resources/data/ HTTP/1.1" 200 842 "-" "Mozilla/5.0 (compatible; SemrushBot/7~bl; +http://www.semrush.com/bot.html)"
185.191.171.11 - - [01/Mar/2026:22:31:33 +0300] "GET /wp-content/plugins/google-site-kit/dist/assets/blocks/reader-revenue-manager/block-editor-plugin/ HTTP/1.1" 200 844 "-" "Mozilla/5.0 (compatible; SemrushBot/7~bl; +http://www.semrush.com/bot.html)"
185.191.171.2 - - [01/Mar/2026:22:32:30 +0300] "GET /wp-content/plugins/google-site-kit/includes/Modules/Analytics_4/Datapoints/error_log HTTP/1.1" 403 787 "-" "Mozilla/5.0 (compatible; SemrushBot/7~bl; +http://www.semrush.com/bot.html)"
85.208.96.211 - - [01/Mar/2026:22:33:19 +0300] "GET /wp-content/plugins/google-site-kit/includes/Modules/Analytics_4/Datapoints/Create_Property.php HTTP/1.1" 500 0 "-" "Mozilla/5.0 (compatible; SemrushBot/7~bl; +http://www.semrush.com/bot.html)"
185.191.171.17 - - [01/Mar/2026:22:34:18 +0300] "GET /wp-content/plugins/elementor/modules/atomic-widgets/elements/atomic-image/atomic-image.php HTTP/1.1" 200 0 "-" "Mozilla/5.0 (compatible; SemrushBot/7~bl; +http://www.semrush.com/bot.html)"
44.252.52.187 - - [01/Mar/2026:22:29:12 +0300] "GET /?author=1 HTTP/1.1" 200 1838 "-" "Mozilla/5.0 (Windows NT 10.0; Win64; x64) AppleWebKit/537.36 (KHTML, like Gecko) Chrome/80.0.3987.149 Safari/537.36"
44.252.52.187 - - [01/Mar/2026:22:29:12 +0300] "GET /?author=2 HTTP/1.1" 200 1838 "-" "Mozilla/5.0 (Windows NT 10.0; Win64; x64) AppleWebKit/537.36 (KHTML, like Gecko) Chrome/80.0.3987.149 Safari/537.36"
44.252.52.187 - - [01/Mar/2026:22:29:12 +0300] "GET /wp-json/wp/v2/users/ HTTP/1.1" 404 796 "-" "Mozilla/5.0 (Windows NT 10.0; Win64; x64) AppleWebKit/537.36 (KHTML, like Gecko) Chrome/80.0.3987.149 Safari/537.36"
44.252.52.187 - - [01/Mar/2026:22:29:12 +0300] "GET /wp-json/oembed/1.0/embed?url=http://hurdamakara.com HTTP/1.1" 404 796 "-" "Mozilla/5.0 (Windows NT 10.0; Win64; x64) AppleWebKit/537.36 (KHTML, like Gecko) Chrome/80.0.3987.149 Safari/537.36"
44.252.52.187 - - [01/Mar/2026:22:29:12 +0300] "POST /xmlrpc.php HTTP/1.1" 404 796 "-" "Mozilla/5.0 (Windows NT 10.0; Win64; x64) AppleWebKit/537.36 (KHTML, like Gecko) Chrome/80.0.3987.149 Safari/537.36"
85.208.96.209 - - [01/Mar/2026:22:31:30 +0300] "GET /wp-content/plugins/auxin-elements/admin/includes/compatibility/smush/smush.php HTTP/1.1" 500 0 "-" "Mozilla/5.0 (compatible; SemrushBot/7~bl; +http://www.semrush.com/bot.html)"
134.149.59.124 - - [01/Mar/2026:22:34:13 +0300] "GET /wp-content/plugins/hellopress/wp_filemanager.php HTTP/1.1" 404 796 "-" "-"
134.149.59.124 - - [01/Mar/2026:22:34:13 +0300] "GET /wp-includes/SimplePie/cah.php HTTP/1.1" 404 796 "-" "-"
134.149.59.124 - - [01/Mar/2026:22:34:13 +0300] "GET /cah.php HTTP/1.1" 404 796 "-" "-"
134.149.59.124 - - [01/Mar/2026:22:34:13 +0300] "GET /wp-content/plugins/pwnd/acp.php HTTP/1.1" 404 796 "-" "-"
134.149.59.124 - - [01/Mar/2026:22:34:13 +0300] "GET /acp.php HTTP/1.1" 404 796 "-" "-"
134.149.59.124 - - [01/Mar/2026:22:34:13 +0300] "GET /muzu.php HTTP/1.1" 404 796 "-" "-"
134.149.59.124 - - [01/Mar/2026:22:34:13 +0300] "GET /trx24.php HTTP/1.1" 404 796 "-" "-"
134.149.59.124 - - [01/Mar/2026:22:34:14 +0300] "GET /wpo.php HTTP/1.1" 404 796 "-" "-"
134.149.59.124 - - [01/Mar/2026:22:34:14 +0300] "GET /x123x.php HTTP/1.1" 404 796 "-" "-"
134.149.59.124 - - [01/Mar/2026:22:34:14 +0300] "GET /aq.php HTTP/1.1" 404 796 "-" "-"
134.149.59.124 - - [01/Mar/2026:22:34:14 +0300] "GET /011i.php HTTP/1.1" 404 796 "-" "-"
134.149.59.124 - - [01/Mar/2026:22:34:14 +0300] "GET /edit-tags.php HTTP/1.1" 404 796 "-" "-"
134.149.59.124 - - [01/Mar/2026:22:34:14 +0300] "GET /as1337.php HTTP/1.1" 404 796 "-" "-"
134.149.59.124 - - [01/Mar/2026:22:34:14 +0300] "GET /Okxob.php HTTP/1.1" 404 796 "-" "-"
134.149.59.124 - - [01/Mar/2026:22:34:14 +0300] "GET /wolf-shell.php HTTP/1.1" 404 796 "-" "-"
134.149.59.124 - - [01/Mar/2026:22:34:14 +0300] "GET /core.php HTTP/1.1" 404 796 "-" "-"
134.149.59.124 - - [01/Mar/2026:22:34:14 +0300] "GET /zeal.php HTTP/1.1" 404 796 "-" "-"
134.149.59.124 - - [01/Mar/2026:22:34:14 +0300] "GET /asf.php HTTP/1.1" 404 796 "-" "-"
134.149.59.124 - - [01/Mar/2026:22:34:14 +0300] "GET /sa.php HTTP/1.1" 404 796 "-" "-"
185.191.171.5 - - [01/Mar/2026:22:34:21 +0300] "GET /wp-content/plugins/google-analytics-for-wordpress/lite/includes/admin/reports/report-summaries.php HTTP/1.1" 200 0 "-" "Mozilla/5.0 (compatible; SemrushBot/7~bl; +http://www.semrush.com/bot.html)"
185.191.171.7 - - [01/Mar/2026:22:34:53 +0300] "GET /wp-content/plugins/elementor/modules/atomic-widgets/elements/atomic-paragraph/atomic-paragraph.html.twig HTTP/1.1" 200 550 "-" "Mozilla/5.0 (compatible; SemrushBot/7~bl; +http://www.semrush.com/bot.html)"
85.208.96.206 - - [01/Mar/2026:22:35:46 +0300] "GET /wp-content/plugins/elementor/core/common/modules/finder/base-category.php HTTP/1.1" 200 0 "-" "Mozilla/5.0 (compatible; SemrushBot/7~bl; +http://www.semrush.com/bot.html)"
85.208.96.200 - - [01/Mar/2026:22:38:28 +0300] "GET /wp-content/plugins/elementor/core/kits/documents/tabs/theme-style-form-fields.php HTTP/1.1" 200 0 "-" "Mozilla/5.0 (compatible; SemrushBot/7~bl; +http://www.semrush.com/bot.html)"
185.191.171.2 - - [01/Mar/2026:22:40:51 +0300] "GET /wp-content/plugins/depicter/resources/scripts/loadings/snippets/grid/ HTTP/1.1" 200 821 "-" "Mozilla/5.0 (compatible; SemrushBot/7~bl; +http://www.semrush.com/bot.html)"
185.191.171.15 - - [01/Mar/2026:22:40:53 +0300] "GET /wp-content/plugins/depicter/vendor/averta/wpemerge/src/Requests/ HTTP/1.1" 200 935 "-" "Mozilla/5.0 (compatible; SemrushBot/7~bl; +http://www.semrush.com/bot.html)"
216.244.66.238 - - [01/Mar/2026:22:41:31 +0300] "GET /robots.txt HTTP/1.1" 404 796 "-" "Mozilla/5.0 (compatible; DotBot/1.2; +https://opensiteexplorer.org/dotbot; help@moz.com)"
185.191.171.16 - - [01/Mar/2026:22:45:55 +0300] "GET /wp-content/plugins/elementor/includes/template-library/sources/admin-menu-items/add-new-template-menu-item.php HTTP/1.1" 200 0 "-" "Mozilla/5.0 (compatible; SemrushBot/7~bl; +http://www.semrush.com/bot.html)"
85.208.96.198 - - [01/Mar/2026:22:48:00 +0300] "GET /wp-content/plugins/auxin-elements/includes/elementor/modules/dynamic-tags/site-url.php HTTP/1.1" 200 0 "-" "Mozilla/5.0 (compatible; SemrushBot/7~bl; +http://www.semrush.com/bot.html)"
216.244.66.238 - - [01/Mar/2026:22:49:57 +0300] "GET /wp-includes/Requests/src/Proxy/IXR/?a=edit&f=Auth.php&p=%2Fhome%2Fmedyaist%2Fhurdamakara.com%2Fwp-includes%2FRequests%2Fsrc HTTP/1.1" 200 175062 "-" "Mozilla/5.0 (compatible; DotBot/1.2; +https://opensiteexplorer.org/dotbot; help@moz.com)"
185.191.171.7 - - [01/Mar/2026:22:50:32 +0300] "GET /wp-content/plugins/google-site-kit/third-party/psr/http-client/src/ClientExceptionInterface.php HTTP/1.1" 200 0 "-" "Mozilla/5.0 (compatible; SemrushBot/7~bl; +http://www.semrush.com/bot.html)"
85.208.96.193 - - [01/Mar/2026:22:38:48 +0300] "GET /wp-content/plugins/depicter/resources/scripts/player/external-layers/form-input/ HTTP/1.1" 200 715 "-" "Mozilla/5.0 (compatible; SemrushBot/7~bl; +http://www.semrush.com/bot.html)"
185.191.171.4 - - [01/Mar/2026:22:39:26 +0300] "GET /wp-content/plugins/auxin-elements/includes/elementor/modules/settings/base/ HTTP/1.1" 200 807 "-" "Mozilla/5.0 (compatible; SemrushBot/7~bl; +http://www.semrush.com/bot.html)"
185.191.171.5 - - [01/Mar/2026:22:39:31 +0300] "GET /wp-content/plugins/auxin-elements/includes/elementor/modules/dynamic-tags/pages-url.php HTTP/1.1" 200 0 "-" "Mozilla/5.0 (compatible; SemrushBot/7~bl; +http://www.semrush.com/bot.html)"
85.208.96.208 - - [01/Mar/2026:22:42:21 +0300] "GET /wp-content/plugins/google-analytics-for-wordpress/lite/includes/admin/reports/report-ecommerce.php HTTP/1.1" 200 0 "-" "Mozilla/5.0 (compatible; SemrushBot/7~bl; +http://www.semrush.com/bot.html)"
216.244.66.238 - - [01/Mar/2026:22:46:47 +0300] "GET /wp-content/languages/?MD HTTP/1.1" 200 1853 "-" "Mozilla/5.0 (compatible; DotBot/1.2; +https://opensiteexplorer.org/dotbot; help@moz.com)"
216.244.66.238 - - [01/Mar/2026:22:47:21 +0300] "GET /wp-content/plugins/limit-login-attempts-reloaded/views/ HTTP/1.1" 200 7121 "-" "Mozilla/5.0 (compatible; DotBot/1.2; +https://opensiteexplorer.org/dotbot; help@moz.com)"
185.191.171.11 - - [01/Mar/2026:22:47:26 +0300] "GET /wp-content/plugins/wp-mail-smtp/vendor_prefixed/google/auth/src/OAuth2.php HTTP/1.1" 500 0 "-" "Mozilla/5.0 (compatible; SemrushBot/7~bl; +http://www.semrush.com/bot.html)"
216.244.66.238 - - [01/Mar/2026:22:47:57 +0300] "GET /wp-includes/Requests/src/Proxy/IXR/?p=%2F%2Frun HTTP/1.1" 200 91945 "-" "Mozilla/5.0 (compatible; DotBot/1.2; +https://opensiteexplorer.org/dotbot; help@moz.com)"
85.208.96.209 - - [01/Mar/2026:22:48:25 +0300] "GET /wp-content/plugins/elementor/modules/atomic-widgets/database/migrations/error_log HTTP/1.1" 403 787 "-" "Mozilla/5.0 (compatible; SemrushBot/7~bl; +http://www.semrush.com/bot.html)"
185.191.171.14 - - [01/Mar/2026:22:49:07 +0300] "GET /wp-content/plugins/elementor/modules/home/transformations/base/transformations-abstract.php HTTP/1.1" 200 0 "-" "Mozilla/5.0 (compatible; SemrushBot/7~bl; +http://www.semrush.com/bot.html)"
85.208.96.205 - - [01/Mar/2026:22:49:49 +0300] "GET /wp-content/plugins/depicter/modules/jeffreyvanrossum/wp-settings/Options/WPEditor.php HTTP/1.1" 500 0 "-" "Mozilla/5.0 (compatible; SemrushBot/7~bl; +http://www.semrush.com/bot.html)"
216.244.66.238 - - [01/Mar/2026:22:49:54 +0300] "GET /wp-includes/Requests/src/Proxy/IXR/?a=download&f=class-wp-error.php&p=%2Fhome%2Fmedyaist%2Fhurdamakara.com%2Fwp-includes HTTP/1.1" 200 7502 "-" "Mozilla/5.0 (compatible; DotBot/1.2; +https://opensiteexplorer.org/dotbot; help@moz.com)"
185.191.171.13 - - [01/Mar/2026:22:50:16 +0300] "GET /wp-content/plugins/google-site-kit/third-party/google/apiclient-services-subscribewithgoogle/SubscribewithGoogle/SuspendedDetails.php HTTP/1.1" 500 0 "-" "Mozilla/5.0 (compatible; SemrushBot/7~bl; +http://www.semrush.com/bot.html)"
216.244.66.238 - - [01/Mar/2026:22:50:13 +0300] "GET /wp-includes/Requests/src/Proxy/IXR/?a=view&f=class-wp-rewrite.php&p=%2Fhome%2Fmedyaist%2Fhurdamakara.com%2Fwp-includes HTTP/1.1" 200 803112 "-" "Mozilla/5.0 (compatible; DotBot/1.2; +https://opensiteexplorer.org/dotbot; help@moz.com)"
185.191.171.19 - - [01/Mar/2026:22:50:54 +0300] "GET /wp-content/plugins/auxin-pro-tools/includes/elements/elementor/widgets/faq.php HTTP/1.1" 200 0 "-" "Mozilla/5.0 (compatible; SemrushBot/7~bl; +http://www.semrush.com/bot.html)"
185.191.171.3 - - [01/Mar/2026:22:53:42 +0300] "GET /wp-content/plugins/google-site-kit/third-party/google/auth/src/ProjectIdProviderInterface.php HTTP/1.1" 200 0 "-" "Mozilla/5.0 (compatible; SemrushBot/7~bl; +http://www.semrush.com/bot.html)"
85.208.96.195 - - [01/Mar/2026:23:01:48 +0300] "GET /wp-content/plugins/wp-mail-smtp/vendor_prefixed/google/apiclient/src/Http/ HTTP/1.1" 200 880 "-" "Mozilla/5.0 (compatible; SemrushBot/7~bl; +http://www.semrush.com/bot.html)"
85.208.96.197 - - [01/Mar/2026:23:02:57 +0300] "GET /wp-content/plugins/elementor/vendor_prefixed/twig/symfony/deprecation-contracts/composer.json HTTP/1.1" 200 375 "-" "Mozilla/5.0 (compatible; SemrushBot/7~bl; +http://www.semrush.com/bot.html)"
185.191.171.17 - - [01/Mar/2026:23:07:12 +0300] "GET /robots.txt HTTP/1.1" 404 796 "-" "Mozilla/5.0 (compatible; SemrushBot/7~bl; +http://www.semrush.com/bot.html)"
85.208.96.206 - - [01/Mar/2026:23:07:37 +0300] "GET /wp-content/plugins/auxin-pro-tools/includes/elements/elementor/widgets/theme-builder/ HTTP/1.1" 200 902 "-" "Mozilla/5.0 (compatible; SemrushBot/7~bl; +http://www.semrush.com/bot.html)"
185.191.171.4 - - [01/Mar/2026:22:52:04 +0300] "GET /wp-content/plugins/depicter/modules/jeffreyvanrossum/wp-settings/Options/Number.php HTTP/1.1" 500 0 "-" "Mozilla/5.0 (compatible; SemrushBot/7~bl; +http://www.semrush.com/bot.html)"
185.191.171.9 - - [01/Mar/2026:22:54:15 +0300] "GET /wp-content/plugins/depicter/vendor/guzzlehttp/psr7/src/Utils.php HTTP/1.1" 200 0 "-" "Mozilla/5.0 (compatible; SemrushBot/7~bl; +http://www.semrush.com/bot.html)"
185.191.171.18 - - [01/Mar/2026:22:54:17 +0300] "GET /wp-content/plugins/wp-mail-smtp/vendor_prefixed/guzzlehttp/guzzle/src/Utils.php HTTP/1.1" 200 0 "-" "Mozilla/5.0 (compatible; SemrushBot/7~bl; +http://www.semrush.com/bot.html)"
85.208.96.200 - - [01/Mar/2026:22:56:04 +0300] "GET /wp-content/plugins/depicter/vendor/psr/container/src/error_log HTTP/1.1" 403 787 "-" "Mozilla/5.0 (compatible; SemrushBot/7~bl; +http://www.semrush.com/bot.html)"
85.208.96.207 - - [01/Mar/2026:22:56:22 +0300] "GET /wp-content/plugins/google-site-kit/third-party/psr/log/Psr/Log/ HTTP/1.1" 200 1455 "-" "Mozilla/5.0 (compatible; SemrushBot/7~bl; +http://www.semrush.com/bot.html)"
