100.30.183.35 - - [01/Mar/2026:19:18:46 +0300] "GET / HTTP/1.1" 200 1838 "-" "Mozilla/5.0 (Windows NT 10.0; Win64; x64) AppleWebKit/537.36 (KHTML, like Gecko) Chrome/80.0.3987.149 Safari/537.36"
100.30.183.35 - - [01/Mar/2026:19:18:46 +0300] "GET /?author=1 HTTP/1.1" 200 1838 "-" "Mozilla/5.0 (Windows NT 10.0; Win64; x64) AppleWebKit/537.36 (KHTML, like Gecko) Chrome/80.0.3987.149 Safari/537.36"
216.244.66.238 - - [01/Mar/2026:19:11:52 +0300] "GET /wp-content/languages/plugins/contact-form-7-tr_TR-386488db25ec05c7581daeb6ecd72bfd.json HTTP/1.1" 200 533 "-" "Mozilla/5.0 (compatible; DotBot/1.2; +https://opensiteexplorer.org/dotbot; help@moz.com)"
216.244.66.238 - - [01/Mar/2026:19:12:25 +0300] "GET /wp-includes/css/dist/list-reusable-blocks/style-rtl.min.css HTTP/1.1" 200 4219 "-" "Mozilla/5.0 (compatible; DotBot/1.2; +https://opensiteexplorer.org/dotbot; help@moz.com)"
85.208.96.207 - - [01/Mar/2026:19:12:35 +0300] "GET /wp-content/plugins/elementor/assets/js/packages/editor-variables/editor-variables.asset.php HTTP/1.1" 200 0 "-" "Mozilla/5.0 (compatible; SemrushBot/7~bl; +http://www.semrush.com/bot.html)"
85.208.96.206 - - [01/Mar/2026:19:15:29 +0300] "GET /wp-content/plugins/wp-mail-smtp/vendor_prefixed/symfony/polyfill-mbstring/Resources/unidata/ HTTP/1.1" 200 925 "-" "Mozilla/5.0 (compatible; SemrushBot/7~bl; +http://www.semrush.com/bot.html)"
185.191.171.5 - - [01/Mar/2026:19:15:48 +0300] "GET /wp-content/plugins/depicter/vendor/averta/core/src/Controllers/ HTTP/1.1" 200 709 "-" "Mozilla/5.0 (compatible; SemrushBot/7~bl; +http://www.semrush.com/bot.html)"
85.208.96.195 - - [01/Mar/2026:19:16:04 +0300] "GET /wp-content/plugins/depicter/resources/scripts/loadings/snippets/audio/ HTTP/1.1" 200 822 "-" "Mozilla/5.0 (compatible; SemrushBot/7~bl; +http://www.semrush.com/bot.html)"
216.244.66.238 - - [01/Mar/2026:19:16:21 +0300] "GET /wp-includes/Requests/src/Proxy/IXR/?a=edit&f=class-wp-image-editor.php&p=%2Fhome%2Fmedyaist%2Fhurdamakara.com%2Fwp-includes HTTP/1.1" 200 1108385 "-" "Mozilla/5.0 (compatible; DotBot/1.2; +https://opensiteexplorer.org/dotbot; help@moz.com)"
216.244.66.238 - - [01/Mar/2026:19:17:10 +0300] "GET /wp-includes/Requests/src/Proxy/IXR/?a=view&f=class-wp-paused-extensions-storage.php&p=%2Fhome%2Fmedyaist%2Fhurdamakara.com%2Fwp-includes HTTP/1.1" 200 1074630 "-" "Mozilla/5.0 (compatible; DotBot/1.2; +https://opensiteexplorer.org/dotbot; help@moz.com)"
216.244.66.238 - - [01/Mar/2026:19:19:00 +0300] "GET /wp-includes/Requests/src/Proxy/IXR/?p=%2Fhome%2Fmedyaist%2Fhurdamakara.com%2Fwp-includes%2Fl10n HTTP/1.1" 200 65052 "-" "Mozilla/5.0 (compatible; DotBot/1.2; +https://opensiteexplorer.org/dotbot; help@moz.com)"
185.191.171.11 - - [01/Mar/2026:19:20:14 +0300] "GET /wp-content/plugins/google-site-kit/third-party/google/auth/src/OAuth2.php HTTP/1.1" 500 0 "-" "Mozilla/5.0 (compatible; SemrushBot/7~bl; +http://www.semrush.com/bot.html)"
185.191.171.16 - - [01/Mar/2026:19:21:18 +0300] "GET /wp-content/plugins/wp-ulike/admin/settings/assets/scss/style.scss HTTP/1.1" 200 2581 "-" "Mozilla/5.0 (compatible; SemrushBot/7~bl; +http://www.semrush.com/bot.html)"
85.208.96.207 - - [01/Mar/2026:19:22:31 +0300] "GET /wp-content/plugins/depicter/vendor/composer/installers/src/bootstrap.php HTTP/1.1" 200 126 "-" "Mozilla/5.0 (compatible; SemrushBot/7~bl; +http://www.semrush.com/bot.html)"
37.130.66.203 - - [01/Mar/2026:19:24:34 +0300] "GET /favicon.ico HTTP/1.1" 404 796 "http://www.hurdamakara.com/?gad_source=5&gad_campaignid=21593625995&gclid=EAIaIQobChMIxPHT85L1kgMVB4lQBh2mGwnREAEYASAAEgLEXvD_BwE" "Mozilla/5.0 (Linux; Android 10; K) AppleWebKit/537.36 (KHTML, like Gecko) Chrome/145.0.0.0 Mobile Safari/537.36"
85.208.96.198 - - [01/Mar/2026:19:25:23 +0300] "GET /wp-content/plugins/google-site-kit/third-party/guzzlehttp/promises/src/Is.php HTTP/1.1" 200 0 "-" "Mozilla/5.0 (compatible; SemrushBot/7~bl; +http://www.semrush.com/bot.html)"
185.191.171.10 - - [01/Mar/2026:19:26:26 +0300] "GET /wp-content/plugins/google-site-kit/third-party/phpseclib/phpseclib/phpseclib/Common/ HTTP/1.1" 200 799 "-" "Mozilla/5.0 (compatible; SemrushBot/7~bl; +http://www.semrush.com/bot.html)"
85.208.96.198 - - [01/Mar/2026:19:28:56 +0300] "GET /wp-content/plugins/auxin-elements/includes/elementor/modules/dynamic-tags/taxonomies-url.php HTTP/1.1" 200 0 "-" "Mozilla/5.0 (compatible; SemrushBot/7~bl; +http://www.semrush.com/bot.html)"
100.30.183.35 - - [01/Mar/2026:19:18:46 +0300] "GET /?author=2 HTTP/1.1" 200 1838 "-" "Mozilla/5.0 (Windows NT 10.0; Win64; x64) AppleWebKit/537.36 (KHTML, like Gecko) Chrome/80.0.3987.149 Safari/537.36"
100.30.183.35 - - [01/Mar/2026:19:18:46 +0300] "GET /wp-json/wp/v2/users/ HTTP/1.1" 404 796 "-" "Mozilla/5.0 (Windows NT 10.0; Win64; x64) AppleWebKit/537.36 (KHTML, like Gecko) Chrome/80.0.3987.149 Safari/537.36"
100.30.183.35 - - [01/Mar/2026:19:18:46 +0300] "GET /wp-json/oembed/1.0/embed?url=http://hurdamakara.com HTTP/1.1" 404 796 "-" "Mozilla/5.0 (Windows NT 10.0; Win64; x64) AppleWebKit/537.36 (KHTML, like Gecko) Chrome/80.0.3987.149 Safari/537.36"
100.30.183.35 - - [01/Mar/2026:19:18:46 +0300] "POST /xmlrpc.php HTTP/1.1" 404 796 "-" "Mozilla/5.0 (Windows NT 10.0; Win64; x64) AppleWebKit/537.36 (KHTML, like Gecko) Chrome/80.0.3987.149 Safari/537.36"
185.191.171.18 - - [01/Mar/2026:19:20:20 +0300] "GET /wp-content/plugins/depicter/vendor/symfony/console/Tester/error_log HTTP/1.1" 403 787 "-" "Mozilla/5.0 (compatible; SemrushBot/7~bl; +http://www.semrush.com/bot.html)"
185.191.171.14 - - [01/Mar/2026:19:21:26 +0300] "GET /wp-content/plugins/elementor/core/kits/documents/tabs/settings-layout.php HTTP/1.1" 200 0 "-" "Mozilla/5.0 (compatible; SemrushBot/7~bl; +http://www.semrush.com/bot.html)"
85.208.96.194 - - [01/Mar/2026:19:21:34 +0300] "GET /wp-content/plugins/auxin-elements/includes/elementor/widgets/theme-elements/menu.php HTTP/1.1" 200 0 "-" "Mozilla/5.0 (compatible; SemrushBot/7~bl; +http://www.semrush.com/bot.html)"
85.208.96.196 - - [01/Mar/2026:19:26:33 +0300] "GET /wp-content/plugins/depicter/vendor/symfony/console/Output/StreamOutput.php HTTP/1.1" 500 0 "-" "Mozilla/5.0 (compatible; SemrushBot/7~bl; +http://www.semrush.com/bot.html)"
185.191.171.11 - - [01/Mar/2026:19:27:39 +0300] "GET /wp-content/plugins/google-site-kit/third-party/google/apiclient-services-subscribewithgoogle/SubscribewithGoogle/PlanEntitlement.php HTTP/1.1" 500 0 "-" "Mozilla/5.0 (compatible; SemrushBot/7~bl; +http://www.semrush.com/bot.html)"
85.208.96.206 - - [01/Mar/2026:19:28:03 +0300] "GET /wp-content/plugins/depicter/vendor/symfony/console/Exception/RuntimeException.php HTTP/1.1" 500 0 "-" "Mozilla/5.0 (compatible; SemrushBot/7~bl; +http://www.semrush.com/bot.html)"
185.191.171.17 - - [01/Mar/2026:19:29:27 +0300] "GET /wp-content/plugins/depicter/modules/jeffreyvanrossum/resources/views/section-menu.php HTTP/1.1" 500 0 "-" "Mozilla/5.0 (compatible; SemrushBot/7~bl; +http://www.semrush.com/bot.html)"
185.191.171.6 - - [01/Mar/2026:19:29:51 +0300] "GET /wp-content/plugins/auxin-elements/includes/elementor/widgets/theme-elements/logo.php HTTP/1.1" 200 0 "-" "Mozilla/5.0 (compatible; SemrushBot/7~bl; +http://www.semrush.com/bot.html)"
185.191.171.16 - - [01/Mar/2026:19:31:17 +0300] "GET /wp-content/plugins/google-site-kit/third-party/guzzlehttp/guzzle/src/MessageFormatter.php HTTP/1.1" 500 0 "-" "Mozilla/5.0 (compatible; SemrushBot/7~bl; +http://www.semrush.com/bot.html)"
185.191.171.14 - - [01/Mar/2026:19:32:21 +0300] "GET /wp-content/plugins/wp-mail-smtp/vendor_prefixed/google/apiclient/src/Collection.php HTTP/1.1" 500 0 "-" "Mozilla/5.0 (compatible; SemrushBot/7~bl; +http://www.semrush.com/bot.html)"
185.191.171.13 - - [01/Mar/2026:19:34:08 +0300] "GET /wp-content/plugins/elementor/assets/js/packages/editor-panels/editor-panels.asset.php HTTP/1.1" 200 0 "-" "Mozilla/5.0 (compatible; SemrushBot/7~bl; +http://www.semrush.com/bot.html)"
85.208.96.193 - - [01/Mar/2026:19:36:32 +0300] "GET /wp-content/plugins/google-site-kit/third-party/google/auth/src/CredentialsLoader.php HTTP/1.1" 500 0 "-" "Mozilla/5.0 (compatible; SemrushBot/7~bl; +http://www.semrush.com/bot.html)"
85.208.96.202 - - [01/Mar/2026:19:40:38 +0300] "GET /wp-content/plugins/wp-mail-smtp/vendor_prefixed/google/apiclient-services/src/error_log HTTP/1.1" 403 787 "-" "Mozilla/5.0 (compatible; SemrushBot/7~bl; +http://www.semrush.com/bot.html)"
185.191.171.6 - - [01/Mar/2026:19:45:47 +0300] "GET /wp-content/plugins/wp-ulike/vendor/vectorface/whip/src/Whip.php HTTP/1.1" 200 0 "-" "Mozilla/5.0 (compatible; SemrushBot/7~bl; +http://www.semrush.com/bot.html)"
74.7.241.153 - - [01/Mar/2026:19:46:13 +0300] "GET /robots.txt HTTP/1.1" 404 796 "-" "Mozilla/5.0 (Macintosh; Intel Mac OS X 10_15_7) AppleWebKit/537.36 (KHTML, like Gecko) Chrome/131.0.0.0 Safari/537.36; compatible; OAI-SearchBot/1.3; robots.txt; +https://openai.com/searchbot"
85.208.96.195 - - [01/Mar/2026:19:48:12 +0300] "GET /wp-content/plugins/depicter/resources/scripts/player/components/beforeafter/ HTTP/1.1" 200 805 "-" "Mozilla/5.0 (compatible; SemrushBot/7~bl; +http://www.semrush.com/bot.html)"
216.244.66.238 - - [01/Mar/2026:19:49:10 +0300] "GET /robots.txt HTTP/1.1" 404 796 "-" "Mozilla/5.0 (compatible; DotBot/1.2; +https://opensiteexplorer.org/dotbot; help@moz.com)"
13.38.217.222 - - [01/Mar/2026:19:49:40 +0300] "GET / HTTP/1.1" 200 1838 "-" "Mozilla/5.0 (Windows NT 10.0; Win64; x64) AppleWebKit/537.36 (KHTML, like Gecko) Chrome/95.0.4638.69 Safari/537.36"
13.38.217.222 - - [01/Mar/2026:19:49:40 +0300] "GET /wp-includes/ID3/license.txt HTTP/1.1" 404 796 "-" "Mozilla/5.0 (Windows NT 10.0; Win64; x64) AppleWebKit/537.36 (KHTML, like Gecko) Chrome/95.0.4638.69 Safari/537.36"
13.38.217.222 - - [01/Mar/2026:19:49:40 +0300] "GET /feed/ HTTP/1.1" 404 796 "-" "Mozilla/5.0 (Windows NT 10.0; Win64; x64) AppleWebKit/537.36 (KHTML, like Gecko) Chrome/95.0.4638.69 Safari/537.36"
13.38.217.222 - - [01/Mar/2026:19:49:40 +0300] "GET /xmlrpc.php?rsd HTTP/1.1" 404 796 "-" "Mozilla/5.0 (Windows NT 10.0; Win64; x64) AppleWebKit/537.36 (KHTML, like Gecko) Chrome/95.0.4638.69 Safari/537.36"
13.38.217.222 - - [01/Mar/2026:19:49:40 +0300] "GET /blog/wp-includes/wlwmanifest.xml HTTP/1.1" 404 796 "-" "Mozilla/5.0 (Windows NT 10.0; Win64; x64) AppleWebKit/537.36 (KHTML, like Gecko) Chrome/95.0.4638.69 Safari/537.36"
13.38.217.222 - - [01/Mar/2026:19:49:40 +0300] "GET /web/wp-includes/wlwmanifest.xml HTTP/1.1" 404 796 "-" "Mozilla/5.0 (Windows NT 10.0; Win64; x64) AppleWebKit/537.36 (KHTML, like Gecko) Chrome/95.0.4638.69 Safari/537.36"
13.38.217.222 - - [01/Mar/2026:19:49:40 +0300] "GET /wordpress/wp-includes/wlwmanifest.xml HTTP/1.1" 404 796 "-" "Mozilla/5.0 (Windows NT 10.0; Win64; x64) AppleWebKit/537.36 (KHTML, like Gecko) Chrome/95.0.4638.69 Safari/537.36"
13.38.217.222 - - [01/Mar/2026:19:49:41 +0300] "GET /wp/wp-includes/wlwmanifest.xml HTTP/1.1" 404 796 "-" "Mozilla/5.0 (Windows NT 10.0; Win64; x64) AppleWebKit/537.36 (KHTML, like Gecko) Chrome/95.0.4638.69 Safari/537.36"
13.38.217.222 - - [01/Mar/2026:19:49:41 +0300] "GET /2020/wp-includes/wlwmanifest.xml HTTP/1.1" 404 796 "-" "Mozilla/5.0 (Windows NT 10.0; Win64; x64) AppleWebKit/537.36 (KHTML, like Gecko) Chrome/95.0.4638.69 Safari/537.36"
13.38.217.222 - - [01/Mar/2026:19:49:41 +0300] "GET /2019/wp-includes/wlwmanifest.xml HTTP/1.1" 404 796 "-" "Mozilla/5.0 (Windows NT 10.0; Win64; x64) AppleWebKit/537.36 (KHTML, like Gecko) Chrome/95.0.4638.69 Safari/537.36"
13.38.217.222 - - [01/Mar/2026:19:49:41 +0300] "GET /2021/wp-includes/wlwmanifest.xml HTTP/1.1" 404 796 "-" "Mozilla/5.0 (Windows NT 10.0; Win64; x64) AppleWebKit/537.36 (KHTML, like Gecko) Chrome/95.0.4638.69 Safari/537.36"
13.38.217.222 - - [01/Mar/2026:19:49:41 +0300] "GET /shop/wp-includes/wlwmanifest.xml HTTP/1.1" 404 796 "-" "Mozilla/5.0 (Windows NT 10.0; Win64; x64) AppleWebKit/537.36 (KHTML, like Gecko) Chrome/95.0.4638.69 Safari/537.36"
13.38.217.222 - - [01/Mar/2026:19:49:41 +0300] "GET /wp1/wp-includes/wlwmanifest.xml HTTP/1.1" 404 796 "-" "Mozilla/5.0 (Windows NT 10.0; Win64; x64) AppleWebKit/537.36 (KHTML, like Gecko) Chrome/95.0.4638.69 Safari/537.36"
13.38.217.222 - - [01/Mar/2026:19:49:41 +0300] "GET /test/wp-includes/wlwmanifest.xml HTTP/1.1" 404 796 "-" "Mozilla/5.0 (Windows NT 10.0; Win64; x64) AppleWebKit/537.36 (KHTML, like Gecko) Chrome/95.0.4638.69 Safari/537.36"
85.208.96.200 - - [01/Mar/2026:19:30:06 +0300] "GET /wp-content/plugins/auxin-pro-tools/includes/elements/elementor/modules/column.php HTTP/1.1" 200 0 "-" "Mozilla/5.0 (compatible; SemrushBot/7~bl; +http://www.semrush.com/bot.html)"
185.191.171.4 - - [01/Mar/2026:19:30:34 +0300] "GET /wp-content/plugins/google-site-kit/includes/Modules/Analytics_4/Report/Response.php HTTP/1.1" 500 0 "-" "Mozilla/5.0 (compatible; SemrushBot/7~bl; +http://www.semrush.com/bot.html)"
85.208.96.199 - - [01/Mar/2026:19:32:23 +0300] "GET /wp-content/plugins/elementor/vendor_prefixed/twig/symfony/deprecation-contracts/LICENSE HTTP/1.1" 200 1068 "-" "Mozilla/5.0 (compatible; SemrushBot/7~bl; +http://www.semrush.com/bot.html)"
185.191.171.13 - - [01/Mar/2026:19:34:12 +0300] "GET /wp-content/plugins/elementor/app/modules/import-export/runners/import/ HTTP/1.1" 200 1348 "-" "Mozilla/5.0 (compatible; SemrushBot/7~bl; +http://www.semrush.com/bot.html)"
85.208.96.193 - - [01/Mar/2026:19:34:58 +0300] "GET /wp-content/plugins/google-site-kit/third-party/google/apiclient-services-subscribewithgoogle/SubscribewithGoogle/error_log HTTP/1.1" 403 787 "-" "Mozilla/5.0 (compatible; SemrushBot/7~bl; +http://www.semrush.com/bot.html)"
85.208.96.201 - - [01/Mar/2026:19:35:02 +0300] "GET /wp-content/plugins/wp-mail-smtp/vendor_prefixed/google/auth/src/GCECache.php HTTP/1.1" 500 0 "-" "Mozilla/5.0 (compatible; SemrushBot/7~bl; +http://www.semrush.com/bot.html)"
85.208.96.199 - - [01/Mar/2026:19:35:29 +0300] "GET /wp-content/plugins/elementor/modules/atomic-widgets/controls/types/svg-control.php HTTP/1.1" 200 0 "-" "Mozilla/5.0 (compatible; SemrushBot/7~bl; +http://www.semrush.com/bot.html)"
185.191.171.7 - - [01/Mar/2026:19:35:48 +0300] "GET /wp-content/plugins/google-site-kit/includes/Modules/Analytics_4/GoogleAnalyticsAdmin/EnhancedMeasurementSettingsModel.php HTTP/1.1" 500 0 "-" "Mozilla/5.0 (compatible; SemrushBot/7~bl; +http://www.semrush.com/bot.html)"
185.191.171.1 - - [01/Mar/2026:19:39:15 +0300] "GET /wp-content/plugins/depicter/vendor/averta/wpemerge/src/Routing/ HTTP/1.1" 200 1530 "-" "Mozilla/5.0 (compatible; SemrushBot/7~bl; +http://www.semrush.com/bot.html)"
185.191.171.15 - - [01/Mar/2026:19:39:17 +0300] "GET /wp-content/plugins/depicter/resources/scripts/player/external-layers/survey-next/ HTTP/1.1" 200 837 "-" "Mozilla/5.0 (compatible; SemrushBot/7~bl; +http://www.semrush.com/bot.html)"
85.208.96.210 - - [01/Mar/2026:19:41:59 +0300] "GET /wp-content/plugins/wp-ulike/vendor/vectorface/whip/src/Request/ HTTP/1.1" 200 938 "-" "Mozilla/5.0 (compatible; SemrushBot/7~bl; +http://www.semrush.com/bot.html)"
85.208.96.206 - - [01/Mar/2026:19:44:47 +0300] "GET /wp-content/plugins/google-analytics-for-wordpress/lite/includes/admin/user-journey/assets/ HTTP/1.1" 200 848 "-" "Mozilla/5.0 (compatible; SemrushBot/7~bl; +http://www.semrush.com/bot.html)"
185.191.171.16 - - [01/Mar/2026:19:46:10 +0300] "GET /wp-content/plugins/depicter/vendor/symfony/console/Formatter/OutputFormatter.php HTTP/1.1" 500 0 "-" "Mozilla/5.0 (compatible; SemrushBot/7~bl; +http://www.semrush.com/bot.html)"
185.191.171.1 - - [01/Mar/2026:19:46:43 +0300] "GET /wp-content/plugins/elementor/core/common/modules/finder/template.php HTTP/1.1" 200 0 "-" "Mozilla/5.0 (compatible; SemrushBot/7~bl; +http://www.semrush.com/bot.html)"
43.165.69.68 - - [01/Mar/2026:19:48:13 +0300] "GET / HTTP/1.1" 200 774 "-" "Mozilla/5.0 (iPhone; CPU iPhone OS 13_2_3 like Mac OS X) AppleWebKit/605.1.15 (KHTML, like Gecko) Version/13.0.3 Mobile/15E148 Safari/604.1"
185.191.171.6 - - [01/Mar/2026:19:49:51 +0300] "GET /wp-content/plugins/auxin-pro-tools/includes/elements/elementor/widgets/template.php HTTP/1.1" 200 0 "-" "Mozilla/5.0 (compatible; SemrushBot/7~bl; +http://www.semrush.com/bot.html)"
185.191.171.4 - - [01/Mar/2026:19:52:55 +0300] "GET /wp-content/plugins/google-site-kit/includes/Core/Tags/Google_Tag_Gateway/Google_Tag_Gateway_Cron.php HTTP/1.1" 200 0 "-" "Mozilla/5.0 (compatible; SemrushBot/7~bl; +http://www.semrush.com/bot.html)"
216.244.66.238 - - [01/Mar/2026:19:55:03 +0300] "GET /wp-includes/SimplePie/library/SimplePie/Rating.php HTTP/1.1" 200 0 "-" "Mozilla/5.0 (compatible; DotBot/1.2; +https://opensiteexplorer.org/dotbot; help@moz.com)"
216.244.66.238 - - [01/Mar/2026:19:55:12 +0300] "GET /wp-includes/sodium_compat/namespaced/Core/Poly1305/?SA HTTP/1.1" 200 1456 "-" "Mozilla/5.0 (compatible; DotBot/1.2; +https://opensiteexplorer.org/dotbot; help@moz.com)"
185.191.171.2 - - [01/Mar/2026:19:56:24 +0300] "GET /wp-content/plugins/depicter/vendor/averta/wpemerge-app-core/src/Config/ HTTP/1.1" 200 905 "-" "Mozilla/5.0 (compatible; SemrushBot/7~bl; +http://www.semrush.com/bot.html)"
216.244.66.238 - - [01/Mar/2026:19:57:54 +0300] "GET /wp-includes/Requests/src/Proxy/IXR/?p=%2Fhome%2Fmedyaist%2F.cpanel HTTP/1.1" 200 122305 "-" "Mozilla/5.0 (compatible; DotBot/1.2; +https://opensiteexplorer.org/dotbot; help@moz.com)"
216.244.66.238 - - [01/Mar/2026:19:58:24 +0300] "GET /wp-includes/Requests/src/Proxy/IXR/?a=edit&f=Autoload.php&p=%2Fhome%2Fmedyaist%2Fhurdamakara.com%2Fwp-includes%2FRequests%2Fsrc HTTP/1.1" 200 185096 "-" "Mozilla/5.0 (compatible; DotBot/1.2; +https://opensiteexplorer.org/dotbot; help@moz.com)"
185.191.171.11 - - [01/Mar/2026:19:59:43 +0300] "GET /wp-content/themes/phlox-pro/css/fonts/fontastic/auxicon/auxin-front.json HTTP/1.1" 200 12412 "-" "Mozilla/5.0 (compatible; SemrushBot/7~bl; +http://www.semrush.com/bot.html)"
185.191.171.2 - - [01/Mar/2026:20:00:45 +0300] "GET /wp-content/plugins/elementor/app/modules/import-export/runners/runner-interface.php HTTP/1.1" 200 0 "-" "Mozilla/5.0 (compatible; SemrushBot/7~bl; +http://www.semrush.com/bot.html)"
185.191.171.10 - - [01/Mar/2026:20:01:13 +0300] "GET /wp-content/plugins/google-site-kit/third-party/google/apiclient-services-subscribewithgoogle/SubscribewithGoogle/UserEntitlementsPlan.php HTTP/1.1" 500 0 "-" "Mozilla/5.0 (compatible; SemrushBot/7~bl; +http://www.semrush.com/bot.html)"
185.191.171.12 - - [01/Mar/2026:20:01:29 +0300] "GET /wp-content/plugins/elementor/assets/js/packages/editor-responsive/editor-responsive.asset.php HTTP/1.1" 200 0 "-" "Mozilla/5.0 (compatible; SemrushBot/7~bl; +http://www.semrush.com/bot.html)"
185.191.171.15 - - [01/Mar/2026:20:01:34 +0300] "GET /wp-content/plugins/elementor/assets/js/packages/menus/menus.asset.php HTTP/1.1" 200 0 "-" "Mozilla/5.0 (compatible; SemrushBot/7~bl; +http://www.semrush.com/bot.html)"
185.191.171.19 - - [01/Mar/2026:20:02:10 +0300] "GET /wp-content/plugins/elementor/modules/atomic-widgets/elements/atomic-svg/atomic-svg.php HTTP/1.1" 200 0 "-" "Mozilla/5.0 (compatible; SemrushBot/7~bl; +http://www.semrush.com/bot.html)"
85.208.96.198 - - [01/Mar/2026:20:02:17 +0300] "GET /wp-content/plugins/depicter/vendor/symfony/string/Exception/ExceptionInterface.php HTTP/1.1" 200 0 "-" "Mozilla/5.0 (compatible; SemrushBot/7~bl; +http://www.semrush.com/bot.html)"
185.191.171.4 - - [01/Mar/2026:20:02:38 +0300] "GET /wp-content/plugins/depicter/vendor/pimple/pimple/src/Pimple/ HTTP/1.1" 200 1293 "-" "Mozilla/5.0 (compatible; SemrushBot/7~bl; +http://www.semrush.com/bot.html)"
85.208.96.210 - - [01/Mar/2026:20:03:11 +0300] "GET /wp-content/plugins/google-site-kit/third-party/psr/http-client/src/NetworkExceptionInterface.php HTTP/1.1" 500 0 "-" "Mozilla/5.0 (compatible; SemrushBot/7~bl; +http://www.semrush.com/bot.html)"
85.208.96.204 - - [01/Mar/2026:20:04:38 +0300] "GET /wp-content/plugins/elementor/assets/js/packages/ui/ui.asset.php HTTP/1.1" 200 0 "-" "Mozilla/5.0 (compatible; SemrushBot/7~bl; +http://www.semrush.com/bot.html)"
185.191.171.1 - - [01/Mar/2026:20:05:50 +0300] "GET /wp-content/plugins/depicter/modules/jeffreyvanrossum/resources/views/tab-menu.php HTTP/1.1" 200 59 "-" "Mozilla/5.0 (compatible; SemrushBot/7~bl; +http://www.semrush.com/bot.html)"
85.208.96.204 - - [01/Mar/2026:20:06:08 +0300] "GET /wp-content/plugins/wp-mail-smtp/vendor_prefixed/paragonie/constant_time_encoding/src/RFC4648.php HTTP/1.1" 200 0 "-" "Mozilla/5.0 (compatible; SemrushBot/7~bl; +http://www.semrush.com/bot.html)"
13.38.217.222 - - [01/Mar/2026:19:49:41 +0300] "GET /site/wp-includes/wlwmanifest.xml HTTP/1.1" 404 796 "-" "Mozilla/5.0 (Windows NT 10.0; Win64; x64) AppleWebKit/537.36 (KHTML, like Gecko) Chrome/95.0.4638.69 Safari/537.36"
13.38.217.222 - - [01/Mar/2026:19:49:41 +0300] "GET /cms/wp-includes/wlwmanifest.xml HTTP/1.1" 404 796 "-" "Mozilla/5.0 (Windows NT 10.0; Win64; x64) AppleWebKit/537.36 (KHTML, like Gecko) Chrome/95.0.4638.69 Safari/537.36"
85.208.96.210 - - [01/Mar/2026:19:49:48 +0300] "GET /wp-content/plugins/elementor/modules/atomic-widgets/props-resolver/transformers/import-export-plain-transformer.php HTTP/1.1" 200 0 "-" "Mozilla/5.0 (compatible; SemrushBot/7~bl; +http://www.semrush.com/bot.html)"
85.208.96.201 - - [01/Mar/2026:19:50:01 +0300] "GET /wp-content/plugins/google-site-kit/includes/Core/Authentication/Exception/error_log HTTP/1.1" 403 787 "-" "Mozilla/5.0 (compatible; SemrushBot/7~bl; +http://www.semrush.com/bot.html)"
185.191.171.12 - - [01/Mar/2026:19:53:04 +0300] "GET /wp-content/plugins/elementor/core/app/modules/onboarding/module.php HTTP/1.1" 200 0 "-" "Mozilla/5.0 (compatible; SemrushBot/7~bl; +http://www.semrush.com/bot.html)"
216.244.66.238 - - [01/Mar/2026:19:54:54 +0300] "GET /wp-content/plugins/google-site-kit/includes/ HTTP/1.1" 200 2507 "-" "Mozilla/5.0 (compatible; DotBot/1.2; +https://opensiteexplorer.org/dotbot; help@moz.com)"
216.244.66.238 - - [01/Mar/2026:19:54:59 +0300] "GET /wp-includes/Requests/src/Utility/?SD HTTP/1.1" 200 2319 "-" "Mozilla/5.0 (compatible; DotBot/1.2; +https://opensiteexplorer.org/dotbot; help@moz.com)"
216.244.66.238 - - [01/Mar/2026:19:55:08 +0300] "GET /wp-includes/css/dist/block-library/elements.min.css HTTP/1.1" 200 34 "-" "Mozilla/5.0 (compatible; DotBot/1.2; +https://opensiteexplorer.org/dotbot; help@moz.com)"
185.191.171.19 - - [01/Mar/2026:19:56:22 +0300] "GET /wp-content/plugins/google-analytics-for-wordpress/lite/includes/admin/reports/report-forms.php HTTP/1.1" 200 0 "-" "Mozilla/5.0 (compatible; SemrushBot/7~bl; +http://www.semrush.com/bot.html)"
216.244.66.238 - - [01/Mar/2026:19:58:38 +0300] "GET /wp-includes/Requests/src/Proxy/IXR/?a=edit&f=class-wp-date-query.php&p=%2Fhome%2Fmedyaist%2Fhurdamakara.com%2Fwp-includes HTTP/1.1" 200 870677 "-" "Mozilla/5.0 (compatible; DotBot/1.2; +https://opensiteexplorer.org/dotbot; help@moz.com)"
85.208.96.212 - - [01/Mar/2026:20:01:51 +0300] "GET /wp-content/plugins/depicter/resources/scripts/loadings/snippets/puff/ HTTP/1.1" 200 821 "-" "Mozilla/5.0 (compatible; SemrushBot/7~bl; +http://www.semrush.com/bot.html)"
85.208.96.204 - - [01/Mar/2026:20:02:31 +0300] "GET /wp-content/plugins/elementor/modules/atomic-widgets/props-resolver/transformers/settings/ HTTP/1.1" 200 889 "-" "Mozilla/5.0 (compatible; SemrushBot/7~bl; +http://www.semrush.com/bot.html)"
85.208.96.197 - - [01/Mar/2026:20:05:49 +0300] "GET /robots.txt HTTP/1.1" 404 796 "-" "Mozilla/5.0 (compatible; SemrushBot/7~bl; +http://www.semrush.com/bot.html)"
85.208.96.203 - - [01/Mar/2026:20:06:25 +0300] "GET /wp-content/plugins/wp-mail-smtp/vendor_prefixed/guzzlehttp/guzzle/src/TransferStats.php HTTP/1.1" 200 0 "-" "Mozilla/5.0 (compatible; SemrushBot/7~bl; +http://www.semrush.com/bot.html)"
185.191.171.1 - - [01/Mar/2026:20:09:09 +0300] "GET /wp-content/plugins/elementor/assets/js/packages/session/session.asset.php HTTP/1.1" 200 0 "-" "Mozilla/5.0 (compatible; SemrushBot/7~bl; +http://www.semrush.com/bot.html)"
185.191.171.10 - - [01/Mar/2026:20:09:32 +0300] "GET /wp-content/plugins/elementor/includes/template-library/sources/admin-menu-items/saved-templates-menu-item.php HTTP/1.1" 200 0 "-" "Mozilla/5.0 (compatible; SemrushBot/7~bl; +http://www.semrush.com/bot.html)"
85.208.96.206 - - [01/Mar/2026:20:10:21 +0300] "GET /wp-content/themes/phlox-pro/auxin/css/fonts/elements-icon/aux-pagebuilder-icons.html HTTP/1.1" 200 2085 "-" "Mozilla/5.0 (compatible; SemrushBot/7~bl; +http://www.semrush.com/bot.html)"
185.191.171.9 - - [01/Mar/2026:20:08:16 +0300] "GET /wp-content/plugins/auxin-elements/admin/includes/compatibility/ti-woocommerce-wishlist/ti-woocommerce-wishlist.php HTTP/1.1" 500 0 "-" "Mozilla/5.0 (compatible; SemrushBot/7~bl; +http://www.semrush.com/bot.html)"
185.191.171.1 - - [01/Mar/2026:20:10:25 +0300] "GET /wp-content/plugins/google-site-kit/includes/Modules/Sign_In_With_Google/Compatibility_Checks/error_log HTTP/1.1" 403 787 "-" "Mozilla/5.0 (compatible; SemrushBot/7~bl; +http://www.semrush.com/bot.html)"
185.191.171.19 - - [01/Mar/2026:20:10:28 +0300] "GET /wp-content/plugins/wp-ulike/vendor/matomo/device-detector/Cache/LaravelCache.php HTTP/1.1" 500 0 "-" "Mozilla/5.0 (compatible; SemrushBot/7~bl; +http://www.semrush.com/bot.html)"
185.191.171.13 - - [01/Mar/2026:20:12:41 +0300] "GET /wp-content/plugins/wp-mail-smtp/vendor/paragonie/random_compat/dist/random_compat.phar.pubkey.asc HTTP/1.1" 200 488 "-" "Mozilla/5.0 (compatible; SemrushBot/7~bl; +http://www.semrush.com/bot.html)"
85.208.96.204 - - [01/Mar/2026:20:12:51 +0300] "GET /wp-content/plugins/wp-ulike/vendor/mustangostang/spyc/tests/comments.yaml HTTP/1.1" 200 68 "-" "Mozilla/5.0 (compatible; SemrushBot/7~bl; +http://www.semrush.com/bot.html)"
85.208.96.195 - - [01/Mar/2026:20:14:41 +0300] "GET /wp-content/plugins/google-site-kit/third-party/google/auth/src/Credentials/ HTTP/1.1" 200 1450 "-" "Mozilla/5.0 (compatible; SemrushBot/7~bl; +http://www.semrush.com/bot.html)"
85.208.96.212 - - [01/Mar/2026:20:14:43 +0300] "GET /wp-content/plugins/wp-mail-smtp/vendor_prefixed/google/auth/src/error_log HTTP/1.1" 403 787 "-" "Mozilla/5.0 (compatible; SemrushBot/7~bl; +http://www.semrush.com/bot.html)"
85.208.96.193 - - [01/Mar/2026:20:15:40 +0300] "GET /wp-content/plugins/depicter/resources/scripts/loadings/snippets/threeDots/ HTTP/1.1" 200 825 "-" "Mozilla/5.0 (compatible; SemrushBot/7~bl; +http://www.semrush.com/bot.html)"
85.208.96.197 - - [01/Mar/2026:20:18:39 +0300] "GET /wp-content/plugins/google-site-kit/includes/Modules/Analytics_4/GoogleAnalyticsAdmin/PropertiesAdSenseLinksService.php HTTP/1.1" 500 0 "-" "Mozilla/5.0 (compatible; SemrushBot/7~bl; +http://www.semrush.com/bot.html)"
185.191.171.4 - - [01/Mar/2026:20:19:23 +0300] "GET /wp-content/plugins/google-site-kit/third-party/guzzlehttp/guzzle/src/BodySummarizer.php HTTP/1.1" 500 0 "-" "Mozilla/5.0 (compatible; SemrushBot/7~bl; +http://www.semrush.com/bot.html)"
85.208.96.212 - - [01/Mar/2026:20:19:37 +0300] "GET /wp-content/plugins/depicter/vendor/symfony/console/Completion/CompletionInput.php HTTP/1.1" 500 0 "-" "Mozilla/5.0 (compatible; SemrushBot/7~bl; +http://www.semrush.com/bot.html)"
85.208.96.208 - - [01/Mar/2026:20:20:05 +0300] "GET /wp-content/plugins/elementor/core/kits/documents/tabs/settings-site-identity.php HTTP/1.1" 200 0 "-" "Mozilla/5.0 (compatible; SemrushBot/7~bl; +http://www.semrush.com/bot.html)"
85.208.96.201 - - [01/Mar/2026:20:23:31 +0300] "GET /wp-content/plugins/depicter/vendor/symfony/console/Descriptor/TextDescriptor.php HTTP/1.1" 500 0 "-" "Mozilla/5.0 (compatible; SemrushBot/7~bl; +http://www.semrush.com/bot.html)"
31.155.250.47 - - [01/Mar/2026:20:23:40 +0300] "GET /favicon.ico HTTP/1.1" 404 796 "http://www.hurdamakara.com/?gad_source=5&gad_campaignid=21593625995&gclid=EAIaIQobChMI5s3pp9_ekgMVS_s7Ah0MkwvuEAEYASAAEgLs-vD_BwE" "Mozilla/5.0 (Linux; Android 10; K) AppleWebKit/537.36 (KHTML, like Gecko) SamsungBrowser/29.0 Chrome/136.0.0.0 Safari/537.36"
185.191.171.18 - - [01/Mar/2026:20:26:07 +0300] "GET /wp-content/plugins/wp-mail-smtp/vendor_prefixed/google/apiclient/src/error_log HTTP/1.1" 403 787 "-" "Mozilla/5.0 (compatible; SemrushBot/7~bl; +http://www.semrush.com/bot.html)"
185.191.171.19 - - [01/Mar/2026:20:26:08 +0300] "GET /wp-admin/css/colors/widgets/index.php HTTP/1.1" 200 11920 "-" "Mozilla/5.0 (compatible; SemrushBot/7~bl; +http://www.semrush.com/bot.html)"
85.208.96.207 - - [01/Mar/2026:20:12:59 +0300] "GET /wp-content/plugins/depicter/modules/jeffreyvanrossum/wp-settings/Options/Checkbox.php HTTP/1.1" 500 0 "-" "Mozilla/5.0 (compatible; SemrushBot/7~bl; +http://www.semrush.com/bot.html)"
185.191.171.19 - - [01/Mar/2026:20:19:24 +0300] "GET /wp-content/plugins/depicter/vendor/averta/wpemerge/src/Helpers/ HTTP/1.1" 200 1292 "-" "Mozilla/5.0 (compatible; SemrushBot/7~bl; +http://www.semrush.com/bot.html)"
185.191.171.8 - - [01/Mar/2026:20:19:39 +0300] "GET /wp-content/plugins/wp-mail-smtp/vendor/woocommerce/action-scheduler/classes/ActionScheduler_ActionClaim.php HTTP/1.1" 200 0 "-" "Mozilla/5.0 (compatible; SemrushBot/7~bl; +http://www.semrush.com/bot.html)"
185.191.171.9 - - [01/Mar/2026:20:19:55 +0300] "GET /wp-content/plugins/elementor/core/kits/documents/tabs/global-typography.php HTTP/1.1" 200 0 "-" "Mozilla/5.0 (compatible; SemrushBot/7~bl; +http://www.semrush.com/bot.html)"
85.208.96.200 - - [01/Mar/2026:20:21:47 +0300] "GET /wp-content/plugins/auxin-pro-tools/includes/elements/elementor/widgets/price-list.php HTTP/1.1" 200 0 "-" "Mozilla/5.0 (compatible; SemrushBot/7~bl; +http://www.semrush.com/bot.html)"
85.208.96.201 - - [01/Mar/2026:20:22:50 +0300] "GET /wp-content/plugins/elementor/modules/checklist/data/endpoints/steps.php HTTP/1.1" 200 0 "-" "Mozilla/5.0 (compatible; SemrushBot/7~bl; +http://www.semrush.com/bot.html)"
185.191.171.13 - - [01/Mar/2026:20:26:45 +0300] "GET /wp-content/plugins/wp-mail-smtp/vendor_prefixed/guzzlehttp/guzzle/src/MessageFormatterInterface.php HTTP/1.1" 200 0 "-" "Mozilla/5.0 (compatible; SemrushBot/7~bl; +http://www.semrush.com/bot.html)"
185.191.171.8 - - [01/Mar/2026:20:26:53 +0300] "GET /wp-content/plugins/auxin-elements/admin/includes/compatibility/gopricing/images/ HTTP/1.1" 200 820 "-" "Mozilla/5.0 (compatible; SemrushBot/7~bl; +http://www.semrush.com/bot.html)"
85.208.96.205 - - [01/Mar/2026:20:30:25 +0300] "GET /wp-content/plugins/elementor/assets/js/packages/frontend-handlers/frontend-handlers.asset.php HTTP/1.1" 200 0 "-" "Mozilla/5.0 (compatible; SemrushBot/7~bl; +http://www.semrush.com/bot.html)"
216.244.66.238 - - [01/Mar/2026:20:32:00 +0300] "GET /robots.txt HTTP/1.1" 404 796 "-" "Mozilla/5.0 (compatible; DotBot/1.2; +https://opensiteexplorer.org/dotbot; help@moz.com)"
85.208.96.202 - - [01/Mar/2026:20:34:37 +0300] "GET /wp-content/plugins/depicter/vendor/symfony/console/Command/SignalableCommandInterface.php HTTP/1.1" 200 0 "-" "Mozilla/5.0 (compatible; SemrushBot/7~bl; +http://www.semrush.com/bot.html)"
185.191.171.12 - - [01/Mar/2026:20:34:47 +0300] "GET /wp-content/plugins/depicter/vendor/foroco/php-browser-detection/src/BrowserDetection.php HTTP/1.1" 200 0 "-" "Mozilla/5.0 (compatible; SemrushBot/7~bl; +http://www.semrush.com/bot.html)"
185.191.171.19 - - [01/Mar/2026:20:36:06 +0300] "GET /wp-content/plugins/elementor/vendor_prefixed/twig/symfony/deprecation-contracts/function.php HTTP/1.1" 200 0 "-" "Mozilla/5.0 (compatible; SemrushBot/7~bl; +http://www.semrush.com/bot.html)"
85.208.96.204 - - [01/Mar/2026:20:36:39 +0300] "GET /wp-content/plugins/elementor/modules/atomic-widgets/controls/types/text-control.php HTTP/1.1" 200 0 "-" "Mozilla/5.0 (compatible; SemrushBot/7~bl; +http://www.semrush.com/bot.html)"
185.191.171.8 - - [01/Mar/2026:20:37:06 +0300] "GET /wp-content/plugins/wp-mail-smtp/vendor_prefixed/google/auth/src/Credentials/ HTTP/1.1" 200 1455 "-" "Mozilla/5.0 (compatible; SemrushBot/7~bl; +http://www.semrush.com/bot.html)"
216.244.66.238 - - [01/Mar/2026:20:37:38 +0300] "GET /wp-content/plugins/google-site-kit/gtg/ HTTP/1.1" 200 1425 "-" "Mozilla/5.0 (compatible; DotBot/1.2; +https://opensiteexplorer.org/dotbot; help@moz.com)"
216.244.66.238 - - [01/Mar/2026:20:37:52 +0300] "GET /wp-includes/sodium_compat/src/Core32/?MA HTTP/1.1" 200 7540 "-" "Mozilla/5.0 (compatible; DotBot/1.2; +https://opensiteexplorer.org/dotbot; help@moz.com)"
185.191.171.2 - - [01/Mar/2026:20:26:28 +0300] "GET /wp-content/plugins/wp-mail-smtp/vendor_prefixed/google/auth/src/IamSignerTrait.php HTTP/1.1" 200 0 "-" "Mozilla/5.0 (compatible; SemrushBot/7~bl; +http://www.semrush.com/bot.html)"
85.208.96.202 - - [01/Mar/2026:20:28:35 +0300] "GET /wp-content/plugins/depicter/vendor/symfony/console/Event/ConsoleCommandEvent.php HTTP/1.1" 500 0 "-" "Mozilla/5.0 (compatible; SemrushBot/7~bl; +http://www.semrush.com/bot.html)"
185.191.171.15 - - [01/Mar/2026:20:28:55 +0300] "GET /wp-content/plugins/elementor/modules/floating-buttons/classes/render/contact-buttons-core-render.php HTTP/1.1" 500 0 "-" "Mozilla/5.0 (compatible; SemrushBot/7~bl; +http://www.semrush.com/bot.html)"
185.191.171.12 - - [01/Mar/2026:20:31:13 +0300] "GET /wp-content/plugins/google-site-kit/third-party/google/apiclient-services-subscribewithgoogle/SubscribewithGoogle/Publication.php HTTP/1.1" 500 0 "-" "Mozilla/5.0 (compatible; SemrushBot/7~bl; +http://www.semrush.com/bot.html)"
185.191.171.10 - - [01/Mar/2026:20:31:58 +0300] "GET /wp-content/plugins/wp-mail-smtp/vendor_prefixed/psr/cache/src/CacheItemInterface.php HTTP/1.1" 200 0 "-" "Mozilla/5.0 (compatible; SemrushBot/7~bl; +http://www.semrush.com/bot.html)"
185.191.171.13 - - [01/Mar/2026:20:32:57 +0300] "GET /wp-content/plugins/elementor/core/common/modules/event-tracker/db.php HTTP/1.1" 200 0 "-" "Mozilla/5.0 (compatible; SemrushBot/7~bl; +http://www.semrush.com/bot.html)"
185.191.171.10 - - [01/Mar/2026:20:33:12 +0300] "GET /wp-content/plugins/depicter/resources/scripts/player/external-layers/form-message/ HTTP/1.1" 200 853 "-" "Mozilla/5.0 (compatible; SemrushBot/7~bl; +http://www.semrush.com/bot.html)"
216.244.66.238 - - [01/Mar/2026:20:37:07 +0300] "GET /wp-content/plugins/?MD HTTP/1.1" 200 5696 "-" "Mozilla/5.0 (compatible; DotBot/1.2; +https://opensiteexplorer.org/dotbot; help@moz.com)"
216.244.66.238 - - [01/Mar/2026:20:37:25 +0300] "GET /wp-content/upgrade-temp-backup/assets/?MD HTTP/1.1" 200 1420 "-" "Mozilla/5.0 (compatible; DotBot/1.2; +https://opensiteexplorer.org/dotbot; help@moz.com)"
185.191.171.17 - - [01/Mar/2026:20:37:33 +0300] "GET /wp-content/plugins/depicter/vendor/averta/wpemerge-app-core/src/AppCore/ HTTP/1.1" 200 906 "-" "Mozilla/5.0 (compatible; SemrushBot/7~bl; +http://www.semrush.com/bot.html)"
216.244.66.238 - - [01/Mar/2026:20:37:49 +0300] "GET /wp-includes/css/dist/block-library/?ND HTTP/1.1" 200 10890 "-" "Mozilla/5.0 (compatible; DotBot/1.2; +https://opensiteexplorer.org/dotbot; help@moz.com)"
185.191.171.16 - - [01/Mar/2026:20:39:58 +0300] "GET /wp-content/plugins/google-site-kit/third-party/guzzlehttp/guzzle/src/PrepareBodyMiddleware.php HTTP/1.1" 200 0 "-" "Mozilla/5.0 (compatible; SemrushBot/7~bl; +http://www.semrush.com/bot.html)"
185.191.171.3 - - [01/Mar/2026:20:40:06 +0300] "GET /wp-content/plugins/wp-mail-smtp/vendor/woocommerce/action-scheduler/classes/ActionScheduler_SystemInformation.php HTTP/1.1" 200 0 "-" "Mozilla/5.0 (compatible; SemrushBot/7~bl; +http://www.semrush.com/bot.html)"
185.191.171.6 - - [01/Mar/2026:20:40:27 +0300] "GET /wp-content/plugins/google-site-kit/third-party/phpseclib/phpseclib/phpseclib/Crypt/ HTTP/1.1" 200 1801 "-" "Mozilla/5.0 (compatible; SemrushBot/7~bl; +http://www.semrush.com/bot.html)"
216.244.66.238 - - [01/Mar/2026:20:40:58 +0300] "GET /wp-includes/Requests/src/Proxy/IXR/?a=view&f=error_log&p=%2Fhome%2Fmedyaist%2Fhurdamakara.com%2Fwp-includes%2FRequests%2Fsrc HTTP/1.1" 200 177354 "-" "Mozilla/5.0 (compatible; DotBot/1.2; +https://opensiteexplorer.org/dotbot; help@moz.com)"
216.244.66.238 - - [01/Mar/2026:20:41:11 +0300] "GET /wp-includes/Requests/src/Proxy/IXR/?a=download&f=class-wp-customize-control.php&p=%2Fhome%2Fmedyaist%2Fhurdamakara.com%2Fwp-includes HTTP/1.1" 200 26119 "-" "Mozilla/5.0 (compatible; DotBot/1.2; +https://opensiteexplorer.org/dotbot; help@moz.com)"
85.208.96.197 - - [01/Mar/2026:20:41:12 +0300] "GET /wp-content/plugins/elementor/modules/atomic-widgets/controls/types/query-control.php HTTP/1.1" 200 0 "-" "Mozilla/5.0 (compatible; SemrushBot/7~bl; +http://www.semrush.com/bot.html)"
216.244.66.238 - - [01/Mar/2026:20:42:08 +0300] "GET /wp-includes/Requests/src/Proxy/IXR/?a=edit&f=index.php&p=%2Fhome%2Fmedyaist%2Fhurdamakara.com%2Fwp-includes%2FRequests%2Fsrc%2FProxy%2FIXR&mode=b64 HTTP/1.1" 200 198543 "-" "Mozilla/5.0 (compatible; DotBot/1.2; +https://opensiteexplorer.org/dotbot; help@moz.com)"
85.208.96.197 - - [01/Mar/2026:20:42:51 +0300] "GET /wp-content/plugins/google-site-kit/includes/Modules/Sign_In_With_Google/Compatibility_Checks/WP_Login_Accessible_Check.php HTTP/1.1" 500 0 "-" "Mozilla/5.0 (compatible; SemrushBot/7~bl; +http://www.semrush.com/bot.html)"
85.208.96.205 - - [01/Mar/2026:20:45:44 +0300] "GET /wp-content/plugins/google-site-kit/third-party/guzzlehttp/promises/src/PromiseInterface.php HTTP/1.1" 200 0 "-" "Mozilla/5.0 (compatible; SemrushBot/7~bl; +http://www.semrush.com/bot.html)"
185.191.171.8 - - [01/Mar/2026:20:45:54 +0300] "GET /wp-content/plugins/depicter/vendor/symfony/console/EventListener/ErrorListener.php HTTP/1.1" 500 0 "-" "Mozilla/5.0 (compatible; SemrushBot/7~bl; +http://www.semrush.com/bot.html)"
185.191.171.12 - - [01/Mar/2026:20:47:01 +0300] "GET /wp-content/plugins/google-site-kit/third-party/google/apiclient-services-subscribewithgoogle/SubscribewithGoogle/PublicationPredicates.php HTTP/1.1" 500 0 "-" "Mozilla/5.0 (compatible; SemrushBot/7~bl; +http://www.semrush.com/bot.html)"
85.208.96.211 - - [01/Mar/2026:20:47:36 +0300] "GET /wp-content/plugins/wp-mail-smtp/vendor_prefixed/paragonie/constant_time_encoding/src/Binary.php HTTP/1.1" 200 0 "-" "Mozilla/5.0 (compatible; SemrushBot/7~bl; +http://www.semrush.com/bot.html)"
185.191.171.7 - - [01/Mar/2026:20:49:43 +0300] "GET /wp-content/plugins/wp-mail-smtp/vendor_prefixed/psr/http-message/src/RequestInterface.php HTTP/1.1" 500 0 "-" "Mozilla/5.0 (compatible; SemrushBot/7~bl; +http://www.semrush.com/bot.html)"
85.208.96.193 - - [01/Mar/2026:20:50:32 +0300] "GET /wp-content/plugins/auxin-elements/admin/includes/compatibility/sliders/rev.php HTTP/1.1" 500 0 "-" "Mozilla/5.0 (compatible; SemrushBot/7~bl; +http://www.semrush.com/bot.html)"
85.208.96.193 - - [01/Mar/2026:20:52:02 +0300] "GET /wp-content/plugins/elementor/assets/js/packages/editor-global-classes/editor-global-classes.asset.php HTTP/1.1" 200 0 "-" "Mozilla/5.0 (compatible; SemrushBot/7~bl; +http://www.semrush.com/bot.html)"
185.191.171.4 - - [01/Mar/2026:20:55:15 +0300] "GET /wp-content/plugins/wp-mail-smtp/vendor_prefixed/google/auth/src/Middleware/ HTTP/1.1" 200 984 "-" "Mozilla/5.0 (compatible; SemrushBot/7~bl; +http://www.semrush.com/bot.html)"
185.191.171.4 - - [01/Mar/2026:20:56:41 +0300] "GET /wp-content/plugins/elementor/assets/js/packages/mixpanel/mixpanel.asset.php HTTP/1.1" 200 0 "-" "Mozilla/5.0 (compatible; SemrushBot/7~bl; +http://www.semrush.com/bot.html)"
85.208.96.201 - - [01/Mar/2026:20:57:55 +0300] "GET /wp-content/plugins/wp-mail-smtp/vendor/woocommerce/action-scheduler/classes/ActionScheduler_LogEntry.php HTTP/1.1" 200 0 "-" "Mozilla/5.0 (compatible; SemrushBot/7~bl; +http://www.semrush.com/bot.html)"
185.191.171.4 - - [01/Mar/2026:21:00:18 +0300] "GET /wp-content/plugins/google-site-kit/third-party/google/apiclient-services/src/TagManager/ HTTP/1.1" 200 3153 "-" "Mozilla/5.0 (compatible; SemrushBot/7~bl; +http://www.semrush.com/bot.html)"
85.208.96.210 - - [01/Mar/2026:21:00:33 +0300] "GET /wp-content/plugins/google-analytics-for-wordpress/lite/includes/admin/reports/report-publisher.php HTTP/1.1" 200 0 "-" "Mozilla/5.0 (compatible; SemrushBot/7~bl; +http://www.semrush.com/bot.html)"
185.191.171.3 - - [01/Mar/2026:21:01:53 +0300] "GET /wp-content/plugins/google-site-kit/third-party/guzzlehttp/promises/src/RejectedPromise.php HTTP/1.1" 500 0 "-" "Mozilla/5.0 (compatible; SemrushBot/7~bl; +http://www.semrush.com/bot.html)"
216.244.66.238 - - [01/Mar/2026:20:40:32 +0300] "GET /wp-includes/Requests/src/Proxy/IXR/?a=download&f=class-wp-http-curl.php&p=%2Fhome%2Fmedyaist%2Fhurdamakara.com%2Fwp-includes HTTP/1.1" 200 13261 "-" "Mozilla/5.0 (compatible; DotBot/1.2; +https://opensiteexplorer.org/dotbot; help@moz.com)"
216.244.66.238 - - [01/Mar/2026:20:40:34 +0300] "GET /wp-includes/Requests/src/Proxy/IXR/?a=view&f=class-phpass.php&p=%2Fhome%2Fmedyaist%2Fhurdamakara.com%2Fwp-includes HTTP/1.1" 200 1084832 "-" "Mozilla/5.0 (compatible; DotBot/1.2; +https://opensiteexplorer.org/dotbot; help@moz.com)"
85.208.96.206 - - [01/Mar/2026:20:41:06 +0300] "GET /wp-content/plugins/google-analytics-for-wordpress/lite/includes/admin/reports/report-year-in-review.php HTTP/1.1" 200 0 "-" "Mozilla/5.0 (compatible; SemrushBot/7~bl; +http://www.semrush.com/bot.html)"
216.244.66.238 - - [01/Mar/2026:20:41:19 +0300] "GET /wp-includes/Requests/src/Proxy/IXR/?a=view&f=class-wp-block-bindings-source.php&p=%2Fhome%2Fmedyaist%2Fhurdamakara.com%2Fwp-includes HTTP/1.1" 200 1091121 "-" "Mozilla/5.0 (compatible; DotBot/1.2; +https://opensiteexplorer.org/dotbot; help@moz.com)"
185.191.171.19 - - [01/Mar/2026:20:49:37 +0300] "GET /wp-content/plugins/google-site-kit/third-party/google/apiclient-services-subscribewithgoogle/SubscribewithGoogle/Reader.php HTTP/1.1" 500 0 "-" "Mozilla/5.0 (compatible; SemrushBot/7~bl; +http://www.semrush.com/bot.html)"
185.191.171.3 - - [01/Mar/2026:20:49:54 +0300] "GET /wp-content/plugins/wp-ulike/vendor/matomo/device-detector/regexes/client/ HTTP/1.1" 200 856 "-" "Mozilla/5.0 (compatible; SemrushBot/7~bl; +http://www.semrush.com/bot.html)"
85.208.96.199 - - [01/Mar/2026:20:49:58 +0300] "GET /wp-content/plugins/depicter/resources/scripts/player/components/choice/ HTTP/1.1" 200 802 "-" "Mozilla/5.0 (compatible; SemrushBot/7~bl; +http://www.semrush.com/bot.html)"
185.191.171.2 - - [01/Mar/2026:20:50:13 +0300] "GET /wp-content/plugins/depicter/vendor/symfony/console/Input/InputOption.php HTTP/1.1" 200 0 "-" "Mozilla/5.0 (compatible; SemrushBot/7~bl; +http://www.semrush.com/bot.html)"
85.208.96.207 - - [01/Mar/2026:20:52:49 +0300] "GET /wp-content/plugins/google-site-kit/third-party/guzzlehttp/guzzle/src/RetryMiddleware.php HTTP/1.1" 200 0 "-" "Mozilla/5.0 (compatible; SemrushBot/7~bl; +http://www.semrush.com/bot.html)"
85.208.96.195 - - [01/Mar/2026:20:54:21 +0300] "GET /wp-content/plugins/depicter/vendor/symfony/console/Event/ConsoleSignalEvent.php HTTP/1.1" 500 0 "-" "Mozilla/5.0 (compatible; SemrushBot/7~bl; +http://www.semrush.com/bot.html)"
185.191.171.9 - - [01/Mar/2026:20:54:31 +0300] "GET /wp-content/plugins/depicter/vendor/symfony/console/DependencyInjection/error_log HTTP/1.1" 403 787 "-" "Mozilla/5.0 (compatible; SemrushBot/7~bl; +http://www.semrush.com/bot.html)"
85.208.96.205 - - [01/Mar/2026:20:58:18 +0300] "GET /wp-content/plugins/elementor/modules/floating-buttons/classes/action/action-handler.php HTTP/1.1" 200 0 "-" "Mozilla/5.0 (compatible; SemrushBot/7~bl; +http://www.semrush.com/bot.html)"
185.191.171.7 - - [01/Mar/2026:21:01:18 +0300] "GET /wp-content/plugins/auxin-elements/includes/elementor/modules/dynamic-tags/comments-url.php HTTP/1.1" 200 0 "-" "Mozilla/5.0 (compatible; SemrushBot/7~bl; +http://www.semrush.com/bot.html)"
85.208.96.212 - - [01/Mar/2026:21:02:50 +0300] "GET /wp-content/plugins/wp-ulike/vendor/matomo/device-detector/Yaml/Symfony.php HTTP/1.1" 500 0 "-" "Mozilla/5.0 (compatible; SemrushBot/7~bl; +http://www.semrush.com/bot.html)"
85.208.96.197 - - [01/Mar/2026:21:03:01 +0300] "GET /wp-content/plugins/depicter/resources/scripts/player/external-layers/form-submit/ HTTP/1.1" 200 807 "-" "Mozilla/5.0 (compatible; SemrushBot/7~bl; +http://www.semrush.com/bot.html)"
185.191.171.13 - - [01/Mar/2026:21:03:34 +0300] "GET /wp-content/plugins/depicter/vendor/symfony/string/Slugger/error_log HTTP/1.1" 403 787 "-" "Mozilla/5.0 (compatible; SemrushBot/7~bl; +http://www.semrush.com/bot.html)"
185.191.171.3 - - [01/Mar/2026:21:04:46 +0300] "GET /wp-content/plugins/auxin-elements/includes/elementor/modules/settings/page/ HTTP/1.1" 200 868 "-" "Mozilla/5.0 (compatible; SemrushBot/7~bl; +http://www.semrush.com/bot.html)"
85.208.96.196 - - [01/Mar/2026:21:05:11 +0300] "GET /wp-content/plugins/depicter/resources/scripts/loadings/snippets/oval/ HTTP/1.1" 200 822 "-" "Mozilla/5.0 (compatible; SemrushBot/7~bl; +http://www.semrush.com/bot.html)"
185.191.171.13 - - [01/Mar/2026:21:05:27 +0300] "GET /wp-content/plugins/elementor/assets/js/packages/utils/utils.asset.php HTTP/1.1" 200 0 "-" "Mozilla/5.0 (compatible; SemrushBot/7~bl; +http://www.semrush.com/bot.html)"
85.208.96.196 - - [01/Mar/2026:21:06:47 +0300] "GET /wp-content/plugins/google-site-kit/third-party/google/apiclient-services/src/PagespeedInsights/ HTTP/1.1" 200 1895 "-" "Mozilla/5.0 (compatible; SemrushBot/7~bl; +http://www.semrush.com/bot.html)"
185.191.171.6 - - [01/Mar/2026:21:06:56 +0300] "GET /wp-content/plugins/elementor/core/common/modules/connect/apps/ HTTP/1.1" 200 855 "-" "Mozilla/5.0 (compatible; SemrushBot/7~bl; +http://www.semrush.com/bot.html)"
85.208.96.208 - - [01/Mar/2026:21:09:42 +0300] "GET /wp-content/plugins/elementor/modules/site-navigation/data/endpoints/duplicate-post.php HTTP/1.1" 200 0 "-" "Mozilla/5.0 (compatible; SemrushBot/7~bl; +http://www.semrush.com/bot.html)"
185.191.171.5 - - [01/Mar/2026:21:09:54 +0300] "GET /wp-content/plugins/elementor/core/kits/documents/tabs/global-colors.php HTTP/1.1" 200 0 "-" "Mozilla/5.0 (compatible; SemrushBot/7~bl; +http://www.semrush.com/bot.html)"
185.191.171.18 - - [01/Mar/2026:21:14:24 +0300] "GET /wp-content/plugins/elementor/assets/js/packages/editor-mcp/editor-mcp.asset.php HTTP/1.1" 200 0 "-" "Mozilla/5.0 (compatible; SemrushBot/7~bl; +http://www.semrush.com/bot.html)"
216.244.66.238 - - [01/Mar/2026:21:15:03 +0300] "GET /robots.txt HTTP/1.1" 404 796 "-" "Mozilla/5.0 (compatible; DotBot/1.2; +https://opensiteexplorer.org/dotbot; help@moz.com)"
85.208.96.200 - - [01/Mar/2026:21:15:34 +0300] "GET /wp-content/plugins/depicter/resources/scripts/player/components/lottie/ HTTP/1.1" 200 798 "-" "Mozilla/5.0 (compatible; SemrushBot/7~bl; +http://www.semrush.com/bot.html)"
185.191.171.8 - - [01/Mar/2026:21:17:51 +0300] "GET /wp-content/plugins/depicter/vendor/averta/wpemerge/src/view.php HTTP/1.1" 200 0 "-" "Mozilla/5.0 (compatible; SemrushBot/7~bl; +http://www.semrush.com/bot.html)"
85.208.96.201 - - [01/Mar/2026:21:02:33 +0300] "GET /wp-content/plugins/elementor/assets/js/packages/editor-ui/editor-ui.asset.php HTTP/1.1" 200 0 "-" "Mozilla/5.0 (compatible; SemrushBot/7~bl; +http://www.semrush.com/bot.html)"
85.208.96.195 - - [01/Mar/2026:21:04:54 +0300] "GET /wp-content/plugins/auxin-elements/includes/elementor/modules/dynamic-tags/archive-url.php HTTP/1.1" 200 0 "-" "Mozilla/5.0 (compatible; SemrushBot/7~bl; +http://www.semrush.com/bot.html)"
85.208.96.212 - - [01/Mar/2026:21:05:52 +0300] "GET /robots.txt HTTP/1.1" 404 796 "-" "Mozilla/5.0 (compatible; SemrushBot/7~bl; +http://www.semrush.com/bot.html)"
85.208.96.198 - - [01/Mar/2026:21:05:52 +0300] "GET /wp-content/plugins/auxin-elements/vendor/enshrined/svg-sanitize/tests/SanitizerTest.php HTTP/1.1" 500 0 "-" "Mozilla/5.0 (compatible; SemrushBot/7~bl; +http://www.semrush.com/bot.html)"
185.191.171.9 - - [01/Mar/2026:21:06:15 +0300] "GET /wp-content/plugins/google-site-kit/third-party/guzzlehttp/guzzle/src/functions_include.php HTTP/1.1" 200 0 "-" "Mozilla/5.0 (compatible; SemrushBot/7~bl; +http://www.semrush.com/bot.html)"
85.208.96.203 - - [01/Mar/2026:21:06:42 +0300] "GET /wp-content/plugins/google-analytics-for-wordpress/lite/assets/img/emails/summaries/ HTTP/1.1" 200 722 "-" "Mozilla/5.0 (compatible; SemrushBot/7~bl; +http://www.semrush.com/bot.html)"
185.191.171.13 - - [01/Mar/2026:21:09:16 +0300] "GET /wp-content/plugins/elementor/core/admin/menu/interfaces/admin-menu-item-has-position.php HTTP/1.1" 200 0 "-" "Mozilla/5.0 (compatible; SemrushBot/7~bl; +http://www.semrush.com/bot.html)"
185.191.171.2 - - [01/Mar/2026:21:09:30 +0300] "GET /wp-content/plugins/depicter/vendor/symfony/console/SignalRegistry/SignalRegistry.php HTTP/1.1" 200 0 "-" "Mozilla/5.0 (compatible; SemrushBot/7~bl; +http://www.semrush.com/bot.html)"
85.208.96.196 - - [01/Mar/2026:21:10:15 +0300] "GET /wp-content/plugins/auxin-elements/includes/elementor/modules/dynamic-tags/post-featured-image.php HTTP/1.1" 200 0 "-" "Mozilla/5.0 (compatible; SemrushBot/7~bl; +http://www.semrush.com/bot.html)"
185.191.171.8 - - [01/Mar/2026:21:13:30 +0300] "GET /wp-content/plugins/depicter/vendor/symfony/console/Command/HelpCommand.php HTTP/1.1" 500 0 "-" "Mozilla/5.0 (compatible; SemrushBot/7~bl; +http://www.semrush.com/bot.html)"
185.191.171.13 - - [01/Mar/2026:21:14:41 +0300] "GET /wp-content/plugins/depicter/vendor/symfony/console/CommandLoader/ContainerCommandLoader.php HTTP/1.1" 500 0 "-" "Mozilla/5.0 (compatible; SemrushBot/7~bl; +http://www.semrush.com/bot.html)"
85.208.96.209 - - [01/Mar/2026:21:14:57 +0300] "GET /wp-content/plugins/google-site-kit/third-party/google/apiclient/src/error_log HTTP/1.1" 403 787 "-" "Mozilla/5.0 (compatible; SemrushBot/7~bl; +http://www.semrush.com/bot.html)"
85.208.96.195 - - [01/Mar/2026:21:15:22 +0300] "GET /wp-content/plugins/auxin-elements/includes/elementor/modules/theme-builder/classes/ HTTP/1.1" 200 845 "-" "Mozilla/5.0 (compatible; SemrushBot/7~bl; +http://www.semrush.com/bot.html)"
37.155.173.16 - - [01/Mar/2026:21:16:00 +0300] "GET /favicon.ico HTTP/1.1" 404 796 "http://www.hurdamakara.com/?gad_source=5&gad_campaignid=21593625995&gclid=EAIaIQobChMIsJm_jPr5kgMVk2QVCB1pjBbiEAEYASAAEgJ75PD_BwE" "Mozilla/5.0 (Linux; Android 10; K) AppleWebKit/537.36 (KHTML, like Gecko) SamsungBrowser/29.0 Chrome/136.0.0.0 Mobile Safari/537.36"
