88.234.251.132 - - [02/Mar/2026:00:20:26 +0300] "GET /_autoindex/assets/js/tablesort.number.js HTTP/1.1" 200 366 "http://www.hurdamakara.com/?gad_source=5&gad_campaignid=21593625995&gclid=EAIaIQobChMIj_aixs__kgMVVMw7Ah1LByj-EAEYASAAEgIR8fD_BwE" "Mozilla/5.0 (Linux; Android 10; K) AppleWebKit/537.36 (KHTML, like Gecko) SamsungBrowser/29.0 Chrome/136.0.0.0 Mobile Safari/537.36"
78.172.199.213 - - [02/Mar/2026:00:18:55 +0300] "GET /_autoindex/assets/css/autoindex.css HTTP/1.1" 200 1287 "http://www.hurdamakara.com/?gad_source=5&gad_campaignid=21593625995&gclid=Cj0KCQiA5I_NBhDVARIsAOrqIsbnm7Ssn2-rSPTrw0sHU3STSZWk2TVw8LvzTdwTXsTb8pfH81taJ6QaAmTFEALw_wcB" "Mozilla/5.0 (Linux; Android 13; en; Infinix X6837 Build/SP1A.210812.016) AppleWebKit/537.36 (KHTML, like Gecko) Chrome/145.0.7632.79 HiBrowser/v2.25.10.2;lang=tr;nation=TR;locale=tr_TR UWS/ Mobile Safari/537.36"
78.172.199.213 - - [02/Mar/2026:00:18:55 +0300] "GET /_autoindex/assets/js/tablesort.js HTTP/1.1" 200 2300 "http://www.hurdamakara.com/?gad_source=5&gad_campaignid=21593625995&gclid=Cj0KCQiA5I_NBhDVARIsAOrqIsbnm7Ssn2-rSPTrw0sHU3STSZWk2TVw8LvzTdwTXsTb8pfH81taJ6QaAmTFEALw_wcB" "Mozilla/5.0 (Linux; Android 13; en; Infinix X6837 Build/SP1A.210812.016) AppleWebKit/537.36 (KHTML, like Gecko) Chrome/145.0.7632.79 HiBrowser/v2.25.10.2;lang=tr;nation=TR;locale=tr_TR UWS/ Mobile Safari/537.36"
78.172.199.213 - - [02/Mar/2026:00:18:55 +0300] "GET /_autoindex/assets/js/tablesort.number.js HTTP/1.1" 200 366 "http://www.hurdamakara.com/?gad_source=5&gad_campaignid=21593625995&gclid=Cj0KCQiA5I_NBhDVARIsAOrqIsbnm7Ssn2-rSPTrw0sHU3STSZWk2TVw8LvzTdwTXsTb8pfH81taJ6QaAmTFEALw_wcB" "Mozilla/5.0 (Linux; Android 13; en; Infinix X6837 Build/SP1A.210812.016) AppleWebKit/537.36 (KHTML, like Gecko) Chrome/145.0.7632.79 HiBrowser/v2.25.10.2;lang=tr;nation=TR;locale=tr_TR UWS/ Mobile Safari/537.36"
78.172.199.213 - - [02/Mar/2026:00:18:55 +0300] "GET /favicon.ico HTTP/1.1" 404 796 "http://www.hurdamakara.com/?gad_source=5&gad_campaignid=21593625995&gclid=Cj0KCQiA5I_NBhDVARIsAOrqIsbnm7Ssn2-rSPTrw0sHU3STSZWk2TVw8LvzTdwTXsTb8pfH81taJ6QaAmTFEALw_wcB" "Mozilla/5.0 (Linux; Android 13; en; Infinix X6837 Build/SP1A.210812.016) AppleWebKit/537.36 (KHTML, like Gecko) Chrome/145.0.7632.79 HiBrowser/v2.25.10.2;lang=tr;nation=TR;locale=tr_TR UWS/ Mobile Safari/537.36"
88.234.251.132 - - [02/Mar/2026:00:20:26 +0300] "GET /?gad_source=5&gad_campaignid=21593625995&gclid=EAIaIQobChMIj_aixs__kgMVVMw7Ah1LByj-EAEYASAAEgIR8fD_BwE HTTP/1.1" 200 774 "-" "Mozilla/5.0 (Linux; Android 10; K) AppleWebKit/537.36 (KHTML, like Gecko) SamsungBrowser/29.0 Chrome/136.0.0.0 Mobile Safari/537.36"
88.234.251.132 - - [02/Mar/2026:00:20:26 +0300] "GET /_autoindex/assets/css/autoindex.css HTTP/1.1" 200 1287 "http://www.hurdamakara.com/?gad_source=5&gad_campaignid=21593625995&gclid=EAIaIQobChMIj_aixs__kgMVVMw7Ah1LByj-EAEYASAAEgIR8fD_BwE" "Mozilla/5.0 (Linux; Android 10; K) AppleWebKit/537.36 (KHTML, like Gecko) SamsungBrowser/29.0 Chrome/136.0.0.0 Mobile Safari/537.36"
88.234.251.132 - - [02/Mar/2026:00:20:26 +0300] "GET /_autoindex/assets/js/tablesort.js HTTP/1.1" 200 2300 "http://www.hurdamakara.com/?gad_source=5&gad_campaignid=21593625995&gclid=EAIaIQobChMIj_aixs__kgMVVMw7Ah1LByj-EAEYASAAEgIR8fD_BwE" "Mozilla/5.0 (Linux; Android 10; K) AppleWebKit/537.36 (KHTML, like Gecko) SamsungBrowser/29.0 Chrome/136.0.0.0 Mobile Safari/537.36"
88.230.43.20 - - [02/Mar/2026:00:20:28 +0300] "GET /?gad_source=5&gad_campaignid=21593625995&gclid=Cj0KCQiA5I_NBhDVARIsAOrqIsZzsEfUMZLP0UF0nBjNyaJMR3048pL-99glm8s9MFFSfK7WIEp9s6waAgGaEALw_wcB HTTP/1.1" 200 774 "-" "Mozilla/5.0 (Linux; Android 10; K) AppleWebKit/537.36 (KHTML, like Gecko) SamsungBrowser/29.0 Chrome/136.0.0.0 Safari/537.36"
88.230.43.20 - - [02/Mar/2026:00:20:28 +0300] "GET /_autoindex/assets/css/autoindex.css HTTP/1.1" 200 1287 "http://www.hurdamakara.com/?gad_source=5&gad_campaignid=21593625995&gclid=Cj0KCQiA5I_NBhDVARIsAOrqIsZzsEfUMZLP0UF0nBjNyaJMR3048pL-99glm8s9MFFSfK7WIEp9s6waAgGaEALw_wcB" "Mozilla/5.0 (Linux; Android 10; K) AppleWebKit/537.36 (KHTML, like Gecko) SamsungBrowser/29.0 Chrome/136.0.0.0 Safari/537.36"
88.230.43.20 - - [02/Mar/2026:00:20:28 +0300] "GET /_autoindex/assets/js/tablesort.js HTTP/1.1" 200 2300 "http://www.hurdamakara.com/?gad_source=5&gad_campaignid=21593625995&gclid=Cj0KCQiA5I_NBhDVARIsAOrqIsZzsEfUMZLP0UF0nBjNyaJMR3048pL-99glm8s9MFFSfK7WIEp9s6waAgGaEALw_wcB" "Mozilla/5.0 (Linux; Android 10; K) AppleWebKit/537.36 (KHTML, like Gecko) SamsungBrowser/29.0 Chrome/136.0.0.0 Safari/537.36"
88.230.43.20 - - [02/Mar/2026:00:20:28 +0300] "GET /_autoindex/assets/icons/folder-fill.svg HTTP/1.1" 200 411 "http://www.hurdamakara.com/?gad_source=5&gad_campaignid=21593625995&gclid=Cj0KCQiA5I_NBhDVARIsAOrqIsZzsEfUMZLP0UF0nBjNyaJMR3048pL-99glm8s9MFFSfK7WIEp9s6waAgGaEALw_wcB" "Mozilla/5.0 (Linux; Android 10; K) AppleWebKit/537.36 (KHTML, like Gecko) SamsungBrowser/29.0 Chrome/136.0.0.0 Safari/537.36"
88.230.43.20 - - [02/Mar/2026:00:20:28 +0300] "GET /_autoindex/assets/js/tablesort.number.js HTTP/1.1" 200 366 "http://www.hurdamakara.com/?gad_source=5&gad_campaignid=21593625995&gclid=Cj0KCQiA5I_NBhDVARIsAOrqIsZzsEfUMZLP0UF0nBjNyaJMR3048pL-99glm8s9MFFSfK7WIEp9s6waAgGaEALw_wcB" "Mozilla/5.0 (Linux; Android 10; K) AppleWebKit/537.36 (KHTML, like Gecko) SamsungBrowser/29.0 Chrome/136.0.0.0 Safari/537.36"
88.230.43.20 - - [02/Mar/2026:00:20:28 +0300] "GET /favicon.ico HTTP/1.1" 404 796 "http://www.hurdamakara.com/?gad_source=5&gad_campaignid=21593625995&gclid=Cj0KCQiA5I_NBhDVARIsAOrqIsZzsEfUMZLP0UF0nBjNyaJMR3048pL-99glm8s9MFFSfK7WIEp9s6waAgGaEALw_wcB" "Mozilla/5.0 (Linux; Android 10; K) AppleWebKit/537.36 (KHTML, like Gecko) SamsungBrowser/29.0 Chrome/136.0.0.0 Safari/537.36"
5.25.46.188 - - [02/Mar/2026:00:21:13 +0300] "GET /_autoindex/assets/icons/folder-fill.svg HTTP/1.1" 200 411 "http://www.hurdamakara.com/?gad_source=5&gad_campaignid=21593625995&gclid=Cj0KCQiA5I_NBhDVARIsAOrqIsaRY7vzZtGbJEbo5mv9JaUdGtnkRHabjWbH4NsG-afb82MP4-5ZrUEaAowCEALw_wcB" "Mozilla/5.0 (X11; Linux x86_64) AppleWebKit/537.36 (KHTML, like Gecko) SamsungBrowser/28.0 Chrome/130.0.0.0 Safari/537.36"
5.25.46.188 - - [02/Mar/2026:00:21:14 +0300] "GET /favicon.ico HTTP/1.1" 404 796 "http://www.hurdamakara.com/?gad_source=5&gad_campaignid=21593625995&gclid=Cj0KCQiA5I_NBhDVARIsAOrqIsaRY7vzZtGbJEbo5mv9JaUdGtnkRHabjWbH4NsG-afb82MP4-5ZrUEaAowCEALw_wcB" "Mozilla/5.0 (X11; Linux x86_64) AppleWebKit/537.36 (KHTML, like Gecko) SamsungBrowser/28.0 Chrome/130.0.0.0 Safari/537.36"
176.41.181.141 - - [02/Mar/2026:00:21:28 +0300] "GET /?gad_source=5&gad_campaignid=21593625995&gclid=Cj0KCQiA5I_NBhDVARIsAOrqIsYvAej1IjHKnSj81Gdw4Tt4hgfHm_Mg2xyqLIOCEkulMcbyNv_ISvUaApudEALw_wcB HTTP/1.1" 200 774 "-" "Mozilla/5.0 (Linux; Android 10; K) AppleWebKit/537.36 (KHTML, like Gecko) SamsungBrowser/29.0 Chrome/136.0.0.0 Mobile Safari/537.36"
176.41.181.141 - - [02/Mar/2026:00:21:29 +0300] "GET /_autoindex/assets/css/autoindex.css HTTP/1.1" 200 1287 "http://www.hurdamakara.com/?gad_source=5&gad_campaignid=21593625995&gclid=Cj0KCQiA5I_NBhDVARIsAOrqIsYvAej1IjHKnSj81Gdw4Tt4hgfHm_Mg2xyqLIOCEkulMcbyNv_ISvUaApudEALw_wcB" "Mozilla/5.0 (Linux; Android 10; K) AppleWebKit/537.36 (KHTML, like Gecko) SamsungBrowser/29.0 Chrome/136.0.0.0 Mobile Safari/537.36"
176.41.181.141 - - [02/Mar/2026:00:21:29 +0300] "GET /_autoindex/assets/icons/folder-fill.svg HTTP/1.1" 200 411 "http://www.hurdamakara.com/?gad_source=5&gad_campaignid=21593625995&gclid=Cj0KCQiA5I_NBhDVARIsAOrqIsYvAej1IjHKnSj81Gdw4Tt4hgfHm_Mg2xyqLIOCEkulMcbyNv_ISvUaApudEALw_wcB" "Mozilla/5.0 (Linux; Android 10; K) AppleWebKit/537.36 (KHTML, like Gecko) SamsungBrowser/29.0 Chrome/136.0.0.0 Mobile Safari/537.36"
176.41.181.141 - - [02/Mar/2026:00:21:29 +0300] "GET /_autoindex/assets/js/tablesort.js HTTP/1.1" 200 2300 "http://www.hurdamakara.com/?gad_source=5&gad_campaignid=21593625995&gclid=Cj0KCQiA5I_NBhDVARIsAOrqIsYvAej1IjHKnSj81Gdw4Tt4hgfHm_Mg2xyqLIOCEkulMcbyNv_ISvUaApudEALw_wcB" "Mozilla/5.0 (Linux; Android 10; K) AppleWebKit/537.36 (KHTML, like Gecko) SamsungBrowser/29.0 Chrome/136.0.0.0 Mobile Safari/537.36"
88.234.251.132 - - [02/Mar/2026:00:20:26 +0300] "GET /_autoindex/assets/icons/folder-fill.svg HTTP/1.1" 200 411 "http://www.hurdamakara.com/?gad_source=5&gad_campaignid=21593625995&gclid=EAIaIQobChMIj_aixs__kgMVVMw7Ah1LByj-EAEYASAAEgIR8fD_BwE" "Mozilla/5.0 (Linux; Android 10; K) AppleWebKit/537.36 (KHTML, like Gecko) SamsungBrowser/29.0 Chrome/136.0.0.0 Mobile Safari/537.36"
88.234.251.132 - - [02/Mar/2026:00:20:26 +0300] "GET /favicon.ico HTTP/1.1" 404 796 "http://www.hurdamakara.com/?gad_source=5&gad_campaignid=21593625995&gclid=EAIaIQobChMIj_aixs__kgMVVMw7Ah1LByj-EAEYASAAEgIR8fD_BwE" "Mozilla/5.0 (Linux; Android 10; K) AppleWebKit/537.36 (KHTML, like Gecko) SamsungBrowser/29.0 Chrome/136.0.0.0 Mobile Safari/537.36"
5.25.46.188 - - [02/Mar/2026:00:21:13 +0300] "GET /?gad_source=5&gad_campaignid=21593625995&gclid=Cj0KCQiA5I_NBhDVARIsAOrqIsaRY7vzZtGbJEbo5mv9JaUdGtnkRHabjWbH4NsG-afb82MP4-5ZrUEaAowCEALw_wcB HTTP/1.1" 200 774 "-" "Mozilla/5.0 (X11; Linux x86_64) AppleWebKit/537.36 (KHTML, like Gecko) SamsungBrowser/28.0 Chrome/130.0.0.0 Safari/537.36"
5.25.46.188 - - [02/Mar/2026:00:21:13 +0300] "GET /_autoindex/assets/css/autoindex.css HTTP/1.1" 200 1287 "http://www.hurdamakara.com/?gad_source=5&gad_campaignid=21593625995&gclid=Cj0KCQiA5I_NBhDVARIsAOrqIsaRY7vzZtGbJEbo5mv9JaUdGtnkRHabjWbH4NsG-afb82MP4-5ZrUEaAowCEALw_wcB" "Mozilla/5.0 (X11; Linux x86_64) AppleWebKit/537.36 (KHTML, like Gecko) SamsungBrowser/28.0 Chrome/130.0.0.0 Safari/537.36"
5.25.46.188 - - [02/Mar/2026:00:21:13 +0300] "GET /_autoindex/assets/js/tablesort.number.js HTTP/1.1" 200 366 "http://www.hurdamakara.com/?gad_source=5&gad_campaignid=21593625995&gclid=Cj0KCQiA5I_NBhDVARIsAOrqIsaRY7vzZtGbJEbo5mv9JaUdGtnkRHabjWbH4NsG-afb82MP4-5ZrUEaAowCEALw_wcB" "Mozilla/5.0 (X11; Linux x86_64) AppleWebKit/537.36 (KHTML, like Gecko) SamsungBrowser/28.0 Chrome/130.0.0.0 Safari/537.36"
5.25.46.188 - - [02/Mar/2026:00:21:13 +0300] "GET /_autoindex/assets/js/tablesort.js HTTP/1.1" 200 2300 "http://www.hurdamakara.com/?gad_source=5&gad_campaignid=21593625995&gclid=Cj0KCQiA5I_NBhDVARIsAOrqIsaRY7vzZtGbJEbo5mv9JaUdGtnkRHabjWbH4NsG-afb82MP4-5ZrUEaAowCEALw_wcB" "Mozilla/5.0 (X11; Linux x86_64) AppleWebKit/537.36 (KHTML, like Gecko) SamsungBrowser/28.0 Chrome/130.0.0.0 Safari/537.36"
88.230.204.98 - - [02/Mar/2026:00:21:53 +0300] "GET /?gad_source=5&gad_campaignid=21593625995&gclid=EAIaIQobChMI08TWydD_kgMV-UqRBR1iDhssEAEYASAAEgJo8_D_BwE HTTP/1.1" 200 774 "-" "Mozilla/5.0 (Linux; Android 13; TECNO KI7) AppleWebKit/537.36 (KHTML, like Gecko) Chrome/108.0.0.0 Mobile Safari/537.36"
88.230.204.98 - - [02/Mar/2026:00:21:53 +0300] "GET /_autoindex/assets/css/autoindex.css HTTP/1.1" 200 1287 "http://www.hurdamakara.com/?gad_source=5&gad_campaignid=21593625995&gclid=EAIaIQobChMI08TWydD_kgMV-UqRBR1iDhssEAEYASAAEgJo8_D_BwE" "Mozilla/5.0 (Linux; Android 13; TECNO KI7) AppleWebKit/537.36 (KHTML, like Gecko) Chrome/108.0.0.0 Mobile Safari/537.36"
88.230.204.98 - - [02/Mar/2026:00:21:53 +0300] "GET /_autoindex/assets/js/tablesort.js HTTP/1.1" 200 2300 "http://www.hurdamakara.com/?gad_source=5&gad_campaignid=21593625995&gclid=EAIaIQobChMI08TWydD_kgMV-UqRBR1iDhssEAEYASAAEgJo8_D_BwE" "Mozilla/5.0 (Linux; Android 13; TECNO KI7) AppleWebKit/537.36 (KHTML, like Gecko) Chrome/108.0.0.0 Mobile Safari/537.36"
88.230.204.98 - - [02/Mar/2026:00:21:53 +0300] "GET /_autoindex/assets/js/tablesort.number.js HTTP/1.1" 200 366 "http://www.hurdamakara.com/?gad_source=5&gad_campaignid=21593625995&gclid=EAIaIQobChMI08TWydD_kgMV-UqRBR1iDhssEAEYASAAEgJo8_D_BwE" "Mozilla/5.0 (Linux; Android 13; TECNO KI7) AppleWebKit/537.36 (KHTML, like Gecko) Chrome/108.0.0.0 Mobile Safari/537.36"
88.230.204.98 - - [02/Mar/2026:00:21:53 +0300] "GET /_autoindex/assets/icons/folder-fill.svg HTTP/1.1" 200 411 "http://www.hurdamakara.com/?gad_source=5&gad_campaignid=21593625995&gclid=EAIaIQobChMI08TWydD_kgMV-UqRBR1iDhssEAEYASAAEgJo8_D_BwE" "Mozilla/5.0 (Linux; Android 13; TECNO KI7) AppleWebKit/537.36 (KHTML, like Gecko) Chrome/108.0.0.0 Mobile Safari/537.36"
88.230.204.98 - - [02/Mar/2026:00:21:54 +0300] "GET /favicon.ico HTTP/1.1" 404 796 "http://www.hurdamakara.com/?gad_source=5&gad_campaignid=21593625995&gclid=EAIaIQobChMI08TWydD_kgMV-UqRBR1iDhssEAEYASAAEgJo8_D_BwE" "Mozilla/5.0 (Linux; Android 13; TECNO KI7) AppleWebKit/537.36 (KHTML, like Gecko) Chrome/108.0.0.0 Mobile Safari/537.36"
5.25.46.188 - - [02/Mar/2026:00:22:05 +0300] "GET /?gad_source=5&gad_campaignid=21593625995&gclid=Cj0KCQiA5I_NBhDVARIsAOrqIsaD1SSJU6Zahp7e-d6DC_uJ9PInz0dBGxu9UqK1Y9lOfQe7u-BKIfgaAt0SEALw_wcB HTTP/1.1" 200 774 "-" "Mozilla/5.0 (X11; Linux x86_64) AppleWebKit/537.36 (KHTML, like Gecko) SamsungBrowser/28.0 Chrome/130.0.0.0 Safari/537.36"
5.25.46.188 - - [02/Mar/2026:00:22:05 +0300] "GET /?gad_source=5&gad_campaignid=21593625995&gclid=Cj0KCQiA5I_NBhDVARIsAOrqIsaD1SSJU6Zahp7e-d6DC_uJ9PInz0dBGxu9UqK1Y9lOfQe7u-BKIfgaAt0SEALw_wcB HTTP/1.1" 200 774 "-" "Mozilla/5.0 (X11; Linux x86_64) AppleWebKit/537.36 (KHTML, like Gecko) SamsungBrowser/28.0 Chrome/130.0.0.0 Safari/537.36"
88.230.204.98 - - [02/Mar/2026:00:22:11 +0300] "GET /?gad_source=5&gad_campaignid=21593625995&gclid=EAIaIQobChMIhuDY_ND_kgMVwVmRBR2toATAEAEYASAAEgKmVvD_BwE HTTP/1.1" 200 774 "-" "Mozilla/5.0 (Linux; Android 13; TECNO KI7) AppleWebKit/537.36 (KHTML, like Gecko) Chrome/108.0.0.0 Mobile Safari/537.36"
5.25.46.188 - - [02/Mar/2026:00:23:26 +0300] "GET /?gad_source=5&gad_campaignid=21593625995&gclid=Cj0KCQiA5I_NBhDVARIsAOrqIsaM-z5LQ-PFWbGM6SEV4MC5F_cN9_wfMwVQ6wuYnvJp2oOicrUVw8oaAst6EALw_wcB HTTP/1.1" 200 774 "-" "Mozilla/5.0 (X11; Linux x86_64) AppleWebKit/537.36 (KHTML, like Gecko) SamsungBrowser/28.0 Chrome/130.0.0.0 Safari/537.36"
5.25.46.188 - - [02/Mar/2026:00:23:27 +0300] "GET /?gad_source=5&gad_campaignid=21593625995&gclid=Cj0KCQiA5I_NBhDVARIsAOrqIsaM-z5LQ-PFWbGM6SEV4MC5F_cN9_wfMwVQ6wuYnvJp2oOicrUVw8oaAst6EALw_wcB HTTP/1.1" 200 774 "-" "Mozilla/5.0 (X11; Linux x86_64) AppleWebKit/537.36 (KHTML, like Gecko) SamsungBrowser/28.0 Chrome/130.0.0.0 Safari/537.36"
5.25.46.188 - - [02/Mar/2026:00:23:27 +0300] "GET /?gad_source=5&gad_campaignid=21593625995&gclid=Cj0KCQiA5I_NBhDVARIsAOrqIsaM-z5LQ-PFWbGM6SEV4MC5F_cN9_wfMwVQ6wuYnvJp2oOicrUVw8oaAst6EALw_wcB HTTP/1.1" 200 774 "-" "Mozilla/5.0 (X11; Linux x86_64) AppleWebKit/537.36 (KHTML, like Gecko) SamsungBrowser/28.0 Chrome/130.0.0.0 Safari/537.36"
89.252.162.138 - - [02/Mar/2026:00:24:22 +0300] "GET /.well-known/acme-challenge/IF6UKWO6N3VS9WCVMC2MS5E61MTGTLQB HTTP/1.1" 200 64 "-" "Cpanel-HTTP-Client/1.0"
89.252.162.138 - - [02/Mar/2026:00:24:22 +0300] "GET /.well-known/acme-challenge/LLYID5GV192N1_EYFGOX898TI6GY2F2- HTTP/1.1" 200 64 "-" "Cpanel-HTTP-Client/1.0"
89.252.162.138 - - [02/Mar/2026:00:24:22 +0300] "GET /.well-known/acme-challenge/CUHYF3T_VGDPYL9LQLI3Q4-BT5JUC601 HTTP/1.1" 200 64 "-" "Cpanel-HTTP-Client/1.0"
89.252.162.138 - - [02/Mar/2026:00:24:22 +0300] "GET /.well-known/acme-challenge/FM0S9MB3BUZO8FRCDIS0U_GA-QR8MZDW HTTP/1.1" 200 64 "-" "Cpanel-HTTP-Client/1.0"
89.252.162.138 - - [02/Mar/2026:00:24:23 +0300] "GET /.well-known/acme-challenge/WH-AYQMRPRS60U71Z9-13G1Q5VU4BMR8 HTTP/1.1" 200 64 "-" "Cpanel-HTTP-Client/1.0"
89.252.162.138 - - [02/Mar/2026:00:24:23 +0300] "GET /.well-known/acme-challenge/0B2Y8CSFHKIOKFZAKY4RSR1R_17I4XWC HTTP/1.1" 200 64 "-" "Cpanel-HTTP-Client/1.0"
89.252.162.138 - - [02/Mar/2026:00:24:25 +0300] "GET /.well-known/acme-challenge/XP64QXROYQJLK-MJ99G594E-O508SMIN HTTP/1.1" 200 64 "-" "Cpanel-HTTP-Client/1.0"
37.18.96.97 - - [02/Mar/2026:00:24:31 +0300] "GET /_autoindex/assets/js/tablesort.number.js HTTP/1.1" 200 366 "http://www.hurdamakara.com/?gad_source=5&gad_campaignid=21593625995&gclid=Cj0KCQiA5I_NBhDVARIsAOrqIsY_ndvww2SSf4Fe0kj4dd9MkUOO3LOC77J1fH6o85d3mWcY0evr65oaAiywEALw_wcB" "Mozilla/5.0 (Linux; Android 10; K) AppleWebKit/537.36 (KHTML, like Gecko) SamsungBrowser/29.0 Chrome/136.0.0.0 Safari/537.36"
176.41.181.141 - - [02/Mar/2026:00:21:29 +0300] "GET /_autoindex/assets/js/tablesort.number.js HTTP/1.1" 200 366 "http://www.hurdamakara.com/?gad_source=5&gad_campaignid=21593625995&gclid=Cj0KCQiA5I_NBhDVARIsAOrqIsYvAej1IjHKnSj81Gdw4Tt4hgfHm_Mg2xyqLIOCEkulMcbyNv_ISvUaApudEALw_wcB" "Mozilla/5.0 (Linux; Android 10; K) AppleWebKit/537.36 (KHTML, like Gecko) SamsungBrowser/29.0 Chrome/136.0.0.0 Mobile Safari/537.36"
176.41.181.141 - - [02/Mar/2026:00:21:29 +0300] "GET /favicon.ico HTTP/1.1" 404 796 "http://www.hurdamakara.com/?gad_source=5&gad_campaignid=21593625995&gclid=Cj0KCQiA5I_NBhDVARIsAOrqIsYvAej1IjHKnSj81Gdw4Tt4hgfHm_Mg2xyqLIOCEkulMcbyNv_ISvUaApudEALw_wcB" "Mozilla/5.0 (Linux; Android 10; K) AppleWebKit/537.36 (KHTML, like Gecko) SamsungBrowser/29.0 Chrome/136.0.0.0 Mobile Safari/537.36"
185.191.171.17 - - [02/Mar/2026:00:23:14 +0300] "GET /wp-content/plugins/wp-mail-smtp/vendor/woocommerce/action-scheduler/classes/actions/ HTTP/1.1" 200 969 "-" "Mozilla/5.0 (compatible; SemrushBot/7~bl; +http://www.semrush.com/bot.html)"
185.191.171.13 - - [02/Mar/2026:00:23:25 +0300] "GET /wp-content/plugins/depicter/resources/scripts/player/external-layers/assets/ HTTP/1.1" 200 800 "-" "Mozilla/5.0 (compatible; SemrushBot/7~bl; +http://www.semrush.com/bot.html)"
176.41.181.141 - - [02/Mar/2026:00:23:52 +0300] "GET /?gad_source=5&gad_campaignid=21593625995&gclid=Cj0KCQiA5I_NBhDVARIsAOrqIsbLsjmkjj45N8ejVEjkN03irn65sHqJbytTbTniT7IIpXhvEtlR4bwaAnUQEALw_wcB HTTP/1.1" 200 774 "-" "Mozilla/5.0 (Linux; Android 10; K) AppleWebKit/537.36 (KHTML, like Gecko) SamsungBrowser/29.0 Chrome/136.0.0.0 Mobile Safari/537.36"
5.25.46.188 - - [02/Mar/2026:00:24:05 +0300] "GET /?gad_source=5&gad_campaignid=21593625995&gclid=Cj0KCQiA5I_NBhDVARIsAOrqIsbmis6ewhjWgdOGl6hEZeHax5xQxOb3DAzxT4Ensqkens_42waQHi4aAvj2EALw_wcB HTTP/1.1" 200 774 "-" "Mozilla/5.0 (X11; Linux x86_64) AppleWebKit/537.36 (KHTML, like Gecko) SamsungBrowser/28.0 Chrome/130.0.0.0 Safari/537.36"
89.252.162.138 - - [02/Mar/2026:00:24:23 +0300] "GET /.well-known/acme-challenge/1IYNC46AME7IFL5X1EH-C3J1N46E1BH5 HTTP/1.1" 200 64 "-" "Cpanel-HTTP-Client/1.0"
89.252.162.138 - - [02/Mar/2026:00:24:25 +0300] "GET /.well-known/acme-challenge/E03GZA3F-04Z_O-5S2_PKGOWWQT1LLXL HTTP/1.1" 200 64 "-" "Cpanel-HTTP-Client/1.0"
37.18.96.97 - - [02/Mar/2026:00:24:29 +0300] "GET /?gad_source=5&gad_campaignid=21593625995&gclid=Cj0KCQiA5I_NBhDVARIsAOrqIsY_ndvww2SSf4Fe0kj4dd9MkUOO3LOC77J1fH6o85d3mWcY0evr65oaAiywEALw_wcB HTTP/1.1" 200 774 "-" "Mozilla/5.0 (Linux; Android 10; K) AppleWebKit/537.36 (KHTML, like Gecko) SamsungBrowser/29.0 Chrome/136.0.0.0 Safari/537.36"
37.18.96.97 - - [02/Mar/2026:00:24:29 +0300] "GET /_autoindex/assets/css/autoindex.css HTTP/1.1" 200 1287 "http://www.hurdamakara.com/?gad_source=5&gad_campaignid=21593625995&gclid=Cj0KCQiA5I_NBhDVARIsAOrqIsY_ndvww2SSf4Fe0kj4dd9MkUOO3LOC77J1fH6o85d3mWcY0evr65oaAiywEALw_wcB" "Mozilla/5.0 (Linux; Android 10; K) AppleWebKit/537.36 (KHTML, like Gecko) SamsungBrowser/29.0 Chrome/136.0.0.0 Safari/537.36"
37.18.96.97 - - [02/Mar/2026:00:24:30 +0300] "GET /_autoindex/assets/icons/folder-fill.svg HTTP/1.1" 200 411 "http://www.hurdamakara.com/?gad_source=5&gad_campaignid=21593625995&gclid=Cj0KCQiA5I_NBhDVARIsAOrqIsY_ndvww2SSf4Fe0kj4dd9MkUOO3LOC77J1fH6o85d3mWcY0evr65oaAiywEALw_wcB" "Mozilla/5.0 (Linux; Android 10; K) AppleWebKit/537.36 (KHTML, like Gecko) SamsungBrowser/29.0 Chrome/136.0.0.0 Safari/537.36"
37.18.96.97 - - [02/Mar/2026:00:24:31 +0300] "GET /_autoindex/assets/js/tablesort.js HTTP/1.1" 200 2300 "http://www.hurdamakara.com/?gad_source=5&gad_campaignid=21593625995&gclid=Cj0KCQiA5I_NBhDVARIsAOrqIsY_ndvww2SSf4Fe0kj4dd9MkUOO3LOC77J1fH6o85d3mWcY0evr65oaAiywEALw_wcB" "Mozilla/5.0 (Linux; Android 10; K) AppleWebKit/537.36 (KHTML, like Gecko) SamsungBrowser/29.0 Chrome/136.0.0.0 Safari/537.36"
37.18.96.97 - - [02/Mar/2026:00:24:32 +0300] "GET /favicon.ico HTTP/1.1" 404 796 "http://www.hurdamakara.com/?gad_source=5&gad_campaignid=21593625995&gclid=Cj0KCQiA5I_NBhDVARIsAOrqIsY_ndvww2SSf4Fe0kj4dd9MkUOO3LOC77J1fH6o85d3mWcY0evr65oaAiywEALw_wcB" "Mozilla/5.0 (Linux; Android 10; K) AppleWebKit/537.36 (KHTML, like Gecko) SamsungBrowser/29.0 Chrome/136.0.0.0 Safari/537.36"
5.25.46.188 - - [02/Mar/2026:00:24:39 +0300] "GET /?gad_source=5&gad_campaignid=21593625995&gclid=Cj0KCQiA5I_NBhDVARIsAOrqIsZUqCBsXP6V6ND1o4-qyIyZRrW0rB00gtUs-BbA_1fx7o2x-Tdf7iYaAhu3EALw_wcB HTTP/1.1" 200 774 "-" "Mozilla/5.0 (X11; Linux x86_64) AppleWebKit/537.36 (KHTML, like Gecko) SamsungBrowser/28.0 Chrome/130.0.0.0 Safari/537.36"
85.208.96.201 - - [02/Mar/2026:00:25:22 +0300] "GET /wp-content/plugins/wp-mail-smtp/vendor_prefixed/guzzlehttp/guzzle/src/RedirectMiddleware.php HTTP/1.1" 200 0 "-" "Mozilla/5.0 (compatible; SemrushBot/7~bl; +http://www.semrush.com/bot.html)"
185.191.171.4 - - [02/Mar/2026:00:25:42 +0300] "GET /wp-content/plugins/elementor/core/common/modules/event-tracker/personal-data.php HTTP/1.1" 200 0 "-" "Mozilla/5.0 (compatible; SemrushBot/7~bl; +http://www.semrush.com/bot.html)"
195.87.91.233 - - [02/Mar/2026:00:26:26 +0300] "GET /?gad_source=5&gad_campaignid=21593625995&gclid=Cj0KCQiA5I_NBhDVARIsAOrqIsb2KRhc4D9BfOQWHTJLiXKueekwV7Ez8KK31okF7d-5N2xhGBlgtEkaAiPQEALw_wcB HTTP/1.1" 200 774 "-" "Mozilla/5.0 (Linux; Android 10; K) AppleWebKit/537.36 (KHTML, like Gecko) SamsungBrowser/29.0 Chrome/136.0.0.0 Mobile Safari/537.36"
195.87.91.233 - - [02/Mar/2026:00:26:27 +0300] "GET /_autoindex/assets/css/autoindex.css HTTP/1.1" 200 1287 "http://www.hurdamakara.com/?gad_source=5&gad_campaignid=21593625995&gclid=Cj0KCQiA5I_NBhDVARIsAOrqIsb2KRhc4D9BfOQWHTJLiXKueekwV7Ez8KK31okF7d-5N2xhGBlgtEkaAiPQEALw_wcB" "Mozilla/5.0 (Linux; Android 10; K) AppleWebKit/537.36 (KHTML, like Gecko) SamsungBrowser/29.0 Chrome/136.0.0.0 Mobile Safari/537.36"
77.67.213.236 - - [02/Mar/2026:00:26:32 +0300] "GET /_autoindex/assets/js/tablesort.js HTTP/1.1" 200 2300 "http://www.hurdamakara.com/?gad_source=5&gad_campaignid=21593625995&gclid=Cj0KCQiA5I_NBhDVARIsAOrqIsamvQOScrcdg7h3Y5Swn7UUAvdd9iJAksTTvAuXir9atbPEi7L65TIaApXBEALw_wcB" "Mozilla/5.0 (Linux; Android 10; K) AppleWebKit/537.36 (KHTML, like Gecko) SamsungBrowser/29.0 Chrome/136.0.0.0 Mobile Safari/537.36"
77.67.213.236 - - [02/Mar/2026:00:26:32 +0300] "GET /_autoindex/assets/icons/folder-fill.svg HTTP/1.1" 200 411 "http://www.hurdamakara.com/?gad_source=5&gad_campaignid=21593625995&gclid=Cj0KCQiA5I_NBhDVARIsAOrqIsamvQOScrcdg7h3Y5Swn7UUAvdd9iJAksTTvAuXir9atbPEi7L65TIaApXBEALw_wcB" "Mozilla/5.0 (Linux; Android 10; K) AppleWebKit/537.36 (KHTML, like Gecko) SamsungBrowser/29.0 Chrome/136.0.0.0 Mobile Safari/537.36"
77.67.213.236 - - [02/Mar/2026:00:26:32 +0300] "GET /favicon.ico HTTP/1.1" 404 796 "http://www.hurdamakara.com/?gad_source=5&gad_campaignid=21593625995&gclid=Cj0KCQiA5I_NBhDVARIsAOrqIsamvQOScrcdg7h3Y5Swn7UUAvdd9iJAksTTvAuXir9atbPEi7L65TIaApXBEALw_wcB" "Mozilla/5.0 (Linux; Android 10; K) AppleWebKit/537.36 (KHTML, like Gecko) SamsungBrowser/29.0 Chrome/136.0.0.0 Mobile Safari/537.36"
104.210.140.134 - - [02/Mar/2026:00:26:34 +0300] "GET /robots.txt HTTP/1.1" 404 796 "-" "Mozilla/5.0 (Macintosh; Intel Mac OS X 10_15_7) AppleWebKit/537.36 (KHTML, like Gecko) Chrome/131.0.0.0 Safari/537.36; compatible; OAI-SearchBot/1.0; +https://openai.com/searchbot"
176.41.181.141 - - [02/Mar/2026:00:27:23 +0300] "GET /?gad_source=5&gad_campaignid=21593625995&gclid=Cj0KCQiA5I_NBhDVARIsAOrqIsa7HmW46ujityOgda8FEsj4z1lqEAsUdNQuGMxhzjZLzgID_acE4LQaAlHgEALw_wcB HTTP/1.1" 200 774 "-" "Mozilla/5.0 (Linux; Android 10; K) AppleWebKit/537.36 (KHTML, like Gecko) SamsungBrowser/29.0 Chrome/136.0.0.0 Mobile Safari/537.36"
5.25.46.188 - - [02/Mar/2026:00:25:07 +0300] "GET /?gad_source=5&gad_campaignid=21593625995&gclid=Cj0KCQiA5I_NBhDVARIsAOrqIsaVNXaK8PZ18_7ySn02CX5kJfBCjK9PpwG7r8aeNbPIeNzpXYY_asoaAjsNEALw_wcB HTTP/1.1" 200 774 "-" "Mozilla/5.0 (X11; Linux x86_64) AppleWebKit/537.36 (KHTML, like Gecko) SamsungBrowser/28.0 Chrome/130.0.0.0 Safari/537.36"
195.87.91.233 - - [02/Mar/2026:00:26:27 +0300] "GET /_autoindex/assets/js/tablesort.js HTTP/1.1" 200 2300 "http://www.hurdamakara.com/?gad_source=5&gad_campaignid=21593625995&gclid=Cj0KCQiA5I_NBhDVARIsAOrqIsb2KRhc4D9BfOQWHTJLiXKueekwV7Ez8KK31okF7d-5N2xhGBlgtEkaAiPQEALw_wcB" "Mozilla/5.0 (Linux; Android 10; K) AppleWebKit/537.36 (KHTML, like Gecko) SamsungBrowser/29.0 Chrome/136.0.0.0 Mobile Safari/537.36"
77.67.213.236 - - [02/Mar/2026:00:26:32 +0300] "GET /?gad_source=5&gad_campaignid=21593625995&gclid=Cj0KCQiA5I_NBhDVARIsAOrqIsamvQOScrcdg7h3Y5Swn7UUAvdd9iJAksTTvAuXir9atbPEi7L65TIaApXBEALw_wcB HTTP/1.1" 200 774 "-" "Mozilla/5.0 (Linux; Android 10; K) AppleWebKit/537.36 (KHTML, like Gecko) SamsungBrowser/29.0 Chrome/136.0.0.0 Mobile Safari/537.36"
77.67.213.236 - - [02/Mar/2026:00:26:32 +0300] "GET /_autoindex/assets/css/autoindex.css HTTP/1.1" 200 1287 "http://www.hurdamakara.com/?gad_source=5&gad_campaignid=21593625995&gclid=Cj0KCQiA5I_NBhDVARIsAOrqIsamvQOScrcdg7h3Y5Swn7UUAvdd9iJAksTTvAuXir9atbPEi7L65TIaApXBEALw_wcB" "Mozilla/5.0 (Linux; Android 10; K) AppleWebKit/537.36 (KHTML, like Gecko) SamsungBrowser/29.0 Chrome/136.0.0.0 Mobile Safari/537.36"
77.67.213.236 - - [02/Mar/2026:00:26:32 +0300] "GET /_autoindex/assets/js/tablesort.number.js HTTP/1.1" 200 366 "http://www.hurdamakara.com/?gad_source=5&gad_campaignid=21593625995&gclid=Cj0KCQiA5I_NBhDVARIsAOrqIsamvQOScrcdg7h3Y5Swn7UUAvdd9iJAksTTvAuXir9atbPEi7L65TIaApXBEALw_wcB" "Mozilla/5.0 (Linux; Android 10; K) AppleWebKit/537.36 (KHTML, like Gecko) SamsungBrowser/29.0 Chrome/136.0.0.0 Mobile Safari/537.36"
77.67.243.148 - - [02/Mar/2026:00:27:40 +0300] "GET /?gad_source=2&gad_campaignid=21593625995&gclid=Cj0KCQiA5I_NBhDVARIsAOrqIsbo1J_ra8sh98a3rXi7eF-g0HjdJrHxM3iANcA1rXMMxe5ev6dC_-4aAuLQEALw_wcB HTTP/1.1" 200 774 "-" "Mozilla/5.0 (Linux; Android 10; K) AppleWebKit/537.36 (KHTML, like Gecko) SamsungBrowser/25.0 Chrome/121.0.0.0 Mobile Safari/537.36"
77.67.243.148 - - [02/Mar/2026:00:27:41 +0300] "GET /_autoindex/assets/css/autoindex.css HTTP/1.1" 200 1287 "http://www.hurdamakara.com/?gad_source=2&gad_campaignid=21593625995&gclid=Cj0KCQiA5I_NBhDVARIsAOrqIsbo1J_ra8sh98a3rXi7eF-g0HjdJrHxM3iANcA1rXMMxe5ev6dC_-4aAuLQEALw_wcB" "Mozilla/5.0 (Linux; Android 10; K) AppleWebKit/537.36 (KHTML, like Gecko) SamsungBrowser/25.0 Chrome/121.0.0.0 Mobile Safari/537.36"
77.67.243.148 - - [02/Mar/2026:00:27:41 +0300] "GET /_autoindex/assets/js/tablesort.js HTTP/1.1" 200 2300 "http://www.hurdamakara.com/?gad_source=2&gad_campaignid=21593625995&gclid=Cj0KCQiA5I_NBhDVARIsAOrqIsbo1J_ra8sh98a3rXi7eF-g0HjdJrHxM3iANcA1rXMMxe5ev6dC_-4aAuLQEALw_wcB" "Mozilla/5.0 (Linux; Android 10; K) AppleWebKit/537.36 (KHTML, like Gecko) SamsungBrowser/25.0 Chrome/121.0.0.0 Mobile Safari/537.36"
77.67.243.148 - - [02/Mar/2026:00:27:41 +0300] "GET /_autoindex/assets/js/tablesort.number.js HTTP/1.1" 200 366 "http://www.hurdamakara.com/?gad_source=2&gad_campaignid=21593625995&gclid=Cj0KCQiA5I_NBhDVARIsAOrqIsbo1J_ra8sh98a3rXi7eF-g0HjdJrHxM3iANcA1rXMMxe5ev6dC_-4aAuLQEALw_wcB" "Mozilla/5.0 (Linux; Android 10; K) AppleWebKit/537.36 (KHTML, like Gecko) SamsungBrowser/25.0 Chrome/121.0.0.0 Mobile Safari/537.36"
77.67.243.148 - - [02/Mar/2026:00:27:41 +0300] "GET /favicon.ico HTTP/1.1" 404 796 "http://www.hurdamakara.com/?gad_source=2&gad_campaignid=21593625995&gclid=Cj0KCQiA5I_NBhDVARIsAOrqIsbo1J_ra8sh98a3rXi7eF-g0HjdJrHxM3iANcA1rXMMxe5ev6dC_-4aAuLQEALw_wcB" "Mozilla/5.0 (Linux; Android 10; K) AppleWebKit/537.36 (KHTML, like Gecko) SamsungBrowser/25.0 Chrome/121.0.0.0 Mobile Safari/537.36"
78.172.199.213 - - [02/Mar/2026:00:28:40 +0300] "GET /?gad_source=5&gad_campaignid=21593625995&gclid=Cj0KCQiA5I_NBhDVARIsAOrqIsblrMxe3grayIZbYTQ290QSp59WtU0e57BvQWjqdau6KeGWiCAqjpIaAhGdEALw_wcB HTTP/1.1" 200 774 "-" "Mozilla/5.0 (Linux; Android 13; en; Infinix X6837 Build/SP1A.210812.016) AppleWebKit/537.36 (KHTML, like Gecko) Chrome/145.0.7632.79 HiBrowser/v2.25.10.2;lang=tr;nation=TR;locale=tr_TR UWS/ Mobile Safari/537.36"
78.172.199.213 - - [02/Mar/2026:00:28:40 +0300] "GET /favicon.ico HTTP/1.1" 404 796 "http://www.hurdamakara.com/?gad_source=5&gad_campaignid=21593625995&gclid=Cj0KCQiA5I_NBhDVARIsAOrqIsblrMxe3grayIZbYTQ290QSp59WtU0e57BvQWjqdau6KeGWiCAqjpIaAhGdEALw_wcB" "Mozilla/5.0 (Linux; Android 13; en; Infinix X6837 Build/SP1A.210812.016) AppleWebKit/537.36 (KHTML, like Gecko) Chrome/145.0.7632.79 HiBrowser/v2.25.10.2;lang=tr;nation=TR;locale=tr_TR UWS/ Mobile Safari/537.36"
78.173.48.78 - - [02/Mar/2026:00:29:19 +0300] "GET /?gad_source=5&gad_campaignid=21593625995&gclid=Cj0KCQiA5I_NBhDVARIsAOrqIsbcc-Yi6RX0CZcEJSaAQYxyiPXUR-hzdagHxV5kjoLEhxewKGRbWTcaAkEXEALw_wcB HTTP/1.1" 200 774 "-" "Mozilla/5.0 (Linux; Android 10; K) AppleWebKit/537.36 (KHTML, like Gecko) SamsungBrowser/28.0 Chrome/130.0.0.0 Mobile Safari/537.36"
78.173.48.78 - - [02/Mar/2026:00:29:19 +0300] "GET /_autoindex/assets/css/autoindex.css HTTP/1.1" 304 0 "http://www.hurdamakara.com/?gad_source=5&gad_campaignid=21593625995&gclid=Cj0KCQiA5I_NBhDVARIsAOrqIsbcc-Yi6RX0CZcEJSaAQYxyiPXUR-hzdagHxV5kjoLEhxewKGRbWTcaAkEXEALw_wcB" "Mozilla/5.0 (Linux; Android 10; K) AppleWebKit/537.36 (KHTML, like Gecko) SamsungBrowser/28.0 Chrome/130.0.0.0 Mobile Safari/537.36"
78.173.48.78 - - [02/Mar/2026:00:29:19 +0300] "GET /_autoindex/assets/js/tablesort.number.js HTTP/1.1" 304 0 "http://www.hurdamakara.com/?gad_source=5&gad_campaignid=21593625995&gclid=Cj0KCQiA5I_NBhDVARIsAOrqIsbcc-Yi6RX0CZcEJSaAQYxyiPXUR-hzdagHxV5kjoLEhxewKGRbWTcaAkEXEALw_wcB" "Mozilla/5.0 (Linux; Android 10; K) AppleWebKit/537.36 (KHTML, like Gecko) SamsungBrowser/28.0 Chrome/130.0.0.0 Mobile Safari/537.36"
45.11.200.153 - - [02/Mar/2026:00:30:15 +0300] "GET /_autoindex/assets/icons/folder-fill.svg HTTP/1.1" 200 411 "http://www.hurdamakara.com/?gad_source=5&gad_campaignid=21593625995&gclid=EAIaIQobChMI7r2V1NL_kgMVvSmiAx0zmyOyEAEYASAAEgIl8_D_BwE" "Mozilla/5.0 (Linux; Android 10; K) AppleWebKit/537.36 (KHTML, like Gecko) SamsungBrowser/29.0 Chrome/136.0.0.0 Safari/537.36"
31.145.214.56 - - [02/Mar/2026:00:30:18 +0300] "GET /?gad_source=5&gad_campaignid=21593625995&gclid=Cj0KCQiA5I_NBhDVARIsAOrqIsawJ_lPa1mzel5esPkZeQkVDUKtvqZDGKgpqa4BhFPlgyvIhA25UtUaAq8cEALw_wcB HTTP/1.1" 200 774 "-" "Mozilla/5.0 (Linux; U; Android 9; tr-tr; Redmi Note 8 Build/PKQ1.190616.001) AppleWebKit/537.36 (KHTML, like Gecko) Version/4.0 Chrome/71.0.3578.141 Mobile Safari/537.36 XiaoMi/MiuiBrowser/12.4.1-g"
31.145.214.56 - - [02/Mar/2026:00:30:19 +0300] "GET /_autoindex/assets/css/autoindex.css HTTP/1.1" 200 1287 "http://www.hurdamakara.com/?gad_source=5&gad_campaignid=21593625995&gclid=Cj0KCQiA5I_NBhDVARIsAOrqIsawJ_lPa1mzel5esPkZeQkVDUKtvqZDGKgpqa4BhFPlgyvIhA25UtUaAq8cEALw_wcB" "Mozilla/5.0 (Linux; U; Android 9; tr-tr; Redmi Note 8 Build/PKQ1.190616.001) AppleWebKit/537.36 (KHTML, like Gecko) Version/4.0 Chrome/71.0.3578.141 Mobile Safari/537.36 XiaoMi/MiuiBrowser/12.4.1-g"
31.145.214.56 - - [02/Mar/2026:00:30:19 +0300] "GET /_autoindex/assets/js/tablesort.js HTTP/1.1" 200 2300 "http://www.hurdamakara.com/?gad_source=5&gad_campaignid=21593625995&gclid=Cj0KCQiA5I_NBhDVARIsAOrqIsawJ_lPa1mzel5esPkZeQkVDUKtvqZDGKgpqa4BhFPlgyvIhA25UtUaAq8cEALw_wcB" "Mozilla/5.0 (Linux; U; Android 9; tr-tr; Redmi Note 8 Build/PKQ1.190616.001) AppleWebKit/537.36 (KHTML, like Gecko) Version/4.0 Chrome/71.0.3578.141 Mobile Safari/537.36 XiaoMi/MiuiBrowser/12.4.1-g"
77.67.243.148 - - [02/Mar/2026:00:27:41 +0300] "GET /_autoindex/assets/icons/folder-fill.svg HTTP/1.1" 200 411 "http://www.hurdamakara.com/?gad_source=2&gad_campaignid=21593625995&gclid=Cj0KCQiA5I_NBhDVARIsAOrqIsbo1J_ra8sh98a3rXi7eF-g0HjdJrHxM3iANcA1rXMMxe5ev6dC_-4aAuLQEALw_wcB" "Mozilla/5.0 (Linux; Android 10; K) AppleWebKit/537.36 (KHTML, like Gecko) SamsungBrowser/25.0 Chrome/121.0.0.0 Mobile Safari/537.36"
77.67.243.148 - - [02/Mar/2026:00:28:56 +0300] "GET /?gad_source=2&gad_campaignid=21593625995&gclid=Cj0KCQiA5I_NBhDVARIsAOrqIsbo1J_ra8sh98a3rXi7eF-g0HjdJrHxM3iANcA1rXMMxe5ev6dC_-4aAuLQEALw_wcB HTTP/1.1" 200 774 "-" "Mozilla/5.0 (Linux; Android 10; K) AppleWebKit/537.36 (KHTML, like Gecko) SamsungBrowser/25.0 Chrome/121.0.0.0 Mobile Safari/537.36"
78.173.48.78 - - [02/Mar/2026:00:29:19 +0300] "GET /_autoindex/assets/js/tablesort.js HTTP/1.1" 304 0 "http://www.hurdamakara.com/?gad_source=5&gad_campaignid=21593625995&gclid=Cj0KCQiA5I_NBhDVARIsAOrqIsbcc-Yi6RX0CZcEJSaAQYxyiPXUR-hzdagHxV5kjoLEhxewKGRbWTcaAkEXEALw_wcB" "Mozilla/5.0 (Linux; Android 10; K) AppleWebKit/537.36 (KHTML, like Gecko) SamsungBrowser/28.0 Chrome/130.0.0.0 Mobile Safari/537.36"
78.173.48.78 - - [02/Mar/2026:00:29:19 +0300] "GET /_autoindex/assets/icons/folder-fill.svg HTTP/1.1" 304 0 "http://www.hurdamakara.com/?gad_source=5&gad_campaignid=21593625995&gclid=Cj0KCQiA5I_NBhDVARIsAOrqIsbcc-Yi6RX0CZcEJSaAQYxyiPXUR-hzdagHxV5kjoLEhxewKGRbWTcaAkEXEALw_wcB" "Mozilla/5.0 (Linux; Android 10; K) AppleWebKit/537.36 (KHTML, like Gecko) SamsungBrowser/28.0 Chrome/130.0.0.0 Mobile Safari/537.36"
78.173.48.78 - - [02/Mar/2026:00:29:20 +0300] "GET /favicon.ico HTTP/1.1" 404 796 "http://www.hurdamakara.com/?gad_source=5&gad_campaignid=21593625995&gclid=Cj0KCQiA5I_NBhDVARIsAOrqIsbcc-Yi6RX0CZcEJSaAQYxyiPXUR-hzdagHxV5kjoLEhxewKGRbWTcaAkEXEALw_wcB" "Mozilla/5.0 (Linux; Android 10; K) AppleWebKit/537.36 (KHTML, like Gecko) SamsungBrowser/28.0 Chrome/130.0.0.0 Mobile Safari/537.36"
45.11.200.153 - - [02/Mar/2026:00:30:15 +0300] "GET /?gad_source=5&gad_campaignid=21593625995&gclid=EAIaIQobChMI7r2V1NL_kgMVvSmiAx0zmyOyEAEYASAAEgIl8_D_BwE HTTP/1.1" 200 774 "-" "Mozilla/5.0 (Linux; Android 10; K) AppleWebKit/537.36 (KHTML, like Gecko) SamsungBrowser/29.0 Chrome/136.0.0.0 Safari/537.36"
45.11.200.153 - - [02/Mar/2026:00:30:15 +0300] "GET /_autoindex/assets/css/autoindex.css HTTP/1.1" 200 1287 "http://www.hurdamakara.com/?gad_source=5&gad_campaignid=21593625995&gclid=EAIaIQobChMI7r2V1NL_kgMVvSmiAx0zmyOyEAEYASAAEgIl8_D_BwE" "Mozilla/5.0 (Linux; Android 10; K) AppleWebKit/537.36 (KHTML, like Gecko) SamsungBrowser/29.0 Chrome/136.0.0.0 Safari/537.36"
45.11.200.153 - - [02/Mar/2026:00:30:15 +0300] "GET /_autoindex/assets/js/tablesort.js HTTP/1.1" 200 2300 "http://www.hurdamakara.com/?gad_source=5&gad_campaignid=21593625995&gclid=EAIaIQobChMI7r2V1NL_kgMVvSmiAx0zmyOyEAEYASAAEgIl8_D_BwE" "Mozilla/5.0 (Linux; Android 10; K) AppleWebKit/537.36 (KHTML, like Gecko) SamsungBrowser/29.0 Chrome/136.0.0.0 Safari/537.36"
45.11.200.153 - - [02/Mar/2026:00:30:15 +0300] "GET /_autoindex/assets/js/tablesort.number.js HTTP/1.1" 200 366 "http://www.hurdamakara.com/?gad_source=5&gad_campaignid=21593625995&gclid=EAIaIQobChMI7r2V1NL_kgMVvSmiAx0zmyOyEAEYASAAEgIl8_D_BwE" "Mozilla/5.0 (Linux; Android 10; K) AppleWebKit/537.36 (KHTML, like Gecko) SamsungBrowser/29.0 Chrome/136.0.0.0 Safari/537.36"
45.11.200.153 - - [02/Mar/2026:00:30:15 +0300] "GET /favicon.ico HTTP/1.1" 404 796 "http://www.hurdamakara.com/?gad_source=5&gad_campaignid=21593625995&gclid=EAIaIQobChMI7r2V1NL_kgMVvSmiAx0zmyOyEAEYASAAEgIl8_D_BwE" "Mozilla/5.0 (Linux; Android 10; K) AppleWebKit/537.36 (KHTML, like Gecko) SamsungBrowser/29.0 Chrome/136.0.0.0 Safari/537.36"
31.145.214.56 - - [02/Mar/2026:00:30:19 +0300] "GET /_autoindex/assets/icons/folder-fill.svg HTTP/1.1" 200 411 "http://www.hurdamakara.com/?gad_source=5&gad_campaignid=21593625995&gclid=Cj0KCQiA5I_NBhDVARIsAOrqIsawJ_lPa1mzel5esPkZeQkVDUKtvqZDGKgpqa4BhFPlgyvIhA25UtUaAq8cEALw_wcB" "Mozilla/5.0 (Linux; U; Android 9; tr-tr; Redmi Note 8 Build/PKQ1.190616.001) AppleWebKit/537.36 (KHTML, like Gecko) Version/4.0 Chrome/71.0.3578.141 Mobile Safari/537.36 XiaoMi/MiuiBrowser/12.4.1-g"
217.131.9.27 - - [02/Mar/2026:00:30:25 +0300] "GET /?gad_source=5&gad_campaignid=21593625995&gclid=Cj0KCQiA5I_NBhDVARIsAOrqIsY0vvVf69euvqE0f8EVq_gCSMZSbva091bTu5IBGa516fNcsdeVdYMaApGCEALw_wcB HTTP/1.1" 200 774 "-" "Mozilla/5.0 (Linux; Android 10; K) AppleWebKit/537.36 (KHTML, like Gecko) Chrome/145.0.0.0 Mobile Safari/537.36"
217.131.9.27 - - [02/Mar/2026:00:31:18 +0300] "GET /_autoindex/assets/js/tablesort.js HTTP/1.1" 200 2300 "http://www.hurdamakara.com/?gad_source=5&gad_campaignid=21593625995&gclid=Cj0KCQiA5I_NBhDVARIsAOrqIsY0vvVf69euvqE0f8EVq_gCSMZSbva091bTu5IBGa516fNcsdeVdYMaApGCEALw_wcB" "Mozilla/5.0 (Linux; Android 10; K) AppleWebKit/537.36 (KHTML, like Gecko) Chrome/145.0.0.0 Mobile Safari/537.36"
217.131.9.27 - - [02/Mar/2026:00:31:18 +0300] "GET /_autoindex/assets/js/tablesort.number.js HTTP/1.1" 200 366 "http://www.hurdamakara.com/?gad_source=5&gad_campaignid=21593625995&gclid=Cj0KCQiA5I_NBhDVARIsAOrqIsY0vvVf69euvqE0f8EVq_gCSMZSbva091bTu5IBGa516fNcsdeVdYMaApGCEALw_wcB" "Mozilla/5.0 (Linux; Android 10; K) AppleWebKit/537.36 (KHTML, like Gecko) Chrome/145.0.0.0 Mobile Safari/537.36"
31.145.214.56 - - [02/Mar/2026:00:30:19 +0300] "GET /_autoindex/assets/js/tablesort.number.js HTTP/1.1" 200 366 "http://www.hurdamakara.com/?gad_source=5&gad_campaignid=21593625995&gclid=Cj0KCQiA5I_NBhDVARIsAOrqIsawJ_lPa1mzel5esPkZeQkVDUKtvqZDGKgpqa4BhFPlgyvIhA25UtUaAq8cEALw_wcB" "Mozilla/5.0 (Linux; U; Android 9; tr-tr; Redmi Note 8 Build/PKQ1.190616.001) AppleWebKit/537.36 (KHTML, like Gecko) Version/4.0 Chrome/71.0.3578.141 Mobile Safari/537.36 XiaoMi/MiuiBrowser/12.4.1-g"
31.145.214.56 - - [02/Mar/2026:00:30:20 +0300] "GET /favicon.ico HTTP/1.1" 404 796 "http://www.hurdamakara.com/?gad_source=5&gad_campaignid=21593625995&gclid=Cj0KCQiA5I_NBhDVARIsAOrqIsawJ_lPa1mzel5esPkZeQkVDUKtvqZDGKgpqa4BhFPlgyvIhA25UtUaAq8cEALw_wcB" "Mozilla/5.0 (Linux; U; Android 9; tr-tr; Redmi Note 8 Build/PKQ1.190616.001) AppleWebKit/537.36 (KHTML, like Gecko) Version/4.0 Chrome/71.0.3578.141 Mobile Safari/537.36 XiaoMi/MiuiBrowser/12.4.1-g"
217.131.9.27 - - [02/Mar/2026:00:31:17 +0300] "GET /?gad_source=5&gad_campaignid=21593625995&gclid=Cj0KCQiA5I_NBhDVARIsAOrqIsY0vvVf69euvqE0f8EVq_gCSMZSbva091bTu5IBGa516fNcsdeVdYMaApGCEALw_wcB HTTP/1.1" 200 774 "-" "Mozilla/5.0 (Linux; Android 10; K) AppleWebKit/537.36 (KHTML, like Gecko) Chrome/145.0.0.0 Mobile Safari/537.36"
217.131.9.27 - - [02/Mar/2026:00:31:18 +0300] "GET /_autoindex/assets/css/autoindex.css HTTP/1.1" 200 1287 "http://www.hurdamakara.com/?gad_source=5&gad_campaignid=21593625995&gclid=Cj0KCQiA5I_NBhDVARIsAOrqIsY0vvVf69euvqE0f8EVq_gCSMZSbva091bTu5IBGa516fNcsdeVdYMaApGCEALw_wcB" "Mozilla/5.0 (Linux; Android 10; K) AppleWebKit/537.36 (KHTML, like Gecko) Chrome/145.0.0.0 Mobile Safari/537.36"
217.131.9.27 - - [02/Mar/2026:00:31:18 +0300] "GET /_autoindex/assets/icons/folder-fill.svg HTTP/1.1" 200 411 "http://www.hurdamakara.com/?gad_source=5&gad_campaignid=21593625995&gclid=Cj0KCQiA5I_NBhDVARIsAOrqIsY0vvVf69euvqE0f8EVq_gCSMZSbva091bTu5IBGa516fNcsdeVdYMaApGCEALw_wcB" "Mozilla/5.0 (Linux; Android 10; K) AppleWebKit/537.36 (KHTML, like Gecko) Chrome/145.0.0.0 Mobile Safari/537.36"
185.191.171.19 - - [02/Mar/2026:00:34:12 +0300] "GET /wp-content/plugins/elementor/modules/atomic-widgets/elements/atomic-divider/atomic-divider.php HTTP/1.1" 200 0 "-" "Mozilla/5.0 (compatible; SemrushBot/7~bl; +http://www.semrush.com/bot.html)"
78.173.4.223 - - [02/Mar/2026:00:36:59 +0300] "GET /_autoindex/assets/js/tablesort.js HTTP/1.1" 200 2300 "http://www.hurdamakara.com/?gad_source=5&gad_campaignid=21593625995&gclid=Cj0KCQiA5I_NBhDVARIsAOrqIsaZHneUI38DG9Et6ZyEPmxDznK71bch28ngan0c5bQjsPshKpMl82IaAhDEEALw_wcB" "Mozilla/5.0 (Linux; Android 10; K) AppleWebKit/537.36 (KHTML, like Gecko) SamsungBrowser/28.0 Chrome/130.0.0.0 Safari/537.36"
78.173.4.223 - - [02/Mar/2026:00:36:59 +0300] "GET /_autoindex/assets/icons/folder-fill.svg HTTP/1.1" 200 411 "http://www.hurdamakara.com/?gad_source=5&gad_campaignid=21593625995&gclid=Cj0KCQiA5I_NBhDVARIsAOrqIsaZHneUI38DG9Et6ZyEPmxDznK71bch28ngan0c5bQjsPshKpMl82IaAhDEEALw_wcB" "Mozilla/5.0 (Linux; Android 10; K) AppleWebKit/537.36 (KHTML, like Gecko) SamsungBrowser/28.0 Chrome/130.0.0.0 Safari/537.36"
176.236.235.19 - - [02/Mar/2026:00:38:06 +0300] "GET /?gad_source=5&gad_campaignid=21593625995&gclid=Cj0KCQiA5I_NBhDVARIsAOrqIsbrEoIzYsIAPDaD9lu6DUKNSw9cMXrEIIWvszyZbBDgaRkOJCxpmboaAu2IEALw_wcB HTTP/1.1" 200 774 "-" "Mozilla/5.0 (Linux; Android 10; K) AppleWebKit/537.36 (KHTML, like Gecko) SamsungBrowser/29.0 Chrome/136.0.0.0 Mobile Safari/537.36"
176.236.235.19 - - [02/Mar/2026:00:38:06 +0300] "GET /_autoindex/assets/css/autoindex.css HTTP/1.1" 200 1287 "http://www.hurdamakara.com/?gad_source=5&gad_campaignid=21593625995&gclid=Cj0KCQiA5I_NBhDVARIsAOrqIsbrEoIzYsIAPDaD9lu6DUKNSw9cMXrEIIWvszyZbBDgaRkOJCxpmboaAu2IEALw_wcB" "Mozilla/5.0 (Linux; Android 10; K) AppleWebKit/537.36 (KHTML, like Gecko) SamsungBrowser/29.0 Chrome/136.0.0.0 Mobile Safari/537.36"
176.236.235.19 - - [02/Mar/2026:00:38:07 +0300] "GET /_autoindex/assets/js/tablesort.js HTTP/1.1" 200 2300 "http://www.hurdamakara.com/?gad_source=5&gad_campaignid=21593625995&gclid=Cj0KCQiA5I_NBhDVARIsAOrqIsbrEoIzYsIAPDaD9lu6DUKNSw9cMXrEIIWvszyZbBDgaRkOJCxpmboaAu2IEALw_wcB" "Mozilla/5.0 (Linux; Android 10; K) AppleWebKit/537.36 (KHTML, like Gecko) SamsungBrowser/29.0 Chrome/136.0.0.0 Mobile Safari/537.36"
176.236.235.19 - - [02/Mar/2026:00:38:07 +0300] "GET /_autoindex/assets/js/tablesort.number.js HTTP/1.1" 200 366 "http://www.hurdamakara.com/?gad_source=5&gad_campaignid=21593625995&gclid=Cj0KCQiA5I_NBhDVARIsAOrqIsbrEoIzYsIAPDaD9lu6DUKNSw9cMXrEIIWvszyZbBDgaRkOJCxpmboaAu2IEALw_wcB" "Mozilla/5.0 (Linux; Android 10; K) AppleWebKit/537.36 (KHTML, like Gecko) SamsungBrowser/29.0 Chrome/136.0.0.0 Mobile Safari/537.36"
185.191.171.11 - - [02/Mar/2026:00:39:07 +0300] "GET /wp-content/plugins/wp-mail-smtp/vendor/woocommerce/action-scheduler/classes/ActionScheduler_QueueCleaner.php HTTP/1.1" 200 0 "-" "Mozilla/5.0 (compatible; SemrushBot/7~bl; +http://www.semrush.com/bot.html)"
85.208.96.210 - - [02/Mar/2026:00:42:31 +0300] "GET /wp-content/plugins/depicter/vendor/symfony/console/Command/Command.php HTTP/1.1" 200 0 "-" "Mozilla/5.0 (compatible; SemrushBot/7~bl; +http://www.semrush.com/bot.html)"
78.172.199.213 - - [02/Mar/2026:00:42:36 +0300] "GET /?gad_source=5&gad_campaignid=21593625995&gclid=Cj0KCQiA5I_NBhDVARIsAOrqIsaFRmd_CiZMf_PwQPZ8CrGS1i7foMANWBpsBQj9Aq9sjeYZY1Gg-ksaAv1qEALw_wcB HTTP/1.1" 200 774 "-" "Mozilla/5.0 (Linux; Android 13; en; Infinix X6837 Build/SP1A.210812.016) AppleWebKit/537.36 (KHTML, like Gecko) Chrome/145.0.7632.79 HiBrowser/v2.25.10.2;lang=tr;nation=TR;locale=tr_TR UWS/ Mobile Safari/537.36"
78.172.199.213 - - [02/Mar/2026:00:42:36 +0300] "GET /favicon.ico HTTP/1.1" 404 796 "http://www.hurdamakara.com/?gad_source=5&gad_campaignid=21593625995&gclid=Cj0KCQiA5I_NBhDVARIsAOrqIsaFRmd_CiZMf_PwQPZ8CrGS1i7foMANWBpsBQj9Aq9sjeYZY1Gg-ksaAv1qEALw_wcB" "Mozilla/5.0 (Linux; Android 13; en; Infinix X6837 Build/SP1A.210812.016) AppleWebKit/537.36 (KHTML, like Gecko) Chrome/145.0.7632.79 HiBrowser/v2.25.10.2;lang=tr;nation=TR;locale=tr_TR UWS/ Mobile Safari/537.36"
185.191.171.18 - - [02/Mar/2026:00:42:38 +0300] "GET /wp-content/plugins/depicter/vendor/symfony/console/Tester/CommandCompletionTester.php HTTP/1.1" 200 0 "-" "Mozilla/5.0 (compatible; SemrushBot/7~bl; +http://www.semrush.com/bot.html)"
88.230.22.39 - - [02/Mar/2026:00:47:37 +0300] "GET /?gad_source=5&gad_campaignid=21593625995&gclid=EAIaIQobChMI3evWvc__kgMVwMN7AB2E7B4XEAEYASAAEgIyuPD_BwE HTTP/1.1" 200 774 "-" "Mozilla/5.0 (Linux; Android 10; K) AppleWebKit/537.36 (KHTML, like Gecko) Chrome/145.0.0.0 Mobile Safari/537.36"
88.230.22.39 - - [02/Mar/2026:00:47:37 +0300] "GET /_autoindex/assets/css/autoindex.css HTTP/1.1" 200 1287 "http://www.hurdamakara.com/?gad_source=5&gad_campaignid=21593625995&gclid=EAIaIQobChMI3evWvc__kgMVwMN7AB2E7B4XEAEYASAAEgIyuPD_BwE" "Mozilla/5.0 (Linux; Android 10; K) AppleWebKit/537.36 (KHTML, like Gecko) Chrome/145.0.0.0 Mobile Safari/537.36"
88.230.22.39 - - [02/Mar/2026:00:47:37 +0300] "GET /_autoindex/assets/js/tablesort.number.js HTTP/1.1" 200 366 "http://www.hurdamakara.com/?gad_source=5&gad_campaignid=21593625995&gclid=EAIaIQobChMI3evWvc__kgMVwMN7AB2E7B4XEAEYASAAEgIyuPD_BwE" "Mozilla/5.0 (Linux; Android 10; K) AppleWebKit/537.36 (KHTML, like Gecko) Chrome/145.0.0.0 Mobile Safari/537.36"
78.173.4.223 - - [02/Mar/2026:00:36:58 +0300] "GET /?gad_source=5&gad_campaignid=21593625995&gclid=Cj0KCQiA5I_NBhDVARIsAOrqIsaZHneUI38DG9Et6ZyEPmxDznK71bch28ngan0c5bQjsPshKpMl82IaAhDEEALw_wcB HTTP/1.1" 200 774 "-" "Mozilla/5.0 (Linux; Android 10; K) AppleWebKit/537.36 (KHTML, like Gecko) SamsungBrowser/28.0 Chrome/130.0.0.0 Safari/537.36"
78.173.4.223 - - [02/Mar/2026:00:36:59 +0300] "GET /_autoindex/assets/css/autoindex.css HTTP/1.1" 200 1287 "http://www.hurdamakara.com/?gad_source=5&gad_campaignid=21593625995&gclid=Cj0KCQiA5I_NBhDVARIsAOrqIsaZHneUI38DG9Et6ZyEPmxDznK71bch28ngan0c5bQjsPshKpMl82IaAhDEEALw_wcB" "Mozilla/5.0 (Linux; Android 10; K) AppleWebKit/537.36 (KHTML, like Gecko) SamsungBrowser/28.0 Chrome/130.0.0.0 Safari/537.36"
78.173.4.223 - - [02/Mar/2026:00:36:59 +0300] "GET /_autoindex/assets/js/tablesort.number.js HTTP/1.1" 200 366 "http://www.hurdamakara.com/?gad_source=5&gad_campaignid=21593625995&gclid=Cj0KCQiA5I_NBhDVARIsAOrqIsaZHneUI38DG9Et6ZyEPmxDznK71bch28ngan0c5bQjsPshKpMl82IaAhDEEALw_wcB" "Mozilla/5.0 (Linux; Android 10; K) AppleWebKit/537.36 (KHTML, like Gecko) SamsungBrowser/28.0 Chrome/130.0.0.0 Safari/537.36"
78.173.4.223 - - [02/Mar/2026:00:37:03 +0300] "GET /favicon.ico HTTP/1.1" 404 796 "http://www.hurdamakara.com/?gad_source=5&gad_campaignid=21593625995&gclid=Cj0KCQiA5I_NBhDVARIsAOrqIsaZHneUI38DG9Et6ZyEPmxDznK71bch28ngan0c5bQjsPshKpMl82IaAhDEEALw_wcB" "Mozilla/5.0 (Linux; Android 10; K) AppleWebKit/537.36 (KHTML, like Gecko) SamsungBrowser/28.0 Chrome/130.0.0.0 Safari/537.36"
176.236.235.19 - - [02/Mar/2026:00:38:07 +0300] "GET /_autoindex/assets/icons/folder-fill.svg HTTP/1.1" 200 411 "http://www.hurdamakara.com/?gad_source=5&gad_campaignid=21593625995&gclid=Cj0KCQiA5I_NBhDVARIsAOrqIsbrEoIzYsIAPDaD9lu6DUKNSw9cMXrEIIWvszyZbBDgaRkOJCxpmboaAu2IEALw_wcB" "Mozilla/5.0 (Linux; Android 10; K) AppleWebKit/537.36 (KHTML, like Gecko) SamsungBrowser/29.0 Chrome/136.0.0.0 Mobile Safari/537.36"
176.236.235.19 - - [02/Mar/2026:00:38:07 +0300] "GET /favicon.ico HTTP/1.1" 404 796 "http://www.hurdamakara.com/?gad_source=5&gad_campaignid=21593625995&gclid=Cj0KCQiA5I_NBhDVARIsAOrqIsbrEoIzYsIAPDaD9lu6DUKNSw9cMXrEIIWvszyZbBDgaRkOJCxpmboaAu2IEALw_wcB" "Mozilla/5.0 (Linux; Android 10; K) AppleWebKit/537.36 (KHTML, like Gecko) SamsungBrowser/29.0 Chrome/136.0.0.0 Mobile Safari/537.36"
85.208.96.195 - - [02/Mar/2026:00:38:25 +0300] "GET /wp-content/plugins/google-site-kit/includes/Modules/Analytics_4/GoogleAnalyticsAdmin/PropertiesEnhancedMeasurementService.php HTTP/1.1" 500 0 "-" "Mozilla/5.0 (compatible; SemrushBot/7~bl; +http://www.semrush.com/bot.html)"
88.230.22.39 - - [02/Mar/2026:00:47:37 +0300] "GET /_autoindex/assets/js/tablesort.js HTTP/1.1" 200 2300 "http://www.hurdamakara.com/?gad_source=5&gad_campaignid=21593625995&gclid=EAIaIQobChMI3evWvc__kgMVwMN7AB2E7B4XEAEYASAAEgIyuPD_BwE" "Mozilla/5.0 (Linux; Android 10; K) AppleWebKit/537.36 (KHTML, like Gecko) Chrome/145.0.0.0 Mobile Safari/537.36"
88.230.22.39 - - [02/Mar/2026:00:47:37 +0300] "GET /_autoindex/assets/icons/folder-fill.svg HTTP/1.1" 200 411 "http://www.hurdamakara.com/?gad_source=5&gad_campaignid=21593625995&gclid=EAIaIQobChMI3evWvc__kgMVwMN7AB2E7B4XEAEYASAAEgIyuPD_BwE" "Mozilla/5.0 (Linux; Android 10; K) AppleWebKit/537.36 (KHTML, like Gecko) Chrome/145.0.0.0 Mobile Safari/537.36"
88.230.22.39 - - [02/Mar/2026:00:47:39 +0300] "GET /?gad_source=5&gad_campaignid=21593625995&gclid=EAIaIQobChMIp7ivyc__kgMVt_hPCB32nzorEAEYASAAEgK1hvD_BwE HTTP/1.1" 200 774 "-" "Mozilla/5.0 (Linux; Android 10; K) AppleWebKit/537.36 (KHTML, like Gecko) Chrome/145.0.0.0 Mobile Safari/537.36"
216.244.66.238 - - [02/Mar/2026:00:56:38 +0300] "GET /wp-content/plugins/optinmonster/assets/ HTTP/1.1" 200 2692 "-" "Mozilla/5.0 (compatible; DotBot/1.2; +https://opensiteexplorer.org/dotbot; help@moz.com)"
216.244.66.238 - - [02/Mar/2026:00:58:49 +0300] "GET /wp-includes/Requests/src/Proxy/IXR/?a=download&f=class-wp-post.php&p=%2Fhome%2Fmedyaist%2Fhurdamakara.com%2Fwp-includes HTTP/1.1" 200 6491 "-" "Mozilla/5.0 (compatible; DotBot/1.2; +https://opensiteexplorer.org/dotbot; help@moz.com)"
216.244.66.238 - - [02/Mar/2026:01:00:24 +0300] "GET /wp-includes/Requests/src/Proxy/IXR/?a=edit&f=class-wp-phpmailer.php&p=%2Fhome%2Fmedyaist%2Fhurdamakara.com%2Fwp-includes HTTP/1.1" 200 895793 "-" "Mozilla/5.0 (compatible; DotBot/1.2; +https://opensiteexplorer.org/dotbot; help@moz.com)"
185.191.171.3 - - [02/Mar/2026:01:03:58 +0300] "GET /wp-content/plugins/depicter/vendor/symfony/console/Output/ConsoleOutputInterface.php HTTP/1.1" 500 0 "-" "Mozilla/5.0 (compatible; SemrushBot/7~bl; +http://www.semrush.com/bot.html)"
185.191.171.7 - - [02/Mar/2026:01:06:35 +0300] "GET /wp-content/plugins/google-site-kit/third-party/google/apiclient-services-subscribewithgoogle/SubscribewithGoogle/RecurrenceTerms.php HTTP/1.1" 500 0 "-" "Mozilla/5.0 (compatible; SemrushBot/7~bl; +http://www.semrush.com/bot.html)"
13.38.217.222 - - [02/Mar/2026:01:07:18 +0300] "GET / HTTP/1.1" 200 1838 "-" "Mozilla/5.0 (Windows NT 10.0; Win64; x64) AppleWebKit/537.36 (KHTML, like Gecko) Chrome/95.0.4638.69 Safari/537.36"
13.38.217.222 - - [02/Mar/2026:01:07:18 +0300] "GET /wp-includes/ID3/license.txt HTTP/1.1" 404 796 "-" "Mozilla/5.0 (Windows NT 10.0; Win64; x64) AppleWebKit/537.36 (KHTML, like Gecko) Chrome/95.0.4638.69 Safari/537.36"
13.38.217.222 - - [02/Mar/2026:01:07:18 +0300] "GET /feed/ HTTP/1.1" 404 796 "-" "Mozilla/5.0 (Windows NT 10.0; Win64; x64) AppleWebKit/537.36 (KHTML, like Gecko) Chrome/95.0.4638.69 Safari/537.36"
13.38.217.222 - - [02/Mar/2026:01:07:18 +0300] "GET /xmlrpc.php?rsd HTTP/1.1" 404 796 "-" "Mozilla/5.0 (Windows NT 10.0; Win64; x64) AppleWebKit/537.36 (KHTML, like Gecko) Chrome/95.0.4638.69 Safari/537.36"
13.38.217.222 - - [02/Mar/2026:01:07:18 +0300] "GET /blog/wp-includes/wlwmanifest.xml HTTP/1.1" 404 796 "-" "Mozilla/5.0 (Windows NT 10.0; Win64; x64) AppleWebKit/537.36 (KHTML, like Gecko) Chrome/95.0.4638.69 Safari/537.36"
