PHP 8.2.29
Preview: vetplusveteriner.com.medyaistan.com Size: 64.09 KB
/home/medyaist/access-logs/vetplusveteriner.com.medyaistan.com
216.244.66.243 - - [01/Mar/2026:14:28:20 +0300] "GET /robots.txt HTTP/1.1" 404 796 "-" "Mozilla/5.0 (compatible; DotBot/1.2; +https://opensiteexplorer.org/dotbot; help@moz.com)"
216.244.66.243 - - [01/Mar/2026:14:31:30 +0300] "GET /wp-content/themes/twentytwentyfive/patterns/services-team-photos.php HTTP/1.1" 200 551 "-" "Mozilla/5.0 (compatible; DotBot/1.2; +https://opensiteexplorer.org/dotbot; help@moz.com)"
216.244.66.243 - - [01/Mar/2026:14:31:38 +0300] "GET /wp-content/themes/twentytwentyfive/?MD HTTP/1.1" 200 4968 "-" "Mozilla/5.0 (compatible; DotBot/1.2; +https://opensiteexplorer.org/dotbot; help@moz.com)"
216.244.66.243 - - [01/Mar/2026:14:31:41 +0300] "GET /wp-content/uploads/2025/12/?MA HTTP/1.1" 200 1399 "-" "Mozilla/5.0 (compatible; DotBot/1.2; +https://opensiteexplorer.org/dotbot; help@moz.com)"
216.244.66.243 - - [01/Mar/2026:14:31:46 +0300] "GET /wp-includes/SimplePie/src/XML/Declaration/?MD HTTP/1.1" 200 1713 "-" "Mozilla/5.0 (compatible; DotBot/1.2; +https://opensiteexplorer.org/dotbot; help@moz.com)"
3.210.185.104 - - [01/Mar/2026:14:16:16 +0300] "GET / HTTP/1.1" 200 1502 "-" "Mozilla/5.0 (Windows NT 10.0; Win64; x64) AppleWebKit/537.36 (KHTML, like Gecko) Chrome/125.0.0.0 Safari/537.36"
216.244.66.243 - - [01/Mar/2026:14:31:24 +0300] "GET /wp-content/themes/twentytwentyfive/assets/css/ HTTP/1.1" 200 1753 "-" "Mozilla/5.0 (compatible; DotBot/1.2; +https://opensiteexplorer.org/dotbot; help@moz.com)"
216.244.66.243 - - [01/Mar/2026:14:31:35 +0300] "GET /wp-includes/js/dist/script-modules/block-editor/utils/ HTTP/1.1" 200 2127 "-" "Mozilla/5.0 (compatible; DotBot/1.2; +https://opensiteexplorer.org/dotbot; help@moz.com)"
216.244.66.243 - - [01/Mar/2026:14:31:44 +0300] "GET /wp-includes/js/tinymce/themes/?MD HTTP/1.1" 200 1907 "-" "Mozilla/5.0 (compatible; DotBot/1.2; +https://opensiteexplorer.org/dotbot; help@moz.com)"
43.135.36.201 - - [01/Mar/2026:14:55:22 +0300] "GET / HTTP/1.1" 200 1506 "-" "Mozilla/5.0 (iPhone; CPU iPhone OS 13_2_3 like Mac OS X) AppleWebKit/605.1.15 (KHTML, like Gecko) Version/13.0.3 Mobile/15E148 Safari/604.1"
216.244.66.243 - - [01/Mar/2026:15:16:41 +0300] "GET /wp-content/themes/twentytwentyfive/patterns/cta-newsletter.php HTTP/1.1" 200 1083 "-" "Mozilla/5.0 (compatible; DotBot/1.2; +https://opensiteexplorer.org/dotbot; help@moz.com)"
216.244.66.243 - - [01/Mar/2026:15:16:50 +0300] "GET /wp-content/themes/twentytwentyfive/patterns/template-search-news-blog.php HTTP/1.1" 200 1046 "-" "Mozilla/5.0 (compatible; DotBot/1.2; +https://opensiteexplorer.org/dotbot; help@moz.com)"
216.244.66.243 - - [01/Mar/2026:15:16:55 +0300] "GET /wp-includes/SimplePie/library/SimplePie/?NA HTTP/1.1" 200 9931 "-" "Mozilla/5.0 (compatible; DotBot/1.2; +https://opensiteexplorer.org/dotbot; help@moz.com)"
216.244.66.243 - - [01/Mar/2026:15:16:57 +0300] "GET /wp-content/themes/twentytwentyfive/parts/?MA HTTP/1.1" 200 4144 "-" "Mozilla/5.0 (compatible; DotBot/1.2; +https://opensiteexplorer.org/dotbot; help@moz.com)"
216.244.66.243 - - [01/Mar/2026:15:16:59 +0300] "GET /wp-content/themes/twentytwentythree/parts/?SA HTTP/1.1" 200 2291 "-" "Mozilla/5.0 (compatible; DotBot/1.2; +https://opensiteexplorer.org/dotbot; help@moz.com)"
216.244.66.243 - - [01/Mar/2026:15:13:34 +0300] "GET /robots.txt HTTP/1.1" 404 796 "-" "Mozilla/5.0 (compatible; DotBot/1.2; +https://opensiteexplorer.org/dotbot; help@moz.com)"
216.244.66.243 - - [01/Mar/2026:15:16:35 +0300] "GET /wp-content/themes/twentytwentyfive/patterns/cta-grid-products-link.php HTTP/1.1" 200 676 "-" "Mozilla/5.0 (compatible; DotBot/1.2; +https://opensiteexplorer.org/dotbot; help@moz.com)"
216.244.66.243 - - [01/Mar/2026:15:16:45 +0300] "GET /wp-content/themes/twentytwentyfive/patterns/post-navigation.php HTTP/1.1" 200 323 "-" "Mozilla/5.0 (compatible; DotBot/1.2; +https://opensiteexplorer.org/dotbot; help@moz.com)"
216.244.66.243 - - [01/Mar/2026:15:16:53 +0300] "GET /wp-content/themes/twentytwentyfive/patterns/template-search-vertical-header-blog.php HTTP/1.1" 200 1920 "-" "Mozilla/5.0 (compatible; DotBot/1.2; +https://opensiteexplorer.org/dotbot; help@moz.com)"
216.244.66.243 - - [01/Mar/2026:15:17:01 +0300] "GET /wp-content/themes/ziggy/woocommerce/cart/?ND HTTP/1.1" 200 1440 "-" "Mozilla/5.0 (compatible; DotBot/1.2; +https://opensiteexplorer.org/dotbot; help@moz.com)"
89.252.162.138 - - [01/Mar/2026:15:28:04 +0300] "GET /.well-known/acme-challenge/2LQ42YL_TOA63Y_MNDMH2DS3EK_UC9V9 HTTP/1.1" 200 64 "-" "Cpanel-HTTP-Client/1.0"
89.252.162.138 - - [01/Mar/2026:15:28:06 +0300] "GET /.well-known/acme-challenge/BQ-HB3P6YF6JEY9-8BRCQ25SGB67KQ71 HTTP/1.1" 200 64 "-" "Cpanel-HTTP-Client/1.0"
89.252.162.138 - - [01/Mar/2026:15:28:06 +0300] "GET /.well-known/acme-challenge/VEIKQCZUK6DO5TO-KSIJAHGWLY9QAR3- HTTP/1.1" 200 64 "-" "Cpanel-HTTP-Client/1.0"
89.252.162.138 - - [01/Mar/2026:15:28:07 +0300] "GET /.well-known/acme-challenge/K1-4_L1OHCGK0WN-2FTA4XBQNLWYXRS5 HTTP/1.1" 200 64 "-" "Cpanel-HTTP-Client/1.0"
198.235.24.124 - - [01/Mar/2026:15:48:31 +0300] "GET /.well-known/security.txt HTTP/1.1" 404 796 "-" "Hello from Palo Alto Networks, find out more about our scans in https://docs-cortex.paloaltonetworks.com/r/1/Cortex-Xpanse/Scanning-activity"
216.244.66.243 - - [01/Mar/2026:16:00:14 +0300] "GET /wp-includes/js/tinymce/langs/?NA HTTP/1.1" 200 1679 "-" "Mozilla/5.0 (compatible; DotBot/1.2; +https://opensiteexplorer.org/dotbot; help@moz.com)"
216.244.66.243 - - [01/Mar/2026:16:00:31 +0300] "GET /wp-includes/js/tinymce/plugins/textcolor/?SA HTTP/1.1" 200 1993 "-" "Mozilla/5.0 (compatible; DotBot/1.2; +https://opensiteexplorer.org/dotbot; help@moz.com)"
216.244.66.243 - - [01/Mar/2026:16:40:53 +0300] "GET /robots.txt HTTP/1.1" 404 796 "-" "Mozilla/5.0 (compatible; DotBot/1.2; +https://opensiteexplorer.org/dotbot; help@moz.com)"
216.244.66.243 - - [01/Mar/2026:16:43:57 +0300] "GET /wp-content/themes/twentytwentyfour/styles/mint.json HTTP/1.1" 200 3789 "-" "Mozilla/5.0 (compatible; DotBot/1.2; +https://opensiteexplorer.org/dotbot; help@moz.com)"
89.252.162.138 - - [01/Mar/2026:15:28:03 +0300] "GET /.well-known/acme-challenge/Y9ZHZ4ICYJJRQ5KXFCMV_4ZAU6A_2X51 HTTP/1.1" 200 64 "-" "Cpanel-HTTP-Client/1.0"
89.252.162.138 - - [01/Mar/2026:15:28:04 +0300] "GET /.well-known/acme-challenge/KUNONYOYYYYN89SC2GNOIHCG918EZ0AQ HTTP/1.1" 200 64 "-" "Cpanel-HTTP-Client/1.0"
89.252.162.138 - - [01/Mar/2026:15:28:06 +0300] "GET /.well-known/acme-challenge/X9K7WJ822FH252_UHBRR0X7VZ37EYJZ3 HTTP/1.1" 200 64 "-" "Cpanel-HTTP-Client/1.0"
89.252.162.138 - - [01/Mar/2026:15:28:07 +0300] "GET /.well-known/acme-challenge/JGUQ1EQPCQI8XQ5VU3FVY-Q8P8GV2MR7 HTTP/1.1" 200 64 "-" "Cpanel-HTTP-Client/1.0"
89.252.162.138 - - [01/Mar/2026:15:28:07 +0300] "GET /.well-known/acme-challenge/4Q-I54N6W8Y0SILP_F8XJ4GKSNM03OS8 HTTP/1.1" 200 64 "-" "Cpanel-HTTP-Client/1.0"
216.244.66.243 - - [01/Mar/2026:15:57:15 +0300] "GET /robots.txt HTTP/1.1" 404 796 "-" "Mozilla/5.0 (compatible; DotBot/1.2; +https://opensiteexplorer.org/dotbot; help@moz.com)"
216.244.66.243 - - [01/Mar/2026:16:00:19 +0300] "GET /wp-content/themes/twentytwentythree/styles/block-out.json HTTP/1.1" 200 4368 "-" "Mozilla/5.0 (compatible; DotBot/1.2; +https://opensiteexplorer.org/dotbot; help@moz.com)"
216.244.66.243 - - [01/Mar/2026:16:00:23 +0300] "GET /wp-content/uploads/2022/05/banner-sidebar1-50x50.jpg HTTP/1.1" 200 1857 "-" "Mozilla/5.0 (compatible; DotBot/1.2; +https://opensiteexplorer.org/dotbot; help@moz.com)"
216.244.66.243 - - [01/Mar/2026:16:00:34 +0300] "GET /wp-includes/sodium_compat/src/Core/AEGIS/?MA HTTP/1.1" 200 1720 "-" "Mozilla/5.0 (compatible; DotBot/1.2; +https://opensiteexplorer.org/dotbot; help@moz.com)"
43.153.19.83 - - [01/Mar/2026:16:01:29 +0300] "GET / HTTP/1.1" 200 1502 "-" "Mozilla/5.0 (iPhone; CPU iPhone OS 13_2_3 like Mac OS X) AppleWebKit/605.1.15 (KHTML, like Gecko) Version/13.0.3 Mobile/15E148 Safari/604.1"
35.87.33.147 - - [01/Mar/2026:16:09:30 +0300] "GET / HTTP/1.1" 200 1502 "-" "Mozilla/5.0 (Windows NT 10.0; Win64; x64) AppleWebKit/537.36 (KHTML, like Gecko) Chrome/132.0.0.0 Safari/537.36 Edg/132.0.0."
40.77.167.59 - - [01/Mar/2026:16:35:03 +0300] "GET /wp-login.php HTTP/1.1" 500 0 "-" "Mozilla/5.0 AppleWebKit/537.36 (KHTML, like Gecko; compatible; bingbot/2.0; +http://www.bing.com/bingbot.htm) Chrome/116.0.1938.76 Safari/537.36"
216.244.66.243 - - [01/Mar/2026:16:44:02 +0300] "GET /wp-content/themes/twentytwentyfive/styles/typography/ HTTP/1.1" 200 4381 "-" "Mozilla/5.0 (compatible; DotBot/1.2; +https://opensiteexplorer.org/dotbot; help@moz.com)"
216.244.66.243 - - [01/Mar/2026:16:44:07 +0300] "GET /wp-includes/sodium_compat/src/Core32/Curve25519/H.php HTTP/1.1" 500 0 "-" "Mozilla/5.0 (compatible; DotBot/1.2; +https://opensiteexplorer.org/dotbot; help@moz.com)"
216.244.66.243 - - [01/Mar/2026:17:28:16 +0300] "GET /wp-content/themes/twentytwentythree/styles/pitch.json HTTP/1.1" 200 4756 "-" "Mozilla/5.0 (compatible; DotBot/1.2; +https://opensiteexplorer.org/dotbot; help@moz.com)"
216.244.66.243 - - [01/Mar/2026:17:28:47 +0300] "GET /wp-includes/sodium_compat/src/Core32/ChaCha20/?MA HTTP/1.1" 200 2278 "-" "Mozilla/5.0 (compatible; DotBot/1.2; +https://opensiteexplorer.org/dotbot; help@moz.com)"
216.244.66.243 - - [01/Mar/2026:17:24:56 +0300] "GET /robots.txt HTTP/1.1" 404 796 "-" "Mozilla/5.0 (compatible; DotBot/1.2; +https://opensiteexplorer.org/dotbot; help@moz.com)"
216.244.66.243 - - [01/Mar/2026:17:28:04 +0300] "GET /wp-content/themes/twentytwentyfive/assets/fonts/ HTTP/1.1" 200 4602 "-" "Mozilla/5.0 (compatible; DotBot/1.2; +https://opensiteexplorer.org/dotbot; help@moz.com)"
216.244.66.243 - - [01/Mar/2026:17:28:12 +0300] "GET /wp-content/themes/twentytwentyfive/patterns/media-instagram-grid.php HTTP/1.1" 200 1130 "-" "Mozilla/5.0 (compatible; DotBot/1.2; +https://opensiteexplorer.org/dotbot; help@moz.com)"
216.244.66.243 - - [01/Mar/2026:17:28:22 +0300] "GET /wp-content/uploads/2022/05/h5-sliderimage1-300x300.jpg HTTP/1.1" 200 1506 "-" "Mozilla/5.0 (compatible; DotBot/1.2; +https://opensiteexplorer.org/dotbot; help@moz.com)"
216.244.66.243 - - [01/Mar/2026:17:28:30 +0300] "GET /wp-content/uploads/2022/05/placeholder-96x96.jpeg HTTP/1.1" 200 572 "-" "Mozilla/5.0 (compatible; DotBot/1.2; +https://opensiteexplorer.org/dotbot; help@moz.com)"
216.244.66.243 - - [01/Mar/2026:17:28:39 +0300] "GET /wp-includes/sodium_compat/src/Core/SecretStream/State.php HTTP/1.1" 200 0 "-" "Mozilla/5.0 (compatible; DotBot/1.2; +https://opensiteexplorer.org/dotbot; help@moz.com)"
216.244.66.243 - - [01/Mar/2026:18:08:52 +0300] "GET /robots.txt HTTP/1.1" 404 796 "-" "Mozilla/5.0 (compatible; DotBot/1.2; +https://opensiteexplorer.org/dotbot; help@moz.com)"
216.244.66.243 - - [01/Mar/2026:18:11:51 +0300] "GET /wp-content/themes/twentytwentyfive/patterns/hero-full-width-image.php HTTP/1.1" 200 23 "-" "Mozilla/5.0 (compatible; DotBot/1.2; +https://opensiteexplorer.org/dotbot; help@moz.com)"
216.244.66.243 - - [01/Mar/2026:18:11:55 +0300] "GET /wp-content/themes/twentytwentyfive/patterns/logos.php HTTP/1.1" 200 511 "-" "Mozilla/5.0 (compatible; DotBot/1.2; +https://opensiteexplorer.org/dotbot; help@moz.com)"
216.244.66.243 - - [01/Mar/2026:18:12:05 +0300] "GET /wp-content/uploads/2022/06/team02-50x50.jpg HTTP/1.1" 200 2155 "-" "Mozilla/5.0 (compatible; DotBot/1.2; +https://opensiteexplorer.org/dotbot; help@moz.com)"
216.244.66.243 - - [01/Mar/2026:18:12:10 +0300] "GET /wp-includes/js/tinymce/plugins/fullscreen/?ND HTTP/1.1" 200 1997 "-" "Mozilla/5.0 (compatible; DotBot/1.2; +https://opensiteexplorer.org/dotbot; help@moz.com)"
89.252.162.138 - - [01/Mar/2026:18:27:38 +0300] "GET /.well-known/acme-challenge/706VNI85P-PBFBO3S0Q9-QHSLLKT84M3 HTTP/1.1" 200 64 "-" "Cpanel-HTTP-Client/1.0"
89.252.162.138 - - [01/Mar/2026:18:27:40 +0300] "GET /.well-known/acme-challenge/DPXMKG4FOA6XT9P_M02GU0LDT_4QLLWP HTTP/1.1" 200 64 "-" "Cpanel-HTTP-Client/1.0"
89.252.162.138 - - [01/Mar/2026:18:27:41 +0300] "GET /.well-known/acme-challenge/_9TTRGEALFG_2ZDTGQTSOTS80KA_6ILT HTTP/1.1" 200 64 "-" "Cpanel-HTTP-Client/1.0"
54.159.155.105 - - [01/Mar/2026:18:47:37 +0300] "GET / HTTP/1.1" 200 1506 "-" "Dalvik/2.1.0 (Linux; U; Android 8.0.0; SM-A520F Build/R16NW)"
216.244.66.243 - - [01/Mar/2026:18:52:43 +0300] "GET /robots.txt HTTP/1.1" 404 796 "-" "Mozilla/5.0 (compatible; DotBot/1.2; +https://opensiteexplorer.org/dotbot; help@moz.com)"
216.244.66.243 - - [01/Mar/2026:18:55:58 +0300] "GET /wp-content/themes/twentytwentyfive/patterns/template-404-vertical-header-blog.php HTTP/1.1" 200 1577 "-" "Mozilla/5.0 (compatible; DotBot/1.2; +https://opensiteexplorer.org/dotbot; help@moz.com)"
216.244.66.243 - - [01/Mar/2026:18:56:03 +0300] "GET /wp-content/themes/twentytwentythree/styles/grapes.json HTTP/1.1" 200 1752 "-" "Mozilla/5.0 (compatible; DotBot/1.2; +https://opensiteexplorer.org/dotbot; help@moz.com)"
216.244.66.243 - - [01/Mar/2026:18:56:11 +0300] "GET /wp-includes/sodium_compat/src/?SD HTTP/1.1" 200 2710 "-" "Mozilla/5.0 (compatible; DotBot/1.2; +https://opensiteexplorer.org/dotbot; help@moz.com)"
216.244.66.243 - - [01/Mar/2026:18:56:14 +0300] "GET /wp-content/themes/twentytwentythree/parts/?MA HTTP/1.1" 200 2291 "-" "Mozilla/5.0 (compatible; DotBot/1.2; +https://opensiteexplorer.org/dotbot; help@moz.com)"
216.244.66.243 - - [01/Mar/2026:18:56:16 +0300] "GET /wp-includes/js/jquery/ui/?SD HTTP/1.1" 200 22358 "-" "Mozilla/5.0 (compatible; DotBot/1.2; +https://opensiteexplorer.org/dotbot; help@moz.com)"
216.244.66.243 - - [01/Mar/2026:18:56:22 +0300] "GET /wp-includes/js/dist/script-modules/block-editor/?SA HTTP/1.1" 200 1718 "-" "Mozilla/5.0 (compatible; DotBot/1.2; +https://opensiteexplorer.org/dotbot; help@moz.com)"
216.244.66.243 - - [01/Mar/2026:19:40:48 +0300] "GET /wp-content/themes/custom_file_3_1764672352/images/?ND HTTP/1.1" 200 1757 "-" "Mozilla/5.0 (compatible; DotBot/1.2; +https://opensiteexplorer.org/dotbot; help@moz.com)"
216.244.66.243 - - [01/Mar/2026:19:40:51 +0300] "GET /wp-includes/SimplePie/library/SimplePie/Parse/?MA HTTP/1.1" 200 1727 "-" "Mozilla/5.0 (compatible; DotBot/1.2; +https://opensiteexplorer.org/dotbot; help@moz.com)"
170.106.35.137 - - [01/Mar/2026:19:45:32 +0300] "GET / HTTP/1.1" 200 1511 "-" "Mozilla/5.0 (iPhone; CPU iPhone OS 13_2_3 like Mac OS X) AppleWebKit/605.1.15 (KHTML, like Gecko) Version/13.0.3 Mobile/15E148 Safari/604.1"
216.244.66.243 - - [01/Mar/2026:20:21:35 +0300] "GET /robots.txt HTTP/1.1" 404 796 "-" "Mozilla/5.0 (compatible; DotBot/1.2; +https://opensiteexplorer.org/dotbot; help@moz.com)"
216.244.66.243 - - [01/Mar/2026:18:11:59 +0300] "GET /wp-content/uploads/2022/05/h5-sliderimage3-820x400.jpg HTTP/1.1" 200 6993 "-" "Mozilla/5.0 (compatible; DotBot/1.2; +https://opensiteexplorer.org/dotbot; help@moz.com)"
216.244.66.243 - - [01/Mar/2026:18:12:08 +0300] "GET /wp-content/themes/custom_file_3_1764672352/images/?MA HTTP/1.1" 200 1756 "-" "Mozilla/5.0 (compatible; DotBot/1.2; +https://opensiteexplorer.org/dotbot; help@moz.com)"
216.244.66.243 - - [01/Mar/2026:18:12:13 +0300] "GET /wp-includes/sodium_compat/src/Core/SecretStream/?SA HTTP/1.1" 200 1732 "-" "Mozilla/5.0 (compatible; DotBot/1.2; +https://opensiteexplorer.org/dotbot; help@moz.com)"
89.252.162.138 - - [01/Mar/2026:18:27:37 +0300] "GET /.well-known/acme-challenge/NGOA12M16QTXA22S53HC1X-8RX2GD5JE HTTP/1.1" 200 64 "-" "Cpanel-HTTP-Client/1.0"
89.252.162.138 - - [01/Mar/2026:18:27:38 +0300] "GET /.well-known/acme-challenge/MOYXH-A2NLIEM0Y2JF25SB8D9_4NHBL7 HTTP/1.1" 200 64 "-" "Cpanel-HTTP-Client/1.0"
89.252.162.138 - - [01/Mar/2026:18:27:40 +0300] "GET /.well-known/acme-challenge/E1HBB5V48ZE5F-6_SB4NXWA645NC0LLD HTTP/1.1" 200 64 "-" "Cpanel-HTTP-Client/1.0"
89.252.162.138 - - [01/Mar/2026:18:27:40 +0300] "GET /.well-known/acme-challenge/EB68_LFJVAE0MO_2QQB5D9_3JAXT6JQD HTTP/1.1" 200 64 "-" "Cpanel-HTTP-Client/1.0"
89.252.162.138 - - [01/Mar/2026:18:27:42 +0300] "GET /.well-known/acme-challenge/HTG2OPGVIPGC8W05RCVUJIR6Z12361UO HTTP/1.1" 200 64 "-" "Cpanel-HTTP-Client/1.0"
89.252.162.138 - - [01/Mar/2026:18:27:42 +0300] "GET /.well-known/acme-challenge/V5BJSCYFKR5HIRS1IE2BZPHWL3KAZ1_X HTTP/1.1" 200 64 "-" "Cpanel-HTTP-Client/1.0"
114.119.155.2 - - [01/Mar/2026:18:33:11 +0300] "GET /robots.txt HTTP/1.1" 404 796 "-" "Mozilla/5.0 (compatible;PetalBot;+https://webmaster.petalsearch.com/site/petalbot)"
216.244.66.243 - - [01/Mar/2026:18:56:07 +0300] "GET /wp-content/themes/twentytwentyfour/assets/fonts/inter/ HTTP/1.1" 200 2128 "-" "Mozilla/5.0 (compatible; DotBot/1.2; +https://opensiteexplorer.org/dotbot; help@moz.com)"
216.244.66.243 - - [01/Mar/2026:18:56:19 +0300] "GET /wp-includes/js/tinymce/plugins/?SD HTTP/1.1" 200 7724 "-" "Mozilla/5.0 (compatible; DotBot/1.2; +https://opensiteexplorer.org/dotbot; help@moz.com)"
216.244.66.243 - - [01/Mar/2026:19:37:06 +0300] "GET /robots.txt HTTP/1.1" 404 796 "-" "Mozilla/5.0 (compatible; DotBot/1.2; +https://opensiteexplorer.org/dotbot; help@moz.com)"
216.244.66.243 - - [01/Mar/2026:19:40:31 +0300] "GET /wp-content/themes/twentytwentyfive/assets/images/ HTTP/1.1" 200 13514 "-" "Mozilla/5.0 (compatible; DotBot/1.2; +https://opensiteexplorer.org/dotbot; help@moz.com)"
216.244.66.243 - - [01/Mar/2026:19:40:36 +0300] "GET /wp-content/themes/twentytwentyfive/patterns/testimonials-2-col.php HTTP/1.1" 200 1079 "-" "Mozilla/5.0 (compatible; DotBot/1.2; +https://opensiteexplorer.org/dotbot; help@moz.com)"
216.244.66.243 - - [01/Mar/2026:19:40:41 +0300] "GET /wp-content/uploads/2022/05/demo-content01-300x300.jpg HTTP/1.1" 200 27382 "-" "Mozilla/5.0 (compatible; DotBot/1.2; +https://opensiteexplorer.org/dotbot; help@moz.com)"
216.244.66.243 - - [01/Mar/2026:19:40:45 +0300] "GET /wp-content/themes/twentytwentythree/parts/?ND HTTP/1.1" 200 2292 "-" "Mozilla/5.0 (compatible; DotBot/1.2; +https://opensiteexplorer.org/dotbot; help@moz.com)"
216.244.66.243 - - [01/Mar/2026:20:24:56 +0300] "GET /wp-content/uploads/2022/?NA HTTP/1.1" 200 1854 "-" "Mozilla/5.0 (compatible; DotBot/1.2; +https://opensiteexplorer.org/dotbot; help@moz.com)"
216.244.66.243 - - [01/Mar/2026:20:25:06 +0300] "GET /wp-content/themes/twentytwentyfour/assets/images/angular-roof.webp HTTP/1.1" 200 83964 "-" "Mozilla/5.0 (compatible; DotBot/1.2; +https://opensiteexplorer.org/dotbot; help@moz.com)"
216.244.66.243 - - [01/Mar/2026:20:25:10 +0300] "GET /wp-content/maintenance/assets/?MD HTTP/1.1" 200 2169 "-" "Mozilla/5.0 (compatible; DotBot/1.2; +https://opensiteexplorer.org/dotbot; help@moz.com)"
216.244.66.243 - - [01/Mar/2026:20:25:16 +0300] "GET /wp-content/themes/twentytwentyfive/templates/?SA HTTP/1.1" 200 4068 "-" "Mozilla/5.0 (compatible; DotBot/1.2; +https://opensiteexplorer.org/dotbot; help@moz.com)"
216.244.66.243 - - [01/Mar/2026:20:25:18 +0300] "GET /wp-includes/Requests/src/Exception/?ND HTTP/1.1" 200 2229 "-" "Mozilla/5.0 (compatible; DotBot/1.2; +https://opensiteexplorer.org/dotbot; help@moz.com)"
216.244.66.243 - - [01/Mar/2026:20:25:20 +0300] "GET /wp-includes/sodium_compat/src/Core/SecretStream/?ND HTTP/1.1" 200 1733 "-" "Mozilla/5.0 (compatible; DotBot/1.2; +https://opensiteexplorer.org/dotbot; help@moz.com)"
54.39.104.60 - - [01/Mar/2026:20:39:28 +0300] "GET / HTTP/1.1" 200 4940 "-" "Mozilla/5.0 (Windows NT 6.1; Win64; x64; +http://url-classification.io/wiki/index.php?title=URL_server_crawler) KStandBot/1.0"
216.244.66.243 - - [01/Mar/2026:21:06:23 +0300] "GET /robots.txt HTTP/1.1" 404 796 "-" "Mozilla/5.0 (compatible; DotBot/1.2; +https://opensiteexplorer.org/dotbot; help@moz.com)"
216.244.66.243 - - [01/Mar/2026:21:09:29 +0300] "GET /wp-content/themes/twentytwentyfive/patterns/hidden-blog-heading.php HTTP/1.1" 200 100 "-" "Mozilla/5.0 (compatible; DotBot/1.2; +https://opensiteexplorer.org/dotbot; help@moz.com)"
216.244.66.243 - - [01/Mar/2026:21:09:33 +0300] "GET /wp-includes/Requests/src/Exception/InvalidArgument.php HTTP/1.1" 200 0 "-" "Mozilla/5.0 (compatible; DotBot/1.2; +https://opensiteexplorer.org/dotbot; help@moz.com)"
216.244.66.243 - - [01/Mar/2026:21:09:39 +0300] "GET /wp-includes/Requests/src/Utility/?MA HTTP/1.1" 200 1737 "-" "Mozilla/5.0 (compatible; DotBot/1.2; +https://opensiteexplorer.org/dotbot; help@moz.com)"
216.244.66.243 - - [01/Mar/2026:20:25:00 +0300] "GET /wp-content/themes/twentytwentyfive/patterns/page-link-in-bio-wide-margins.php HTTP/1.1" 200 1222 "-" "Mozilla/5.0 (compatible; DotBot/1.2; +https://opensiteexplorer.org/dotbot; help@moz.com)"
216.244.66.243 - - [01/Mar/2026:20:25:13 +0300] "GET /wp-content/themes/twentytwentyfive/styles/?SA HTTP/1.1" 200 5439 "-" "Mozilla/5.0 (compatible; DotBot/1.2; +https://opensiteexplorer.org/dotbot; help@moz.com)"
43.153.123.3 - - [01/Mar/2026:20:54:55 +0300] "GET / HTTP/1.1" 200 1503 "-" "Mozilla/5.0 (iPhone; CPU iPhone OS 13_2_3 like Mac OS X) AppleWebKit/605.1.15 (KHTML, like Gecko) Version/13.0.3 Mobile/15E148 Safari/604.1"
89.252.162.138 - - [01/Mar/2026:21:25:13 +0300] "GET /.well-known/acme-challenge/99FLGUXWSQMDF963FX6YT2ODS4_9ISZS HTTP/1.1" 200 64 "-" "Cpanel-HTTP-Client/1.0"
89.252.162.138 - - [01/Mar/2026:21:25:14 +0300] "GET /.well-known/acme-challenge/OW3UTV6YA993X_UKW4-ZFKSYC_RAAPE2 HTTP/1.1" 200 64 "-" "Cpanel-HTTP-Client/1.0"
89.252.162.138 - - [01/Mar/2026:21:25:14 +0300] "GET /.well-known/acme-challenge/5FDPS2G1NZ2QX-PW-FGFTFE_3U6IEDAD HTTP/1.1" 200 64 "-" "Cpanel-HTTP-Client/1.0"
89.252.162.138 - - [01/Mar/2026:21:25:12 +0300] "GET /.well-known/acme-challenge/3HOWL1R9AAJYS1VFAN-F-34ETP5_U-KW HTTP/1.1" 200 64 "-" "Cpanel-HTTP-Client/1.0"
89.252.162.138 - - [01/Mar/2026:21:25:12 +0300] "GET /.well-known/acme-challenge/-BU-MZFDNLTSBS2NXNEEBW066Z92NF0F HTTP/1.1" 200 64 "-" "Cpanel-HTTP-Client/1.0"
89.252.162.138 - - [01/Mar/2026:21:25:14 +0300] "GET /.well-known/acme-challenge/4JQ36PD628LFPDGAEZZ8MPXGD54T9SK5 HTTP/1.1" 200 64 "-" "Cpanel-HTTP-Client/1.0"
89.252.162.138 - - [01/Mar/2026:21:25:15 +0300] "GET /.well-known/acme-challenge/UG2ESBTI_X8J13RXS3GAQE5_8A0L7NFN HTTP/1.1" 200 64 "-" "Cpanel-HTTP-Client/1.0"
89.252.162.138 - - [01/Mar/2026:21:25:15 +0300] "GET /.well-known/acme-challenge/S5IFKZ0ITLGN_55ZE6U3Q81R0_H7NALX HTTP/1.1" 200 64 "-" "Cpanel-HTTP-Client/1.0"
89.252.162.138 - - [01/Mar/2026:21:25:16 +0300] "GET /.well-known/acme-challenge/B6BU3E-05RL8G37WOK0RLK90BFZPT8IN HTTP/1.1" 200 64 "-" "Cpanel-HTTP-Client/1.0"
216.244.66.243 - - [01/Mar/2026:22:00:17 +0300] "GET /robots.txt HTTP/1.1" 404 796 "-" "Mozilla/5.0 (compatible; DotBot/1.2; +https://opensiteexplorer.org/dotbot; help@moz.com)"
216.244.66.243 - - [01/Mar/2026:22:03:41 +0300] "GET /wp-includes/js/tinymce/plugins/compat3x/?ND HTTP/1.1" 200 2241 "-" "Mozilla/5.0 (compatible; DotBot/1.2; +https://opensiteexplorer.org/dotbot; help@moz.com)"
216.244.66.243 - - [01/Mar/2026:22:03:51 +0300] "GET /wp-includes/sodium_compat/src/Core32/Poly1305/?MA HTTP/1.1" 200 2001 "-" "Mozilla/5.0 (compatible; DotBot/1.2; +https://opensiteexplorer.org/dotbot; help@moz.com)"
216.244.66.243 - - [01/Mar/2026:22:04:06 +0300] "GET /wp-includes/sodium_compat/src/Core32/SecretStream/?SA HTTP/1.1" 200 1740 "-" "Mozilla/5.0 (compatible; DotBot/1.2; +https://opensiteexplorer.org/dotbot; help@moz.com)"
216.244.66.243 - - [01/Mar/2026:22:03:12 +0300] "GET /wp-content/uploads/2022/05/avatar3-50x50.jpg HTTP/1.1" 200 2299 "-" "Mozilla/5.0 (compatible; DotBot/1.2; +https://opensiteexplorer.org/dotbot; help@moz.com)"
216.244.66.243 - - [01/Mar/2026:22:03:17 +0300] "GET /wp-content/themes/twentytwentyfour/assets/images/green-staircase.webp HTTP/1.1" 200 249360 "-" "Mozilla/5.0 (compatible; DotBot/1.2; +https://opensiteexplorer.org/dotbot; help@moz.com)"
216.244.66.243 - - [01/Mar/2026:22:03:31 +0300] "GET /wp-includes/SimplePie/library/?SD HTTP/1.1" 200 2195 "-" "Mozilla/5.0 (compatible; DotBot/1.2; +https://opensiteexplorer.org/dotbot; help@moz.com)"
216.244.66.243 - - [01/Mar/2026:22:03:59 +0300] "GET /wp-includes/sodium_compat/src/Core32/Poly1305/?SA HTTP/1.1" 200 2001 "-" "Mozilla/5.0 (compatible; DotBot/1.2; +https://opensiteexplorer.org/dotbot; help@moz.com)"
216.244.66.243 - - [01/Mar/2026:22:44:02 +0300] "GET /robots.txt HTTP/1.1" 404 796 "-" "Mozilla/5.0 (compatible; DotBot/1.2; +https://opensiteexplorer.org/dotbot; help@moz.com)"
216.244.66.243 - - [01/Mar/2026:22:46:59 +0300] "GET /wp-content/themes/twentytwentyfive/patterns/template-home-text-blog.php HTTP/1.1" 200 389 "-" "Mozilla/5.0 (compatible; DotBot/1.2; +https://opensiteexplorer.org/dotbot; help@moz.com)"
216.244.66.243 - - [01/Mar/2026:22:47:10 +0300] "GET /wp-content/themes/twentytwentythree/styles/whisper.json HTTP/1.1" 200 11857 "-" "Mozilla/5.0 (compatible; DotBot/1.2; +https://opensiteexplorer.org/dotbot; help@moz.com)"
216.244.66.243 - - [01/Mar/2026:22:47:13 +0300] "GET /wp-includes/js/tinymce/plugins/paste/plugin.js HTTP/1.1" 200 82356 "-" "Mozilla/5.0 (compatible; DotBot/1.2; +https://opensiteexplorer.org/dotbot; help@moz.com)"
216.244.66.243 - - [01/Mar/2026:22:47:06 +0300] "GET /wp-content/themes/twentytwentyfour/styles/rust.json HTTP/1.1" 200 3158 "-" "Mozilla/5.0 (compatible; DotBot/1.2; +https://opensiteexplorer.org/dotbot; help@moz.com)"
216.244.66.243 - - [01/Mar/2026:22:47:18 +0300] "GET /wp-includes/js/tinymce/plugins/wpemoji/plugin.min.js HTTP/1.1" 200 1519 "-" "Mozilla/5.0 (compatible; DotBot/1.2; +https://opensiteexplorer.org/dotbot; help@moz.com)"
216.244.66.243 - - [01/Mar/2026:22:47:20 +0300] "GET /wp-includes/sodium_compat/src/Core32/ChaCha20/error_log HTTP/1.1" 403 787 "-" "Mozilla/5.0 (compatible; DotBot/1.2; +https://opensiteexplorer.org/dotbot; help@moz.com)"
216.244.66.243 - - [01/Mar/2026:22:47:25 +0300] "GET /wp-includes/js/mediaelement/renderers/?SA HTTP/1.1" 200 1972 "-" "Mozilla/5.0 (compatible; DotBot/1.2; +https://opensiteexplorer.org/dotbot; help@moz.com)"
216.244.66.243 - - [01/Mar/2026:22:47:29 +0300] "GET /wp-content/themes/twentytwentyfour/assets/fonts/?MA HTTP/1.1" 200 2550 "-" "Mozilla/5.0 (compatible; DotBot/1.2; +https://opensiteexplorer.org/dotbot; help@moz.com)"
216.244.66.243 - - [01/Mar/2026:22:47:32 +0300] "GET /wp-includes/js/tinymce/plugins/directionality/?SD HTTP/1.1" 200 2012 "-" "Mozilla/5.0 (compatible; DotBot/1.2; +https://opensiteexplorer.org/dotbot; help@moz.com)"
216.244.66.243 - - [01/Mar/2026:22:47:35 +0300] "GET /wp-includes/sodium_compat/src/Core32/Curve25519/?SA HTTP/1.1" 200 2526 "-" "Mozilla/5.0 (compatible; DotBot/1.2; +https://opensiteexplorer.org/dotbot; help@moz.com)"
216.244.66.243 - - [01/Mar/2026:23:27:20 +0300] "GET /robots.txt HTTP/1.1" 404 796 "-" "Mozilla/5.0 (compatible; DotBot/1.2; +https://opensiteexplorer.org/dotbot; help@moz.com)"
216.244.66.243 - - [01/Mar/2026:23:30:26 +0300] "GET /wp-content/themes/twentytwentythree/styles/pilgrimage.json HTTP/1.1" 200 6530 "-" "Mozilla/5.0 (compatible; DotBot/1.2; +https://opensiteexplorer.org/dotbot; help@moz.com)"
216.244.66.243 - - [01/Mar/2026:23:30:36 +0300] "GET /wp-includes/js/codemirror/?MD HTTP/1.1" 200 1959 "-" "Mozilla/5.0 (compatible; DotBot/1.2; +https://opensiteexplorer.org/dotbot; help@moz.com)"
216.244.66.243 - - [01/Mar/2026:23:30:42 +0300] "GET /wp-includes/js/dist/script-modules/?MD HTTP/1.1" 200 2788 "-" "Mozilla/5.0 (compatible; DotBot/1.2; +https://opensiteexplorer.org/dotbot; help@moz.com)"
216.244.66.243 - - [01/Mar/2026:23:30:32 +0300] "GET /wp-content/languages/plugins/?SD HTTP/1.1" 200 5103 "-" "Mozilla/5.0 (compatible; DotBot/1.2; +https://opensiteexplorer.org/dotbot; help@moz.com)"
216.244.66.243 - - [01/Mar/2026:23:30:40 +0300] "GET /wp-content/themes/ziggy/languages/?MA HTTP/1.1" 200 1413 "-" "Mozilla/5.0 (compatible; DotBot/1.2; +https://opensiteexplorer.org/dotbot; help@moz.com)"
216.244.66.243 - - [01/Mar/2026:23:30:45 +0300] "GET /wp-includes/sodium_compat/src/Core32/Poly1305/?ND HTTP/1.1" 200 2002 "-" "Mozilla/5.0 (compatible; DotBot/1.2; +https://opensiteexplorer.org/dotbot; help@moz.com)"
216.244.66.243 - - [02/Mar/2026:00:11:26 +0300] "GET /robots.txt HTTP/1.1" 404 796 "-" "Mozilla/5.0 (compatible; DotBot/1.2; +https://opensiteexplorer.org/dotbot; help@moz.com)"
216.244.66.243 - - [02/Mar/2026:00:14:30 +0300] "GET /wp-content/themes/twentytwentyfive/patterns/template-query-loop-news-blog.php HTTP/1.1" 200 1507 "-" "Mozilla/5.0 (compatible; DotBot/1.2; +https://opensiteexplorer.org/dotbot; help@moz.com)"
216.244.66.243 - - [02/Mar/2026:00:14:35 +0300] "GET /wp-content/uploads/wc-logs/?MD HTTP/1.1" 200 1395 "-" "Mozilla/5.0 (compatible; DotBot/1.2; +https://opensiteexplorer.org/dotbot; help@moz.com)"
216.244.66.243 - - [02/Mar/2026:00:14:40 +0300] "GET /wp-includes/js/dist/script-modules/a11y/?MA HTTP/1.1" 200 1985 "-" "Mozilla/5.0 (compatible; DotBot/1.2; +https://opensiteexplorer.org/dotbot; help@moz.com)"
89.252.162.138 - - [02/Mar/2026:00:24:25 +0300] "GET /.well-known/acme-challenge/48HAGRLHLBOPJB2P3W5VCKJCNM5T0Q9L HTTP/1.1" 200 64 "-" "Cpanel-HTTP-Client/1.0"
89.252.162.138 - - [02/Mar/2026:00:24:25 +0300] "GET /.well-known/acme-challenge/XLPCNQ703ZOBCCATQ08ZZFK0UN03JC_Q HTTP/1.1" 200 64 "-" "Cpanel-HTTP-Client/1.0"
89.252.162.138 - - [02/Mar/2026:00:24:27 +0300] "GET /.well-known/acme-challenge/O19IDYT5GZV7439YSR_E_BYUJ_G_96-4 HTTP/1.1" 200 64 "-" "Cpanel-HTTP-Client/1.0"
89.252.162.138 - - [02/Mar/2026:00:24:27 +0300] "GET /.well-known/acme-challenge/0UTLEQ0H-N0S2ZUWHMS521DN1_Z3IWRT HTTP/1.1" 200 64 "-" "Cpanel-HTTP-Client/1.0"
89.252.162.138 - - [02/Mar/2026:00:24:22 +0300] "GET /.well-known/acme-challenge/YPLWQCQ_CTQ1W8LZLE3M9XDFO6D4V-P2 HTTP/1.1" 200 64 "-" "Cpanel-HTTP-Client/1.0"
89.252.162.138 - - [02/Mar/2026:00:24:23 +0300] "GET /.well-known/acme-challenge/NG4W23AQMNFD7CFE8RFYH2EW-C8BMGKT HTTP/1.1" 200 64 "-" "Cpanel-HTTP-Client/1.0"
89.252.162.138 - - [02/Mar/2026:00:24:23 +0300] "GET /.well-known/acme-challenge/YCLB_BQNC8NYPSAN7CKVCBT7GN_DXITG HTTP/1.1" 200 64 "-" "Cpanel-HTTP-Client/1.0"
89.252.162.138 - - [02/Mar/2026:00:24:25 +0300] "GET /.well-known/acme-challenge/5N8BDWAE-CY88O_HQ0MTXK6RXZ-JVP0X HTTP/1.1" 200 64 "-" "Cpanel-HTTP-Client/1.0"
89.252.162.138 - - [02/Mar/2026:00:24:27 +0300] "GET /.well-known/acme-challenge/JIGDKLSQN79IUC_92GX_F5SFNGU4HBG2 HTTP/1.1" 200 64 "-" "Cpanel-HTTP-Client/1.0"
40.77.167.156 - - [02/Mar/2026:00:38:02 +0300] "GET /wp-includes/interactivity-api/ HTTP/1.1" 200 767 "-" "Mozilla/5.0 AppleWebKit/537.36 (KHTML, like Gecko; compatible; bingbot/2.0; +http://www.bing.com/bingbot.htm) Chrome/116.0.1938.76 Safari/537.36"
40.77.167.156 - - [02/Mar/2026:00:41:25 +0300] "GET /hizmetler/ HTTP/1.1" 404 796 "-" "Mozilla/5.0 AppleWebKit/537.36 (KHTML, like Gecko; compatible; bingbot/2.0; +http://www.bing.com/bingbot.htm) Chrome/116.0.1938.76 Safari/537.36"
216.244.66.243 - - [02/Mar/2026:00:55:19 +0300] "GET /robots.txt HTTP/1.1" 404 796 "-" "Mozilla/5.0 (compatible; DotBot/1.2; +https://opensiteexplorer.org/dotbot; help@moz.com)"
216.244.66.243 - - [02/Mar/2026:00:58:14 +0300] "GET /wp-content/themes/twentytwentyfive/patterns/banner-intro.php HTTP/1.1" 200 487 "-" "Mozilla/5.0 (compatible; DotBot/1.2; +https://opensiteexplorer.org/dotbot; help@moz.com)"
216.244.66.243 - - [02/Mar/2026:00:58:30 +0300] "GET /wp-includes/sodium_compat/src/Core/SecretStream/?MA HTTP/1.1" 200 1732 "-" "Mozilla/5.0 (compatible; DotBot/1.2; +https://opensiteexplorer.org/dotbot; help@moz.com)"
216.244.66.243 - - [02/Mar/2026:00:58:33 +0300] "GET /wp-includes/sodium_compat/src/Core32/SecretStream/?ND HTTP/1.1" 200 1741 "-" "Mozilla/5.0 (compatible; DotBot/1.2; +https://opensiteexplorer.org/dotbot; help@moz.com)"
43.157.174.69 - - [02/Mar/2026:01:02:32 +0300] "GET / HTTP/1.1" 200 1508 "-" "Mozilla/5.0 (iPhone; CPU iPhone OS 13_2_3 like Mac OS X) AppleWebKit/605.1.15 (KHTML, like Gecko) Version/13.0.3 Mobile/15E148 Safari/604.1"
13.38.217.222 - - [02/Mar/2026:01:07:23 +0300] "GET / HTTP/1.1" 200 4936 "-" "Mozilla/5.0 (Windows NT 10.0; Win64; x64) AppleWebKit/537.36 (KHTML, like Gecko) Chrome/95.0.4638.69 Safari/537.36"
13.38.217.222 - - [02/Mar/2026:01:07:23 +0300] "GET /wp-includes/ID3/license.txt HTTP/1.1" 404 796 "-" "Mozilla/5.0 (Windows NT 10.0; Win64; x64) AppleWebKit/537.36 (KHTML, like Gecko) Chrome/95.0.4638.69 Safari/537.36"
13.38.217.222 - - [02/Mar/2026:01:07:23 +0300] "GET /feed/ HTTP/1.1" 404 796 "-" "Mozilla/5.0 (Windows NT 10.0; Win64; x64) AppleWebKit/537.36 (KHTML, like Gecko) Chrome/95.0.4638.69 Safari/537.36"
13.38.217.222 - - [02/Mar/2026:01:07:23 +0300] "GET /xmlrpc.php?rsd HTTP/1.1" 404 796 "-" "Mozilla/5.0 (Windows NT 10.0; Win64; x64) AppleWebKit/537.36 (KHTML, like Gecko) Chrome/95.0.4638.69 Safari/537.36"
13.38.217.222 - - [02/Mar/2026:01:07:23 +0300] "GET /blog/wp-includes/wlwmanifest.xml HTTP/1.1" 404 796 "-" "Mozilla/5.0 (Windows NT 10.0; Win64; x64) AppleWebKit/537.36 (KHTML, like Gecko) Chrome/95.0.4638.69 Safari/537.36"
13.38.217.222 - - [02/Mar/2026:01:07:23 +0300] "GET /web/wp-includes/wlwmanifest.xml HTTP/1.1" 404 796 "-" "Mozilla/5.0 (Windows NT 10.0; Win64; x64) AppleWebKit/537.36 (KHTML, like Gecko) Chrome/95.0.4638.69 Safari/537.36"
13.38.217.222 - - [02/Mar/2026:01:07:23 +0300] "GET /wordpress/wp-includes/wlwmanifest.xml HTTP/1.1" 404 796 "-" "Mozilla/5.0 (Windows NT 10.0; Win64; x64) AppleWebKit/537.36 (KHTML, like Gecko) Chrome/95.0.4638.69 Safari/537.36"
13.38.217.222 - - [02/Mar/2026:01:07:23 +0300] "GET /wp/wp-includes/wlwmanifest.xml HTTP/1.1" 404 796 "-" "Mozilla/5.0 (Windows NT 10.0; Win64; x64) AppleWebKit/537.36 (KHTML, like Gecko) Chrome/95.0.4638.69 Safari/537.36"
13.38.217.222 - - [02/Mar/2026:01:07:24 +0300] "GET /2020/wp-includes/wlwmanifest.xml HTTP/1.1" 404 796 "-" "Mozilla/5.0 (Windows NT 10.0; Win64; x64) AppleWebKit/537.36 (KHTML, like Gecko) Chrome/95.0.4638.69 Safari/537.36"
13.38.217.222 - - [02/Mar/2026:01:07:24 +0300] "GET /2019/wp-includes/wlwmanifest.xml HTTP/1.1" 404 796 "-" "Mozilla/5.0 (Windows NT 10.0; Win64; x64) AppleWebKit/537.36 (KHTML, like Gecko) Chrome/95.0.4638.69 Safari/537.36"
13.38.217.222 - - [02/Mar/2026:01:07:24 +0300] "GET /2021/wp-includes/wlwmanifest.xml HTTP/1.1" 404 796 "-" "Mozilla/5.0 (Windows NT 10.0; Win64; x64) AppleWebKit/537.36 (KHTML, like Gecko) Chrome/95.0.4638.69 Safari/537.36"
13.38.217.222 - - [02/Mar/2026:01:07:24 +0300] "GET /shop/wp-includes/wlwmanifest.xml HTTP/1.1" 404 796 "-" "Mozilla/5.0 (Windows NT 10.0; Win64; x64) AppleWebKit/537.36 (KHTML, like Gecko) Chrome/95.0.4638.69 Safari/537.36"
13.38.217.222 - - [02/Mar/2026:01:07:24 +0300] "GET /wp1/wp-includes/wlwmanifest.xml HTTP/1.1" 404 796 "-" "Mozilla/5.0 (Windows NT 10.0; Win64; x64) AppleWebKit/537.36 (KHTML, like Gecko) Chrome/95.0.4638.69 Safari/537.36"
13.38.217.222 - - [02/Mar/2026:01:07:24 +0300] "GET /test/wp-includes/wlwmanifest.xml HTTP/1.1" 404 796 "-" "Mozilla/5.0 (Windows NT 10.0; Win64; x64) AppleWebKit/537.36 (KHTML, like Gecko) Chrome/95.0.4638.69 Safari/537.36"
13.38.217.222 - - [02/Mar/2026:01:07:24 +0300] "GET /site/wp-includes/wlwmanifest.xml HTTP/1.1" 404 796 "-" "Mozilla/5.0 (Windows NT 10.0; Win64; x64) AppleWebKit/537.36 (KHTML, like Gecko) Chrome/95.0.4638.69 Safari/537.36"
13.38.217.222 - - [02/Mar/2026:01:07:24 +0300] "GET /cms/wp-includes/wlwmanifest.xml HTTP/1.1" 404 796 "-" "Mozilla/5.0 (Windows NT 10.0; Win64; x64) AppleWebKit/537.36 (KHTML, like Gecko) Chrome/95.0.4638.69 Safari/537.36"
216.244.66.243 - - [02/Mar/2026:00:58:19 +0300] "GET /wp-content/themes/ziggy/assets/js/ HTTP/1.1" 200 3987 "-" "Mozilla/5.0 (compatible; DotBot/1.2; +https://opensiteexplorer.org/dotbot; help@moz.com)"
216.244.66.243 - - [02/Mar/2026:00:58:23 +0300] "GET /wp-content/themes/ziggy/woocommerce/myaccount/form-login.php HTTP/1.1" 200 0 "-" "Mozilla/5.0 (compatible; DotBot/1.2; +https://opensiteexplorer.org/dotbot; help@moz.com)"
216.244.66.243 - - [02/Mar/2026:00:58:26 +0300] "GET /wp-includes/js/tinymce/plugins/wpview/?ND HTTP/1.1" 200 1981 "-" "Mozilla/5.0 (compatible; DotBot/1.2; +https://opensiteexplorer.org/dotbot; help@moz.com)"
20.15.133.160 - - [02/Mar/2026:01:12:48 +0300] "GET /wp-includes/interactivity-api/class-wp-interactivity-api-directives-processor.php HTTP/1.1" 500 0 "-" "Mozilla/5.0 AppleWebKit/537.36 (KHTML, like Gecko; compatible; bingbot/2.0; +http://www.bing.com/bingbot.htm) Chrome/116.0.1938.76 Safari/537.36"
20.15.133.165 - - [02/Mar/2026:01:12:41 +0300] "GET /robots.txt HTTP/1.1" 404 796 "-" "Mozilla/5.0 AppleWebKit/537.36 (KHTML, like Gecko; compatible; bingbot/2.0; +http://www.bing.com/bingbot.htm) Chrome/116.0.1938.76 Safari/537.36"
20.15.133.160 - - [02/Mar/2026:01:13:09 +0300] "GET /wp-includes/interactivity-api/class-wp-interactivity-api-directives-processor.php HTTP/1.1" 500 0 "-" "Mozilla/5.0 AppleWebKit/537.36 (KHTML, like Gecko; compatible; bingbot/2.0; +http://www.bing.com/bingbot.htm) Chrome/116.0.1938.76 Safari/537.36"
216.244.66.243 - - [02/Mar/2026:01:39:42 +0300] "GET /robots.txt HTTP/1.1" 404 796 "-" "Mozilla/5.0 (compatible; DotBot/1.2; +https://opensiteexplorer.org/dotbot; help@moz.com)"
144.76.32.237 - - [02/Mar/2026:01:33:11 +0300] "GET /wp-includes/ms-default-filters.php HTTP/1.1" 500 0 "-" "Mozilla/5.0 (compatible; SERankingBacklinksBot/1.0; +https://seranking.com/backlinks-crawler)"
216.244.66.243 - - [02/Mar/2026:01:42:55 +0300] "GET /wp-content/uploads/2022/05/demo-content01-50x50.jpg HTTP/1.1" 200 2552 "-" "Mozilla/5.0 (compatible; DotBot/1.2; +https://opensiteexplorer.org/dotbot; help@moz.com)"
216.244.66.243 - - [02/Mar/2026:01:43:03 +0300] "GET /wp-content/themes/twentytwentyfour/assets/images/?ND HTTP/1.1" 200 5173 "-" "Mozilla/5.0 (compatible; DotBot/1.2; +https://opensiteexplorer.org/dotbot; help@moz.com)"
216.244.66.243 - - [02/Mar/2026:01:42:49 +0300] "GET /wp-content/themes/twentytwentyfive/patterns/template-archive-vertical-header-blog.php HTTP/1.1" 200 1891 "-" "Mozilla/5.0 (compatible; DotBot/1.2; +https://opensiteexplorer.org/dotbot; help@moz.com)"
216.244.66.243 - - [02/Mar/2026:01:43:00 +0300] "GET /wp-includes/js/tinymce/plugins/wpeditimage/?NA HTTP/1.1" 200 2002 "-" "Mozilla/5.0 (compatible; DotBot/1.2; +https://opensiteexplorer.org/dotbot; help@moz.com)"
43.166.136.153 - - [02/Mar/2026:02:13:03 +0300] "GET / HTTP/1.1" 200 1503 "-" "Mozilla/5.0 (iPhone; CPU iPhone OS 13_2_3 like Mac OS X) AppleWebKit/605.1.15 (KHTML, like Gecko) Version/13.0.3 Mobile/15E148 Safari/604.1"
34.186.143.92 - - [02/Mar/2026:02:14:54 +0300] "HEAD /wordpress/ HTTP/1.1" 404 0 "-" "Mozilla/5.0 (Macintosh; Intel Mac OS X 13_5) AppleWebKit/605.1.15 (KHTML, like Gecko) Version/16.5 Safari/605.1.15"
34.186.143.92 - - [02/Mar/2026:02:14:54 +0300] "HEAD /wp/ HTTP/1.1" 404 0 "-" "Mozilla/5.0 (Macintosh; Intel Mac OS X 15_0) AppleWebKit/537.36 (KHTML, like Gecko) Chrome/125.0.6422.141 Safari/537.36"
34.186.143.92 - - [02/Mar/2026:02:14:54 +0300] "HEAD /old/ HTTP/1.1" 404 0 "-" "Mozilla/5.0 (Windows NT 10.0; Win64; x64; rv:127.0) Gecko/20100101 Firefox/127.0"
34.186.143.92 - - [02/Mar/2026:02:14:55 +0300] "HEAD /new/ HTTP/1.1" 404 0 "-" "Mozilla/5.0 (Windows NT 10.0; Win64; x64; rv:127.0) Gecko/20100101 Firefox/127.0"
34.186.143.92 - - [02/Mar/2026:02:14:55 +0300] "HEAD /backup/ HTTP/1.1" 404 0 "-" "Mozilla/5.0 (Linux; U; Android 10; en-US; CPH2015) AppleWebKit/537.36 (KHTML, like Gecko) UCBrowser/13.5.8.1311 Mobile Safari/537.36"
34.186.143.92 - - [02/Mar/2026:02:14:55 +0300] "HEAD /blog/ HTTP/1.1" 404 0 "-" "Mozilla/5.0 (Windows NT 10.0; Win64; x64) AppleWebKit/537.36 (KHTML, like Gecko) Chrome/126.0.6478.70 Safari/537.36 Vivaldi/6.7.3200.25"
34.186.143.92 - - [02/Mar/2026:02:14:55 +0300] "HEAD / HTTP/1.1" 200 0 "-" "Mozilla/5.0 (Macintosh; Intel Mac OS X 14_5) AppleWebKit/605.1.15 (KHTML, like Gecko) Version/17.5 Safari/605.1.15"
216.244.66.243 - - [02/Mar/2026:02:29:59 +0300] "GET /wp-content/uploads/2022/05/embedded-96x96.png HTTP/1.1" 200 2926 "-" "Mozilla/5.0 (compatible; DotBot/1.2; +https://opensiteexplorer.org/dotbot; help@moz.com)"
216.244.66.243 - - [02/Mar/2026:02:30:09 +0300] "GET /wp-content/themes/twentytwentyfive/assets/?SA HTTP/1.1" 200 2217 "-" "Mozilla/5.0 (compatible; DotBot/1.2; +https://opensiteexplorer.org/dotbot; help@moz.com)"
216.244.66.243 - - [02/Mar/2026:02:26:58 +0300] "GET /robots.txt HTTP/1.1" 404 796 "-" "Mozilla/5.0 (compatible; DotBot/1.2; +https://opensiteexplorer.org/dotbot; help@moz.com)"
216.244.66.243 - - [02/Mar/2026:02:30:05 +0300] "GET /wp-content/themes/custom_file_3_1764672352/inc/?SD HTTP/1.1" 200 3910 "-" "Mozilla/5.0 (compatible; DotBot/1.2; +https://opensiteexplorer.org/dotbot; help@moz.com)"
5.255.231.169 - - [02/Mar/2026:02:39:15 +0300] "GET /robots.txt HTTP/1.1" 404 796 "-" "Mozilla/5.0 (compatible; YandexBot/3.0; +http://yandex.com/bots)"
95.108.213.180 - - [02/Mar/2026:02:39:16 +0300] "GET / HTTP/1.1" 200 1505 "-" "Mozilla/5.0 (compatible; YandexRenderResourcesBot/1.0; +http://yandex.com/bots) AppleWebKit/537.36 (KHTML, like Gecko) Chrome/108.0.0.0"
216.244.66.243 - - [02/Mar/2026:03:18:57 +0300] "GET /wp-includes/js/tinymce/plugins/wpview/plugin.min.js HTTP/1.1" 200 2902 "-" "Mozilla/5.0 (compatible; DotBot/1.2; +https://opensiteexplorer.org/dotbot; help@moz.com)"
216.244.66.243 - - [02/Mar/2026:03:19:11 +0300] "GET /wp-content/uploads/2025/11/?MA HTTP/1.1" 200 1399 "-" "Mozilla/5.0 (compatible; DotBot/1.2; +https://opensiteexplorer.org/dotbot; help@moz.com)"
216.244.66.243 - - [02/Mar/2026:03:16:08 +0300] "GET /robots.txt HTTP/1.1" 404 796 "-" "Mozilla/5.0 (compatible; DotBot/1.2; +https://opensiteexplorer.org/dotbot; help@moz.com)"
216.244.66.243 - - [02/Mar/2026:03:19:02 +0300] "GET /wp-includes/sodium_compat/src/Core32/ChaCha20/IetfCtx.php HTTP/1.1" 500 0 "-" "Mozilla/5.0 (compatible; DotBot/1.2; +https://opensiteexplorer.org/dotbot; help@moz.com)"
216.244.66.243 - - [02/Mar/2026:03:19:19 +0300] "GET /wp-content/uploads/elementor/thumbs/?SA HTTP/1.1" 200 1422 "-" "Mozilla/5.0 (compatible; DotBot/1.2; +https://opensiteexplorer.org/dotbot; help@moz.com)"
216.244.66.243 - - [02/Mar/2026:03:19:26 +0300] "GET /wp-includes/js/tinymce/plugins/wpautoresize/?MD HTTP/1.1" 200 2005 "-" "Mozilla/5.0 (compatible; DotBot/1.2; +https://opensiteexplorer.org/dotbot; help@moz.com)"
89.252.162.138 - - [02/Mar/2026:03:23:48 +0300] "GET /.well-known/acme-challenge/V6RO-8RYIHSJBDGBPZPQXS-XJ1I68-EC HTTP/1.1" 200 64 "-" "Cpanel-HTTP-Client/1.0"
89.252.162.138 - - [02/Mar/2026:03:23:49 +0300] "GET /.well-known/acme-challenge/WGHM0YTHUC7DOJE2TI3QJTXCVPWWQ8GA HTTP/1.1" 200 64 "-" "Cpanel-HTTP-Client/1.0"
89.252.162.138 - - [02/Mar/2026:03:23:49 +0300] "GET /.well-known/acme-challenge/F7JTAZ_CT94QKJ2R7MDMGRBLXTJNBZ3D HTTP/1.1" 200 64 "-" "Cpanel-HTTP-Client/1.0"
89.252.162.138 - - [02/Mar/2026:03:23:51 +0300] "GET /.well-known/acme-challenge/XNPKUZKTGRXM3JW9XUFJZSKEZM8NLTL5 HTTP/1.1" 200 64 "-" "Cpanel-HTTP-Client/1.0"
89.252.162.138 - - [02/Mar/2026:03:23:51 +0300] "GET /.well-known/acme-challenge/XMAWOOMVJPNV8NH0FR7HXJ7MSQ5VCS1V HTTP/1.1" 200 64 "-" "Cpanel-HTTP-Client/1.0"
89.252.162.138 - - [02/Mar/2026:03:23:52 +0300] "GET /.well-known/acme-challenge/I75L8TM1KXOBJPMS-SM3AFOZ8GD-AZY0 HTTP/1.1" 200 64 "-" "Cpanel-HTTP-Client/1.0"
89.252.162.138 - - [02/Mar/2026:03:23:53 +0300] "GET /.well-known/acme-challenge/A8SHM-4F3S37VVTFW_X6-QCYYOHWHXDH HTTP/1.1" 200 64 "-" "Cpanel-HTTP-Client/1.0"
89.252.162.138 - - [02/Mar/2026:03:23:53 +0300] "GET /.well-known/acme-challenge/7ZV4HUIO33I-X1I3NANN7OA357G5LM7C HTTP/1.1" 200 64 "-" "Cpanel-HTTP-Client/1.0"
89.252.162.138 - - [02/Mar/2026:03:23:51 +0300] "GET /.well-known/acme-challenge/3HBNOLO2V_2WOX43CHRH7RNMX02-3Q0O HTTP/1.1" 200 64 "-" "Cpanel-HTTP-Client/1.0"
145.239.195.38 - - [02/Mar/2026:03:55:45 +0300] "GET /robots.txt HTTP/1.1" 404 796 "-" "Mozilla/5.0 (compatible; MJ12bot/v1.4.8; http://mj12bot.com/)"
145.239.195.38 - - [02/Mar/2026:03:55:46 +0300] "GET /robots.txt HTTP/1.1" 404 796 "-" "Mozilla/5.0 (compatible; MJ12bot/v1.4.8; http://mj12bot.com/)"
145.239.195.38 - - [02/Mar/2026:03:55:47 +0300] "GET /wp-content/themes/ziggy/dummy-data/content.xml HTTP/1.1" 200 87136 "-" "Mozilla/5.0 (compatible; MJ12bot/v1.4.8; http://mj12bot.com/)"
145.239.195.38 - - [02/Mar/2026:03:55:48 +0300] "GET /wp-content/themes/ziggy/dummy-data/content.xml HTTP/1.1" 200 78343 "-" "Mozilla/5.0 (compatible; MJ12bot/v1.4.8; http://mj12bot.com/)"
145.239.195.38 - - [02/Mar/2026:03:58:47 +0300] "GET /robots.txt HTTP/1.1" 404 796 "-" "Mozilla/5.0 (compatible; MJ12bot/v1.4.8; http://mj12bot.com/)"
145.239.195.38 - - [02/Mar/2026:03:58:48 +0300] "GET /wp-content/themes/ziggy/dummy-data/content.xml HTTP/1.1" 200 78343 "-" "Mozilla/5.0 (compatible; MJ12bot/v1.4.8; http://mj12bot.com/)"
216.244.66.243 - - [02/Mar/2026:04:04:08 +0300] "GET /wp-includes/js/tinymce/plugins/fullscreen/plugin.min.js HTTP/1.1" 200 2184 "-" "Mozilla/5.0 (compatible; DotBot/1.2; +https://opensiteexplorer.org/dotbot; help@moz.com)"
216.244.66.243 - - [02/Mar/2026:04:04:18 +0300] "GET /wp-includes/js/dist/development/?SD HTTP/1.1" 200 2658 "-" "Mozilla/5.0 (compatible; DotBot/1.2; +https://opensiteexplorer.org/dotbot; help@moz.com)"
216.244.66.243 - - [02/Mar/2026:04:04:24 +0300] "GET /wp-includes/js/tinymce/plugins/image/?ND HTTP/1.1" 200 1979 "-" "Mozilla/5.0 (compatible; DotBot/1.2; +https://opensiteexplorer.org/dotbot; help@moz.com)"
216.244.66.243 - - [02/Mar/2026:04:01:05 +0300] "GET /robots.txt HTTP/1.1" 404 796 "-" "Mozilla/5.0 (compatible; DotBot/1.2; +https://opensiteexplorer.org/dotbot; help@moz.com)"
145.239.195.38 - - [02/Mar/2026:04:01:22 +0300] "GET /robots.txt HTTP/1.1" 404 796 "-" "Mozilla/5.0 (compatible; MJ12bot/v1.4.8; http://mj12bot.com/)"
145.239.195.38 - - [02/Mar/2026:04:01:23 +0300] "GET /wp-content/themes/ziggy/dummy-data/content.xml HTTP/1.1" 200 78343 "-" "Mozilla/5.0 (compatible; MJ12bot/v1.4.8; http://mj12bot.com/)"
216.244.66.243 - - [02/Mar/2026:04:03:59 +0300] "GET /wp-content/themes/twentytwentyfour/styles/fossil.json HTTP/1.1" 200 6457 "-" "Mozilla/5.0 (compatible; DotBot/1.2; +https://opensiteexplorer.org/dotbot; help@moz.com)"
216.244.66.243 - - [02/Mar/2026:04:04:04 +0300] "GET /wp-content/uploads/2022/05/demo-content01-300x204.jpg HTTP/1.1" 200 16929 "-" "Mozilla/5.0 (compatible; DotBot/1.2; +https://opensiteexplorer.org/dotbot; help@moz.com)"
216.244.66.243 - - [02/Mar/2026:04:04:12 +0300] "GET /wp-includes/sodium_compat/src/Core32/Curve25519/error_log HTTP/1.1" 403 787 "-" "Mozilla/5.0 (compatible; DotBot/1.2; +https://opensiteexplorer.org/dotbot; help@moz.com)"
35.72.126.79 - - [02/Mar/2026:04:29:14 +0300] "GET / HTTP/1.1" 200 1503 "-" "Mozilla/5.0 (Macintosh; Intel Mac OS X 10_15_7) AppleWebKit/537.36 (KHTML, like Gecko) Chrome/121.0.0.0 Safari/537.36"
216.244.66.243 - - [02/Mar/2026:04:45:29 +0300] "GET /robots.txt HTTP/1.1" 404 796 "-" "Mozilla/5.0 (compatible; DotBot/1.2; +https://opensiteexplorer.org/dotbot; help@moz.com)"
216.244.66.243 - - [02/Mar/2026:04:48:35 +0300] "GET /wp-includes/js/dist/script-modules/?NA HTTP/1.1" 200 2787 "-" "Mozilla/5.0 (compatible; DotBot/1.2; +https://opensiteexplorer.org/dotbot; help@moz.com)"
216.244.66.243 - - [02/Mar/2026:04:48:39 +0300] "GET /wp-includes/sodium_compat/src/?MD HTTP/1.1" 200 2710 "-" "Mozilla/5.0 (compatible; DotBot/1.2; +https://opensiteexplorer.org/dotbot; help@moz.com)"
216.244.66.243 - - [02/Mar/2026:04:48:42 +0300] "GET /wp-includes/js/mediaelement/renderers/?MA HTTP/1.1" 200 1972 "-" "Mozilla/5.0 (compatible; DotBot/1.2; +https://opensiteexplorer.org/dotbot; help@moz.com)"
216.244.66.243 - - [02/Mar/2026:04:48:26 +0300] "GET /wp-content/themes/twentytwentyfive/parts/footer.html HTTP/1.1" 200 56 "-" "Mozilla/5.0 (compatible; DotBot/1.2; +https://opensiteexplorer.org/dotbot; help@moz.com)"
216.244.66.243 - - [02/Mar/2026:04:48:31 +0300] "GET /wp-content/uploads/2022/05/Footer-BG-300x300.png HTTP/1.1" 200 384 "-" "Mozilla/5.0 (compatible; DotBot/1.2; +https://opensiteexplorer.org/dotbot; help@moz.com)"
216.244.66.243 - - [02/Mar/2026:04:48:44 +0300] "GET /wp-includes/js/tinymce/plugins/compat3x/?MA HTTP/1.1" 200 2240 "-" "Mozilla/5.0 (compatible; DotBot/1.2; +https://opensiteexplorer.org/dotbot; help@moz.com)"
40.77.167.63 - - [02/Mar/2026:05:05:29 +0300] "GET /wp-includes/ms-default-constants.php HTTP/1.1" 200 0 "-" "Mozilla/5.0 AppleWebKit/537.36 (KHTML, like Gecko; compatible; bingbot/2.0; +http://www.bing.com/bingbot.htm) Chrome/116.0.1938.76 Safari/537.36"
216.244.66.243 - - [02/Mar/2026:04:48:46 +0300] "GET /wp-includes/sodium_compat/src/Core/Base64/?ND HTTP/1.1" 200 2004 "-" "Mozilla/5.0 (compatible; DotBot/1.2; +https://opensiteexplorer.org/dotbot; help@moz.com)"
216.244.66.243 - - [02/Mar/2026:05:29:25 +0300] "GET /robots.txt HTTP/1.1" 404 796 "-" "Mozilla/5.0 (compatible; DotBot/1.2; +https://opensiteexplorer.org/dotbot; help@moz.com)"
216.244.66.243 - - [02/Mar/2026:05:32:27 +0300] "GET /wp-includes/js/jquery/ui/effect-slide.js HTTP/1.1" 200 1967 "-" "Mozilla/5.0 (compatible; DotBot/1.2; +https://opensiteexplorer.org/dotbot; help@moz.com)"
216.244.66.243 - - [02/Mar/2026:05:32:32 +0300] "GET /wp-includes/js/jquery/ui/mouse.js HTTP/1.1" 200 6227 "-" "Mozilla/5.0 (compatible; DotBot/1.2; +https://opensiteexplorer.org/dotbot; help@moz.com)"
216.244.66.243 - - [02/Mar/2026:05:32:35 +0300] "GET /wp-content/themes/twentytwentyfive/screenshot.png HTTP/1.1" 200 216683 "-" "Mozilla/5.0 (compatible; DotBot/1.2; +https://opensiteexplorer.org/dotbot; help@moz.com)"
216.244.66.243 - - [02/Mar/2026:05:34:34 +0300] "GET /wp-content/themes/twentytwentyfive/patterns/cta-centered-heading.php HTTP/1.1" 200 1005 "-" "Mozilla/5.0 (compatible; DotBot/1.2; +https://opensiteexplorer.org/dotbot; help@moz.com)"
216.244.66.243 - - [02/Mar/2026:05:35:11 +0300] "GET /wp-content/uploads/2026/01/?NA HTTP/1.1" 200 1399 "-" "Mozilla/5.0 (compatible; DotBot/1.2; +https://opensiteexplorer.org/dotbot; help@moz.com)"
216.244.66.243 - - [02/Mar/2026:05:35:45 +0300] "GET /wp-includes/sodium_compat/src/Core32/Util.php HTTP/1.1" 500 0 "-" "Mozilla/5.0 (compatible; DotBot/1.2; +https://opensiteexplorer.org/dotbot; help@moz.com)"
