217.113.194.41 - - [01/Mar/2026:22:13:25 +0300] "GET /wp-includes/Requests/src/Cookie/?MD HTTP/1.1" 200 790 "-" "Mozilla/5.0 (compatible; Barkrowler/0.9; +https://babbar.tech/crawler)"
217.113.194.210 - - [01/Mar/2026:22:13:37 +0300] "GET /wp-includes/Requests/src/Cookie/?SD HTTP/1.1" 200 789 "-" "Mozilla/5.0 (compatible; Barkrowler/0.9; +https://babbar.tech/crawler)"
217.113.194.209 - - [01/Mar/2026:22:14:15 +0300] "GET /wp-includes/Requests/src/Auth/?SD HTTP/1.1" 200 846 "-" "Mozilla/5.0 (compatible; Barkrowler/0.9; +https://babbar.tech/crawler)"
217.113.194.211 - - [01/Mar/2026:22:14:27 +0300] "GET /wp-includes/Requests/src/Auth/?NA HTTP/1.1" 200 847 "-" "Mozilla/5.0 (compatible; Barkrowler/0.9; +https://babbar.tech/crawler)"
217.113.194.37 - - [01/Mar/2026:22:14:52 +0300] "GET /wp-includes/SimplePie/src/Content/?NA HTTP/1.1" 200 771 "-" "Mozilla/5.0 (compatible; Barkrowler/0.9; +https://babbar.tech/crawler)"
217.113.194.37 - - [01/Mar/2026:22:15:17 +0300] "GET /wp-includes/SimplePie/src/Content/?SD HTTP/1.1" 200 772 "-" "Mozilla/5.0 (compatible; Barkrowler/0.9; +https://babbar.tech/crawler)"
217.113.194.32 - - [01/Mar/2026:22:15:29 +0300] "GET /wp-includes/SimplePie/src/Cache/?MD HTTP/1.1" 200 937 "-" "Mozilla/5.0 (compatible; Barkrowler/0.9; +https://babbar.tech/crawler)"
217.113.194.41 - - [01/Mar/2026:22:15:41 +0300] "GET /wp-includes/SimplePie/src/Cache/?SD HTTP/1.1" 200 935 "-" "Mozilla/5.0 (compatible; Barkrowler/0.9; +https://babbar.tech/crawler)"
217.113.194.33 - - [01/Mar/2026:22:16:18 +0300] "GET /wp-includes/SimplePie/src/XML/?SD HTTP/1.1" 200 777 "-" "Mozilla/5.0 (compatible; Barkrowler/0.9; +https://babbar.tech/crawler)"
217.113.194.39 - - [01/Mar/2026:22:16:43 +0300] "GET /wp-includes/SimplePie/src/Net/?MD HTTP/1.1" 200 694 "-" "Mozilla/5.0 (compatible; Barkrowler/0.9; +https://babbar.tech/crawler)"
135.181.3.246 - - [01/Mar/2026:22:16:48 +0300] "GET /wp-includes/class-wp-image-editor-gd.php HTTP/1.1" 500 0 "-" "Mozilla/5.0 (compatible; SERankingBacklinksBot/1.0; +https://seranking.com/backlinks-crawler)"
217.113.194.40 - - [01/Mar/2026:22:16:55 +0300] "GET /wp-includes/SimplePie/src/Net/?SD HTTP/1.1" 200 694 "-" "Mozilla/5.0 (compatible; Barkrowler/0.9; +https://babbar.tech/crawler)"
217.113.194.211 - - [01/Mar/2026:22:17:20 +0300] "GET /wp-includes/rest-api/class-wp-rest-request.php HTTP/1.1" 200 0 "-" "Mozilla/5.0 (compatible; Barkrowler/0.9; +https://babbar.tech/crawler)"
217.113.194.32 - - [01/Mar/2026:22:17:32 +0300] "GET /wp-includes/rest-api/class-wp-rest-server.php HTTP/1.1" 200 0 "-" "Mozilla/5.0 (compatible; Barkrowler/0.9; +https://babbar.tech/crawler)"
217.113.194.210 - - [01/Mar/2026:22:18:21 +0300] "GET /wp-includes/Requests/src/Response/?SD HTTP/1.1" 200 852 "-" "Mozilla/5.0 (compatible; Barkrowler/0.9; +https://babbar.tech/crawler)"
217.113.194.33 - - [01/Mar/2026:22:09:31 +0300] "GET /wp-includes/sodium_compat/src/ HTTP/1.1" 200 1439 "-" "Mozilla/5.0 (compatible; Barkrowler/0.9; +https://babbar.tech/crawler)"
217.113.194.40 - - [01/Mar/2026:22:10:08 +0300] "GET /wp-includes/fonts/class-wp-font-library.php HTTP/1.1" 200 0 "-" "Mozilla/5.0 (compatible; Barkrowler/0.9; +https://babbar.tech/crawler)"
217.113.194.32 - - [01/Mar/2026:22:10:57 +0300] "GET /wp-includes/l10n/class-wp-translations.php HTTP/1.1" 200 0 "-" "Mozilla/5.0 (compatible; Barkrowler/0.9; +https://babbar.tech/crawler)"
217.113.194.209 - - [01/Mar/2026:22:11:22 +0300] "GET /wp-includes/Text/Diff/Engine/?SA HTTP/1.1" 200 883 "-" "Mozilla/5.0 (compatible; Barkrowler/0.9; +https://babbar.tech/crawler)"
217.113.194.211 - - [01/Mar/2026:22:13:50 +0300] "GET /wp-includes/Requests/src/Cookie/?NA HTTP/1.1" 200 787 "-" "Mozilla/5.0 (compatible; Barkrowler/0.9; +https://babbar.tech/crawler)"
217.113.194.209 - - [01/Mar/2026:22:14:02 +0300] "GET /wp-includes/Requests/src/Auth/?MD HTTP/1.1" 200 848 "-" "Mozilla/5.0 (compatible; Barkrowler/0.9; +https://babbar.tech/crawler)"
154.54.249.196 - - [01/Mar/2026:22:14:40 +0300] "GET /wp-includes/interactivity-api/interactivity-api.php HTTP/1.1" 200 0 "-" "Mozilla/5.0 (compatible; Barkrowler/0.9; +https://babbar.tech/crawler)"
217.113.194.37 - - [01/Mar/2026:22:15:04 +0300] "GET /wp-includes/SimplePie/src/Content/?MD HTTP/1.1" 200 772 "-" "Mozilla/5.0 (compatible; Barkrowler/0.9; +https://babbar.tech/crawler)"
217.113.194.40 - - [01/Mar/2026:22:15:54 +0300] "GET /wp-includes/SimplePie/src/Cache/?NA HTTP/1.1" 200 940 "-" "Mozilla/5.0 (compatible; Barkrowler/0.9; +https://babbar.tech/crawler)"
217.113.194.39 - - [01/Mar/2026:22:16:06 +0300] "GET /wp-includes/SimplePie/src/XML/?MD HTTP/1.1" 200 782 "-" "Mozilla/5.0 (compatible; Barkrowler/0.9; +https://babbar.tech/crawler)"
154.54.249.196 - - [01/Mar/2026:22:16:31 +0300] "GET /wp-includes/SimplePie/src/XML/?NA HTTP/1.1" 200 780 "-" "Mozilla/5.0 (compatible; Barkrowler/0.9; +https://babbar.tech/crawler)"
217.113.194.38 - - [01/Mar/2026:22:17:07 +0300] "GET /wp-includes/SimplePie/src/Net/?NA HTTP/1.1" 200 691 "-" "Mozilla/5.0 (compatible; Barkrowler/0.9; +https://babbar.tech/crawler)"
217.113.194.211 - - [01/Mar/2026:22:17:44 +0300] "GET /wp-includes/ID3/module.audio.dts.php HTTP/1.1" 200 0 "-" "Mozilla/5.0 (compatible; Barkrowler/0.9; +https://babbar.tech/crawler)"
217.113.194.32 - - [01/Mar/2026:22:17:57 +0300] "GET /wp-includes/sitemaps/class-wp-sitemaps-registry.php HTTP/1.1" 200 0 "-" "Mozilla/5.0 (compatible; Barkrowler/0.9; +https://babbar.tech/crawler)"
217.113.194.209 - - [01/Mar/2026:22:18:09 +0300] "GET /wp-includes/Requests/src/Response/?MD HTTP/1.1" 200 854 "-" "Mozilla/5.0 (compatible; Barkrowler/0.9; +https://babbar.tech/crawler)"
217.113.194.40 - - [01/Mar/2026:22:18:46 +0300] "GET /wp-includes/Requests/src/Utility/?MD HTTP/1.1" 200 894 "-" "Mozilla/5.0 (compatible; Barkrowler/0.9; +https://babbar.tech/crawler)"
217.113.194.209 - - [01/Mar/2026:22:19:10 +0300] "GET /wp-includes/Requests/src/Utility/?NA HTTP/1.1" 200 891 "-" "Mozilla/5.0 (compatible; Barkrowler/0.9; +https://babbar.tech/crawler)"
217.113.194.37 - - [01/Mar/2026:22:19:23 +0300] "GET /wp-includes/Requests/src/Transport/?MD HTTP/1.1" 200 907 "-" "Mozilla/5.0 (compatible; Barkrowler/0.9; +https://babbar.tech/crawler)"
217.113.194.40 - - [01/Mar/2026:22:19:35 +0300] "GET /wp-includes/Requests/src/Transport/?SD HTTP/1.1" 200 908 "-" "Mozilla/5.0 (compatible; Barkrowler/0.9; +https://babbar.tech/crawler)"
217.113.194.210 - - [01/Mar/2026:22:19:47 +0300] "GET /wp-includes/Requests/src/Transport/?NA HTTP/1.1" 200 911 "-" "Mozilla/5.0 (compatible; Barkrowler/0.9; +https://babbar.tech/crawler)"
217.113.194.40 - - [01/Mar/2026:22:20:49 +0300] "GET /wp-includes/sitemaps/class-wp-sitemaps-stylesheet.php HTTP/1.1" 200 0 "-" "Mozilla/5.0 (compatible; Barkrowler/0.9; +https://babbar.tech/crawler)"
54.235.158.162 - - [01/Mar/2026:22:20:54 +0300] "GET /wp-content/plugins/woocommerce/assets/client/blocks/handpicked-products/?ND HTTP/1.1" 200 802 "-" "Mozilla/5.0 AppleWebKit/537.36 (KHTML, like Gecko; compatible; Amazonbot/0.1; +https://developer.amazon.com/support/amazonbot) Chrome/119.0.6045.214 Safari/537.36"
3.229.95.193 - - [01/Mar/2026:22:20:57 +0300] "GET /wp-content/plugins/woocommerce/assets/client/blocks/add-to-cart-with-options-grouped-product-selector/?ND HTTP/1.1" 200 821 "-" "Mozilla/5.0 AppleWebKit/537.36 (KHTML, like Gecko; compatible; Amazonbot/0.1; +https://developer.amazon.com/support/amazonbot) Chrome/119.0.6045.214 Safari/537.36"
54.147.182.90 - - [01/Mar/2026:22:21:06 +0300] "GET /wp-content/plugins/woocommerce/assets/client/blocks/product-review-date/?MA HTTP/1.1" 200 804 "-" "Mozilla/5.0 AppleWebKit/537.36 (KHTML, like Gecko; compatible; Amazonbot/0.1; +https://developer.amazon.com/support/amazonbot) Chrome/119.0.6045.214 Safari/537.36"
18.214.124.6 - - [01/Mar/2026:22:21:10 +0300] "GET /wp-content/plugins/auxin-pro-tools/includes/elements/elementor/widgets/theme-builder/?MA HTTP/1.1" 200 915 "-" "Mozilla/5.0 AppleWebKit/537.36 (KHTML, like Gecko; compatible; Amazonbot/0.1; +https://developer.amazon.com/support/amazonbot) Chrome/119.0.6045.214 Safari/537.36"
54.243.63.52 - - [01/Mar/2026:22:21:13 +0300] "GET /wp-content/plugins/woocommerce/assets/client/blocks/product-reviews-title/?SA HTTP/1.1" 200 803 "-" "Mozilla/5.0 AppleWebKit/537.36 (KHTML, like Gecko; compatible; Amazonbot/0.1; +https://developer.amazon.com/support/amazonbot) Chrome/119.0.6045.214 Safari/537.36"
3.212.219.113 - - [01/Mar/2026:22:21:17 +0300] "GET /wp-content/plugins/woocommerce/assets/client/blocks/inner-blocks/checkout-shipping-methods-block/ HTTP/1.1" 200 810 "-" "Mozilla/5.0 AppleWebKit/537.36 (KHTML, like Gecko; compatible; Amazonbot/0.1; +https://developer.amazon.com/support/amazonbot) Chrome/119.0.6045.214 Safari/537.36"
52.2.83.227 - - [01/Mar/2026:22:21:21 +0300] "GET /wp-content/plugins/woocommerce/vendor/pelago/emogrifier/src/Css/?MA HTTP/1.1" 200 719 "-" "Mozilla/5.0 AppleWebKit/537.36 (KHTML, like Gecko; compatible; Amazonbot/0.1; +https://developer.amazon.com/support/amazonbot) Chrome/119.0.6045.214 Safari/537.36"
52.2.83.227 - - [01/Mar/2026:22:21:25 +0300] "GET /wp-content/plugins/woocommerce/vendor/composer/installers/src/Composer/Installers/?SA HTTP/1.1" 200 3561 "-" "Mozilla/5.0 AppleWebKit/537.36 (KHTML, like Gecko; compatible; Amazonbot/0.1; +https://developer.amazon.com/support/amazonbot) Chrome/119.0.6045.214 Safari/537.36"
217.113.194.37 - - [01/Mar/2026:22:18:33 +0300] "GET /wp-includes/Requests/src/Response/?NA HTTP/1.1" 200 853 "-" "Mozilla/5.0 (compatible; Barkrowler/0.9; +https://babbar.tech/crawler)"
217.113.194.37 - - [01/Mar/2026:22:18:58 +0300] "GET /wp-includes/Requests/src/Utility/?SD HTTP/1.1" 200 893 "-" "Mozilla/5.0 (compatible; Barkrowler/0.9; +https://babbar.tech/crawler)"
217.113.194.210 - - [01/Mar/2026:22:19:59 +0300] "GET /wp-includes/style-engine/class-wp-style-engine.php HTTP/1.1" 200 0 "-" "Mozilla/5.0 (compatible; Barkrowler/0.9; +https://babbar.tech/crawler)"
217.113.194.33 - - [01/Mar/2026:22:20:12 +0300] "GET /wp-includes/l10n/class-wp-translation-file.php HTTP/1.1" 200 0 "-" "Mozilla/5.0 (compatible; Barkrowler/0.9; +https://babbar.tech/crawler)"
217.113.194.209 - - [01/Mar/2026:22:20:24 +0300] "GET /wp-includes/Text/Diff/Engine/xdiff.php HTTP/1.1" 200 0 "-" "Mozilla/5.0 (compatible; Barkrowler/0.9; +https://babbar.tech/crawler)"
154.54.249.196 - - [01/Mar/2026:22:20:36 +0300] "GET /wp-includes/sodium_compat/autoload-php7.php HTTP/1.1" 200 0 "-" "Mozilla/5.0 (compatible; Barkrowler/0.9; +https://babbar.tech/crawler)"
217.113.194.210 - - [01/Mar/2026:22:21:01 +0300] "GET /wp-includes/sitemaps/class-wp-sitemaps-renderer.php HTTP/1.1" 200 0 "-" "Mozilla/5.0 (compatible; Barkrowler/0.9; +https://babbar.tech/crawler)"
44.212.106.171 - - [01/Mar/2026:22:21:01 +0300] "GET /wp-content/plugins/woocommerce/assets/client/blocks/product-collection-no-results/?ND HTTP/1.1" 200 805 "-" "Mozilla/5.0 AppleWebKit/537.36 (KHTML, like Gecko; compatible; Amazonbot/0.1; +https://developer.amazon.com/support/amazonbot) Chrome/119.0.6045.214 Safari/537.36"
217.113.194.37 - - [01/Mar/2026:22:21:13 +0300] "GET /wp-includes/Requests/src/Proxy/?NA HTTP/1.1" 200 848 "-" "Mozilla/5.0 (compatible; Barkrowler/0.9; +https://babbar.tech/crawler)"
217.113.194.35 - - [01/Mar/2026:22:21:25 +0300] "GET /wp-includes/Requests/src/Proxy/?MD HTTP/1.1" 200 849 "-" "Mozilla/5.0 (compatible; Barkrowler/0.9; +https://babbar.tech/crawler)"
184.73.68.20 - - [01/Mar/2026:22:21:29 +0300] "GET /wp-content/plugins/auxin-pro-tools/admin/includes/modules/?MD HTTP/1.1" 200 709 "-" "Mozilla/5.0 AppleWebKit/537.36 (KHTML, like Gecko; compatible; Amazonbot/0.1; +https://developer.amazon.com/support/amazonbot) Chrome/119.0.6045.214 Safari/537.36"
23.21.250.48 - - [01/Mar/2026:22:21:37 +0300] "GET /wp-content/plugins/yith-woocommerce-name-your-price-premium/plugin-fw/templates/bh-onboarding/?NA HTTP/1.1" 200 827 "-" "Mozilla/5.0 AppleWebKit/537.36 (KHTML, like Gecko; compatible; Amazonbot/0.1; +https://developer.amazon.com/support/amazonbot) Chrome/119.0.6045.214 Safari/537.36"
217.113.194.38 - - [01/Mar/2026:22:21:38 +0300] "GET /wp-includes/Requests/src/Proxy/?SD HTTP/1.1" 200 848 "-" "Mozilla/5.0 (compatible; Barkrowler/0.9; +https://babbar.tech/crawler)"
217.113.194.32 - - [01/Mar/2026:22:21:50 +0300] "GET /wp-includes/Requests/src/Exception/?NA HTTP/1.1" 200 1344 "-" "Mozilla/5.0 (compatible; Barkrowler/0.9; +https://babbar.tech/crawler)"
217.113.194.37 - - [01/Mar/2026:22:22:15 +0300] "GET /wp-includes/Requests/src/Exception/?SD HTTP/1.1" 200 1338 "-" "Mozilla/5.0 (compatible; Barkrowler/0.9; +https://babbar.tech/crawler)"
217.113.194.39 - - [01/Mar/2026:22:22:27 +0300] "GET /wp-includes/SimplePie/src/Content/Type/?ND HTTP/1.1" 200 696 "-" "Mozilla/5.0 (compatible; Barkrowler/0.9; +https://babbar.tech/crawler)"
217.113.194.211 - - [01/Mar/2026:22:22:39 +0300] "GET /wp-includes/SimplePie/src/Content/Type/?MA HTTP/1.1" 200 698 "-" "Mozilla/5.0 (compatible; Barkrowler/0.9; +https://babbar.tech/crawler)"
217.113.194.209 - - [01/Mar/2026:22:23:04 +0300] "GET /wp-includes/SimplePie/src/Parse/?NA HTTP/1.1" 200 693 "-" "Mozilla/5.0 (compatible; Barkrowler/0.9; +https://babbar.tech/crawler)"
217.113.194.39 - - [01/Mar/2026:22:23:16 +0300] "GET /wp-includes/SimplePie/src/Parse/?MD HTTP/1.1" 200 695 "-" "Mozilla/5.0 (compatible; Barkrowler/0.9; +https://babbar.tech/crawler)"
35.173.18.61 - - [01/Mar/2026:22:21:33 +0300] "GET /wp-content/plugins/elementor-pro/modules/assets-manager/asset-types/icons/import-export-customization/import-export-customization.php HTTP/1.1" 200 0 "-" "Mozilla/5.0 AppleWebKit/537.36 (KHTML, like Gecko; compatible; Amazonbot/0.1; +https://developer.amazon.com/support/amazonbot) Chrome/119.0.6045.214 Safari/537.36"
217.113.194.35 - - [01/Mar/2026:22:22:02 +0300] "GET /wp-includes/Requests/src/Exception/?MD HTTP/1.1" 200 1341 "-" "Mozilla/5.0 (compatible; Barkrowler/0.9; +https://babbar.tech/crawler)"
217.113.194.40 - - [01/Mar/2026:22:22:51 +0300] "GET /wp-includes/SimplePie/src/Content/Type/?SA HTTP/1.1" 200 698 "-" "Mozilla/5.0 (compatible; Barkrowler/0.9; +https://babbar.tech/crawler)"
217.113.194.210 - - [01/Mar/2026:22:23:29 +0300] "GET /wp-includes/SimplePie/src/Parse/?SD HTTP/1.1" 200 695 "-" "Mozilla/5.0 (compatible; Barkrowler/0.9; +https://babbar.tech/crawler)"
217.113.194.211 - - [01/Mar/2026:22:24:43 +0300] "GET /wp-includes/SimplePie/src/HTTP/?MD HTTP/1.1" 200 886 "-" "Mozilla/5.0 (compatible; Barkrowler/0.9; +https://babbar.tech/crawler)"
217.113.194.39 - - [01/Mar/2026:22:25:07 +0300] "GET /wp-includes/SimplePie/src/HTTP/?NA HTTP/1.1" 200 884 "-" "Mozilla/5.0 (compatible; Barkrowler/0.9; +https://babbar.tech/crawler)"
217.113.194.38 - - [01/Mar/2026:22:25:20 +0300] "GET /wp-includes/PHPMailer/OAuthTokenProvider.php HTTP/1.1" 200 0 "-" "Mozilla/5.0 (compatible; Barkrowler/0.9; +https://babbar.tech/crawler)"
217.113.194.32 - - [01/Mar/2026:22:25:32 +0300] "GET /wp-includes/ID3/module.tag.id3v1.php HTTP/1.1" 200 0 "-" "Mozilla/5.0 (compatible; Barkrowler/0.9; +https://babbar.tech/crawler)"
217.113.194.209 - - [01/Mar/2026:22:25:44 +0300] "GET /wp-includes/ID3/module.tag.lyrics3.php HTTP/1.1" 200 0 "-" "Mozilla/5.0 (compatible; Barkrowler/0.9; +https://babbar.tech/crawler)"
217.113.194.32 - - [01/Mar/2026:22:25:57 +0300] "GET /wp-includes/IXR/class-IXR-client.php HTTP/1.1" 200 0 "-" "Mozilla/5.0 (compatible; Barkrowler/0.9; +https://babbar.tech/crawler)"
217.113.194.211 - - [01/Mar/2026:22:26:09 +0300] "GET /wp-includes/IXR/class-IXR-value.php HTTP/1.1" 200 0 "-" "Mozilla/5.0 (compatible; Barkrowler/0.9; +https://babbar.tech/crawler)"
217.113.194.36 - - [01/Mar/2026:22:26:21 +0300] "GET /wp-includes/IXR/class-IXR-server.php HTTP/1.1" 200 0 "-" "Mozilla/5.0 (compatible; Barkrowler/0.9; +https://babbar.tech/crawler)"
217.113.194.38 - - [01/Mar/2026:22:26:33 +0300] "GET /wp-includes/IXR/class-IXR-message.php HTTP/1.1" 200 0 "-" "Mozilla/5.0 (compatible; Barkrowler/0.9; +https://babbar.tech/crawler)"
217.113.194.210 - - [01/Mar/2026:22:26:46 +0300] "GET /wp-includes/style-engine/class-wp-style-engine-processor.php HTTP/1.1" 200 0 "-" "Mozilla/5.0 (compatible; Barkrowler/0.9; +https://babbar.tech/crawler)"
217.113.194.40 - - [01/Mar/2026:22:27:23 +0300] "GET /wp-includes/sodium_compat/src/Core/?MD HTTP/1.1" 200 1930 "-" "Mozilla/5.0 (compatible; Barkrowler/0.9; +https://babbar.tech/crawler)"
217.113.194.36 - - [01/Mar/2026:22:27:59 +0300] "GET /wp-includes/Requests/src/Exception/Http/?SA HTTP/1.1" 200 1761 "-" "Mozilla/5.0 (compatible; Barkrowler/0.9; +https://babbar.tech/crawler)"
217.113.194.32 - - [01/Mar/2026:22:28:24 +0300] "GET /wp-includes/Requests/src/Exception/Transport/?ND HTTP/1.1" 200 858 "-" "Mozilla/5.0 (compatible; Barkrowler/0.9; +https://babbar.tech/crawler)"
217.113.194.37 - - [01/Mar/2026:22:28:36 +0300] "GET /wp-includes/Requests/src/Exception/Transport/?MA HTTP/1.1" 200 860 "-" "Mozilla/5.0 (compatible; Barkrowler/0.9; +https://babbar.tech/crawler)"
217.113.194.210 - - [01/Mar/2026:22:29:01 +0300] "GET /wp-includes/Requests/src/Exception/Transport/Curl.php HTTP/1.1" 500 0 "-" "Mozilla/5.0 (compatible; Barkrowler/0.9; +https://babbar.tech/crawler)"
217.113.194.209 - - [01/Mar/2026:22:31:01 +0300] "GET /wp-includes/interactivity-api/class-wp-interactivity-api.php HTTP/1.1" 200 0 "-" "Mozilla/5.0 (compatible; Barkrowler/0.9; +https://babbar.tech/crawler)"
217.113.194.35 - - [01/Mar/2026:22:23:41 +0300] "GET /wp-includes/abilities-api/class-wp-ability.php HTTP/1.1" 200 0 "-" "Mozilla/5.0 (compatible; Barkrowler/0.9; +https://babbar.tech/crawler)"
217.113.194.35 - - [01/Mar/2026:22:23:54 +0300] "GET /wp-includes/PHPMailer/DSNConfigurator.php HTTP/1.1" 200 0 "-" "Mozilla/5.0 (compatible; Barkrowler/0.9; +https://babbar.tech/crawler)"
154.54.249.196 - - [01/Mar/2026:22:24:06 +0300] "GET /wp-includes/ID3/module.tag.id3v2.php HTTP/1.1" 200 0 "-" "Mozilla/5.0 (compatible; Barkrowler/0.9; +https://babbar.tech/crawler)"
217.113.194.39 - - [01/Mar/2026:22:24:18 +0300] "GET /wp-includes/ID3/module.tag.apetag.php HTTP/1.1" 200 0 "-" "Mozilla/5.0 (compatible; Barkrowler/0.9; +https://babbar.tech/crawler)"
217.113.194.209 - - [01/Mar/2026:22:24:31 +0300] "GET /wp-includes/l10n/class-wp-translation-controller.php HTTP/1.1" 200 0 "-" "Mozilla/5.0 (compatible; Barkrowler/0.9; +https://babbar.tech/crawler)"
217.113.194.41 - - [01/Mar/2026:22:24:55 +0300] "GET /wp-includes/SimplePie/src/HTTP/?SD HTTP/1.1" 200 884 "-" "Mozilla/5.0 (compatible; Barkrowler/0.9; +https://babbar.tech/crawler)"
217.113.194.209 - - [01/Mar/2026:22:26:58 +0300] "GET /wp-includes/fonts/class-wp-font-face-resolver.php HTTP/1.1" 200 0 "-" "Mozilla/5.0 (compatible; Barkrowler/0.9; +https://babbar.tech/crawler)"
217.113.194.209 - - [01/Mar/2026:22:27:10 +0300] "GET /wp-includes/IXR/class-IXR-base64.php HTTP/1.1" 200 0 "-" "Mozilla/5.0 (compatible; Barkrowler/0.9; +https://babbar.tech/crawler)"
217.113.194.32 - - [01/Mar/2026:22:27:35 +0300] "GET /wp-includes/sodium_compat/src/Core/?SD HTTP/1.1" 200 1961 "-" "Mozilla/5.0 (compatible; Barkrowler/0.9; +https://babbar.tech/crawler)"
217.113.194.209 - - [01/Mar/2026:22:27:47 +0300] "GET /wp-includes/Requests/src/Exception/Http/?MA HTTP/1.1" 200 1792 "-" "Mozilla/5.0 (compatible; Barkrowler/0.9; +https://babbar.tech/crawler)"
217.113.194.209 - - [01/Mar/2026:22:28:12 +0300] "GET /wp-includes/Requests/src/Exception/Http/?ND HTTP/1.1" 200 1784 "-" "Mozilla/5.0 (compatible; Barkrowler/0.9; +https://babbar.tech/crawler)"
154.54.249.196 - - [01/Mar/2026:22:28:49 +0300] "GET /wp-includes/Requests/src/Exception/Transport/?SA HTTP/1.1" 200 857 "-" "Mozilla/5.0 (compatible; Barkrowler/0.9; +https://babbar.tech/crawler)"
217.113.194.40 - - [01/Mar/2026:22:31:13 +0300] "GET /wp-includes/SimplePie/src/XML/Declaration/Parser.php HTTP/1.1" 200 0 "-" "Mozilla/5.0 (compatible; Barkrowler/0.9; +https://babbar.tech/crawler)"
217.113.194.37 - - [01/Mar/2026:22:31:26 +0300] "GET /wp-includes/SimplePie/src/XML/Declaration/?ND HTTP/1.1" 200 796 "-" "Mozilla/5.0 (compatible; Barkrowler/0.9; +https://babbar.tech/crawler)"
217.113.194.32 - - [01/Mar/2026:22:31:50 +0300] "GET /wp-includes/SimplePie/src/XML/Declaration/?SA HTTP/1.1" 200 798 "-" "Mozilla/5.0 (compatible; Barkrowler/0.9; +https://babbar.tech/crawler)"
217.113.194.39 - - [01/Mar/2026:22:32:27 +0300] "GET /wp-includes/sodium_compat/src/Core32/?MD HTTP/1.1" 200 1772 "-" "Mozilla/5.0 (compatible; Barkrowler/0.9; +https://babbar.tech/crawler)"
154.54.249.196 - - [01/Mar/2026:22:32:52 +0300] "GET /wp-includes/sodium_compat/src/PHP52/?NA HTTP/1.1" 200 803 "-" "Mozilla/5.0 (compatible; Barkrowler/0.9; +https://babbar.tech/crawler)"
217.113.194.32 - - [01/Mar/2026:22:33:05 +0300] "GET /wp-includes/sodium_compat/src/PHP52/?MD HTTP/1.1" 200 807 "-" "Mozilla/5.0 (compatible; Barkrowler/0.9; +https://babbar.tech/crawler)"
217.113.194.37 - - [01/Mar/2026:22:33:29 +0300] "GET /wp-includes/sodium_compat/namespaced/Core/?MD HTTP/1.1" 200 1578 "-" "Mozilla/5.0 (compatible; Barkrowler/0.9; +https://babbar.tech/crawler)"
217.113.194.40 - - [01/Mar/2026:22:33:54 +0300] "GET /wp-includes/sodium_compat/namespaced/Core/?NA HTTP/1.1" 200 1577 "-" "Mozilla/5.0 (compatible; Barkrowler/0.9; +https://babbar.tech/crawler)"
217.113.194.209 - - [01/Mar/2026:22:34:18 +0300] "GET /wp-includes/style-engine/class-wp-style-engine-css-rule.php HTTP/1.1" 200 0 "-" "Mozilla/5.0 (compatible; Barkrowler/0.9; +https://babbar.tech/crawler)"
217.113.194.211 - - [01/Mar/2026:22:34:31 +0300] "GET /wp-includes/sodium_compat/src/Core/AES/Block.php HTTP/1.1" 200 0 "-" "Mozilla/5.0 (compatible; Barkrowler/0.9; +https://babbar.tech/crawler)"
217.113.194.39 - - [01/Mar/2026:22:34:43 +0300] "GET /wp-includes/sodium_compat/src/Core/Base64/Original.php HTTP/1.1" 200 0 "-" "Mozilla/5.0 (compatible; Barkrowler/0.9; +https://babbar.tech/crawler)"
217.113.194.210 - - [01/Mar/2026:22:34:55 +0300] "GET /wp-includes/Requests/src/Exception/Http/Status407.php HTTP/1.1" 500 0 "-" "Mozilla/5.0 (compatible; Barkrowler/0.9; +https://babbar.tech/crawler)"
217.113.194.32 - - [01/Mar/2026:22:31:38 +0300] "GET /wp-includes/SimplePie/src/XML/Declaration/?MA HTTP/1.1" 200 800 "-" "Mozilla/5.0 (compatible; Barkrowler/0.9; +https://babbar.tech/crawler)"
217.113.194.39 - - [01/Mar/2026:22:32:03 +0300] "GET /wp-includes/abilities-api/class-wp-abilities-registry.php HTTP/1.1" 200 0 "-" "Mozilla/5.0 (compatible; Barkrowler/0.9; +https://babbar.tech/crawler)"
217.113.194.34 - - [01/Mar/2026:22:32:15 +0300] "GET /wp-includes/sodium_compat/src/Core32/?NA HTTP/1.1" 200 1790 "-" "Mozilla/5.0 (compatible; Barkrowler/0.9; +https://babbar.tech/crawler)"
217.113.194.211 - - [01/Mar/2026:22:32:40 +0300] "GET /wp-includes/sodium_compat/src/Core32/?SD HTTP/1.1" 200 1791 "-" "Mozilla/5.0 (compatible; Barkrowler/0.9; +https://babbar.tech/crawler)"
154.54.249.196 - - [01/Mar/2026:22:33:17 +0300] "GET /wp-includes/sodium_compat/src/PHP52/?SD HTTP/1.1" 200 805 "-" "Mozilla/5.0 (compatible; Barkrowler/0.9; +https://babbar.tech/crawler)"
217.113.194.40 - - [01/Mar/2026:22:33:42 +0300] "GET /wp-includes/sodium_compat/namespaced/Core/?SD HTTP/1.1" 200 1563 "-" "Mozilla/5.0 (compatible; Barkrowler/0.9; +https://babbar.tech/crawler)"
217.113.194.34 - - [01/Mar/2026:22:34:06 +0300] "GET /wp-includes/style-engine/class-wp-style-engine-css-declarations.php HTTP/1.1" 200 0 "-" "Mozilla/5.0 (compatible; Barkrowler/0.9; +https://babbar.tech/crawler)"
217.113.194.40 - - [01/Mar/2026:22:36:56 +0300] "GET /wp-includes/Requests/src/Exception/Http/Status501.php HTTP/1.1" 500 0 "-" "Mozilla/5.0 (compatible; Barkrowler/0.9; +https://babbar.tech/crawler)"
217.113.194.34 - - [01/Mar/2026:22:40:56 +0300] "GET /wp-includes/Requests/src/Exception/Http/Status414.php HTTP/1.1" 500 0 "-" "Mozilla/5.0 (compatible; Barkrowler/0.9; +https://babbar.tech/crawler)"
217.113.194.33 - - [01/Mar/2026:22:44:57 +0300] "GET /wp-includes/Requests/src/Exception/Http/Status504.php HTTP/1.1" 500 0 "-" "Mozilla/5.0 (compatible; Barkrowler/0.9; +https://babbar.tech/crawler)"
54.197.178.107 - - [01/Mar/2026:22:46:21 +0300] "GET /wp-content/plugins/elementor-pro/assets/lib/?SD HTTP/1.1" 200 1307 "-" "Mozilla/5.0 AppleWebKit/537.36 (KHTML, like Gecko; compatible; Amazonbot/0.1; +https://developer.amazon.com/support/amazonbot) Chrome/119.0.6045.214 Safari/537.36"
52.71.46.142 - - [01/Mar/2026:22:46:25 +0300] "GET /wp-content/plugins/woocommerce/assets/client/blocks/product-category/?SA HTTP/1.1" 200 802 "-" "Mozilla/5.0 AppleWebKit/537.36 (KHTML, like Gecko; compatible; Amazonbot/0.1; +https://developer.amazon.com/support/amazonbot) Chrome/119.0.6045.214 Safari/537.36"
3.90.73.206 - - [01/Mar/2026:22:46:29 +0300] "GET /wp-content/plugins/woocommerce/vendor/composer/installers/src/Composer/Installers/MajimaInstaller.php HTTP/1.1" 500 0 "-" "Mozilla/5.0 AppleWebKit/537.36 (KHTML, like Gecko; compatible; Amazonbot/0.1; +https://developer.amazon.com/support/amazonbot) Chrome/119.0.6045.214 Safari/537.36"
44.217.255.167 - - [01/Mar/2026:22:46:33 +0300] "GET /wp-content/plugins/woocommerce/src/Blocks/BlockTypes/AddToCartWithOptions/Utils.php HTTP/1.1" 200 0 "-" "Mozilla/5.0 AppleWebKit/537.36 (KHTML, like Gecko; compatible; Amazonbot/0.1; +https://developer.amazon.com/support/amazonbot) Chrome/119.0.6045.214 Safari/537.36"
44.217.177.142 - - [01/Mar/2026:22:46:45 +0300] "GET /wp-content/plugins/woocommerce/vendor/pelago/emogrifier/src/Caching/?ND HTTP/1.1" 200 718 "-" "Mozilla/5.0 AppleWebKit/537.36 (KHTML, like Gecko; compatible; Amazonbot/0.1; +https://developer.amazon.com/support/amazonbot) Chrome/119.0.6045.214 Safari/537.36"
52.45.77.169 - - [01/Mar/2026:22:46:53 +0300] "GET /wp-content/plugins/elementor-pro/modules/assets-manager/asset-types/icons/?SD HTTP/1.1" 200 1273 "-" "Mozilla/5.0 AppleWebKit/537.36 (KHTML, like Gecko; compatible; Amazonbot/0.1; +https://developer.amazon.com/support/amazonbot) Chrome/119.0.6045.214 Safari/537.36"
217.113.194.33 - - [01/Mar/2026:22:38:56 +0300] "GET /wp-includes/Requests/src/Exception/Http/Status428.php HTTP/1.1" 500 0 "-" "Mozilla/5.0 (compatible; Barkrowler/0.9; +https://babbar.tech/crawler)"
217.113.194.209 - - [01/Mar/2026:22:42:57 +0300] "GET /wp-includes/Requests/src/Exception/Http/Status431.php HTTP/1.1" 500 0 "-" "Mozilla/5.0 (compatible; Barkrowler/0.9; +https://babbar.tech/crawler)"
54.243.63.52 - - [01/Mar/2026:22:46:38 +0300] "GET /wp-content/plugins/auxin-elements/vendor/enshrined/svg-sanitize/tests/data/?MD HTTP/1.1" 200 1645 "-" "Mozilla/5.0 AppleWebKit/537.36 (KHTML, like Gecko; compatible; Amazonbot/0.1; +https://developer.amazon.com/support/amazonbot) Chrome/119.0.6045.214 Safari/537.36"
3.218.103.254 - - [01/Mar/2026:22:46:41 +0300] "GET /wp-content/plugins/woocommerce/src/Blocks/BlockTypes/Accordion/?MA HTTP/1.1" 200 957 "-" "Mozilla/5.0 AppleWebKit/537.36 (KHTML, like Gecko; compatible; Amazonbot/0.1; +https://developer.amazon.com/support/amazonbot) Chrome/119.0.6045.214 Safari/537.36"
44.206.93.215 - - [01/Mar/2026:22:46:50 +0300] "GET /wp-content/plugins/elementor-pro/modules/mega-menu/controls/control-menu-dropdown-animation.php HTTP/1.1" 500 0 "-" "Mozilla/5.0 AppleWebKit/537.36 (KHTML, like Gecko; compatible; Amazonbot/0.1; +https://developer.amazon.com/support/amazonbot) Chrome/119.0.6045.214 Safari/537.36"
217.113.194.35 - - [01/Mar/2026:22:46:57 +0300] "GET /wp-includes/Requests/src/Exception/Http/Status404.php HTTP/1.1" 500 0 "-" "Mozilla/5.0 (compatible; Barkrowler/0.9; +https://babbar.tech/crawler)"
52.3.102.51 - - [01/Mar/2026:22:48:45 +0300] "GET /wp-content/plugins/elementor/modules/wc-product-editor/ HTTP/1.1" 200 705 "-" "Mozilla/5.0 AppleWebKit/537.36 (KHTML, like Gecko; compatible; Amazonbot/0.1; +https://developer.amazon.com/support/amazonbot) Chrome/119.0.6045.214 Safari/537.36"
44.221.37.41 - - [01/Mar/2026:22:48:49 +0300] "GET /wp-content/plugins/elementor-pro/modules/theme-builder/import-export-customization/ HTTP/1.1" 200 866 "-" "Mozilla/5.0 AppleWebKit/537.36 (KHTML, like Gecko; compatible; Amazonbot/0.1; +https://developer.amazon.com/support/amazonbot) Chrome/119.0.6045.214 Safari/537.36"
217.113.194.33 - - [01/Mar/2026:22:48:58 +0300] "GET /wp-includes/Requests/src/Exception/Http/Status511.php HTTP/1.1" 500 0 "-" "Mozilla/5.0 (compatible; Barkrowler/0.9; +https://babbar.tech/crawler)"
217.113.194.37 - - [01/Mar/2026:22:50:58 +0300] "GET /wp-includes/Requests/src/Exception/Http/Status402.php HTTP/1.1" 500 0 "-" "Mozilla/5.0 (compatible; Barkrowler/0.9; +https://babbar.tech/crawler)"
217.113.194.209 - - [01/Mar/2026:22:52:59 +0300] "GET /wp-includes/Requests/src/Exception/Http/Status429.php HTTP/1.1" 500 0 "-" "Mozilla/5.0 (compatible; Barkrowler/0.9; +https://babbar.tech/crawler)"
217.113.194.209 - - [01/Mar/2026:22:59:00 +0300] "GET /wp-includes/Requests/src/Exception/Http/Status400.php HTTP/1.1" 500 0 "-" "Mozilla/5.0 (compatible; Barkrowler/0.9; +https://babbar.tech/crawler)"
66.249.74.105 - - [01/Mar/2026:23:00:04 +0300] "GET /robots.txt HTTP/1.1" 404 796 "-" "Mozilla/5.0 (compatible; Googlebot/2.1; +http://www.google.com/bot.html)"
217.113.194.209 - - [01/Mar/2026:23:03:00 +0300] "GET /wp-includes/Requests/src/Exception/Http/Status409.php HTTP/1.1" 500 0 "-" "Mozilla/5.0 (compatible; Barkrowler/0.9; +https://babbar.tech/crawler)"
217.113.194.39 - - [01/Mar/2026:23:05:01 +0300] "GET /wp-includes/Requests/src/Exception/Http/Status408.php HTTP/1.1" 500 0 "-" "Mozilla/5.0 (compatible; Barkrowler/0.9; +https://babbar.tech/crawler)"
217.113.194.210 - - [01/Mar/2026:22:54:59 +0300] "GET /wp-includes/Requests/src/Exception/Http/Status305.php HTTP/1.1" 500 0 "-" "Mozilla/5.0 (compatible; Barkrowler/0.9; +https://babbar.tech/crawler)"
217.113.194.40 - - [01/Mar/2026:22:56:59 +0300] "GET /wp-includes/Requests/src/Exception/Http/Status410.php HTTP/1.1" 500 0 "-" "Mozilla/5.0 (compatible; Barkrowler/0.9; +https://babbar.tech/crawler)"
66.249.76.6 - - [01/Mar/2026:23:00:04 +0300] "GET /wp-content/uploads/2025/10/afrika-su-kuyusu-bagisi.webp HTTP/1.1" 404 796 "-" "Googlebot-Image/1.0"
217.113.194.211 - - [01/Mar/2026:23:01:00 +0300] "GET /wp-includes/Requests/src/Exception/Http/Status306.php HTTP/1.1" 500 0 "-" "Mozilla/5.0 (compatible; Barkrowler/0.9; +https://babbar.tech/crawler)"
217.113.194.210 - - [01/Mar/2026:23:07:01 +0300] "GET /wp-includes/Requests/src/Exception/Http/Status406.php HTTP/1.1" 500 0 "-" "Mozilla/5.0 (compatible; Barkrowler/0.9; +https://babbar.tech/crawler)"
44.194.134.53 - - [01/Mar/2026:23:13:33 +0300] "GET /wp-content/plugins/auxin-pro-tools/includes/elements/elementor/?MD HTTP/1.1" 200 890 "-" "Mozilla/5.0 AppleWebKit/537.36 (KHTML, like Gecko; compatible; Amazonbot/0.1; +https://developer.amazon.com/support/amazonbot) Chrome/119.0.6045.214 Safari/537.36"
34.238.45.183 - - [01/Mar/2026:23:13:37 +0300] "GET /wp-content/plugins/woocommerce/assets/client/blocks/mini-cart/?SA HTTP/1.1" 200 797 "-" "Mozilla/5.0 AppleWebKit/537.36 (KHTML, like Gecko; compatible; Amazonbot/0.1; +https://developer.amazon.com/support/amazonbot) Chrome/119.0.6045.214 Safari/537.36"
3.216.13.10 - - [01/Mar/2026:23:13:45 +0300] "GET /wp-content/plugins/woocommerce/assets/client/blocks/product-review-template/?ND HTTP/1.1" 200 802 "-" "Mozilla/5.0 AppleWebKit/537.36 (KHTML, like Gecko; compatible; Amazonbot/0.1; +https://developer.amazon.com/support/amazonbot) Chrome/119.0.6045.214 Safari/537.36"
54.84.169.196 - - [01/Mar/2026:23:13:57 +0300] "GET /wp-content/plugins/woocommerce/src/Blocks/Utils/?SA HTTP/1.1" 200 1518 "-" "Mozilla/5.0 AppleWebKit/537.36 (KHTML, like Gecko; compatible; Amazonbot/0.1; +https://developer.amazon.com/support/amazonbot) Chrome/119.0.6045.214 Safari/537.36"
54.163.136.244 - - [01/Mar/2026:23:14:02 +0300] "GET /wp-content/plugins/woocommerce/vendor/opis/json-schema/src/Errors/?MD HTTP/1.1" 200 883 "-" "Mozilla/5.0 AppleWebKit/537.36 (KHTML, like Gecko; compatible; Amazonbot/0.1; +https://developer.amazon.com/support/amazonbot) Chrome/119.0.6045.214 Safari/537.36"
3.221.156.96 - - [01/Mar/2026:23:14:05 +0300] "GET /wp-content/plugins/woocommerce/assets/client/blocks/add-to-cart-with-options-variation-selector-attribute-options/?ND HTTP/1.1" 200 824 "-" "Mozilla/5.0 AppleWebKit/537.36 (KHTML, like Gecko; compatible; Amazonbot/0.1; +https://developer.amazon.com/support/amazonbot) Chrome/119.0.6045.214 Safari/537.36"
217.113.194.40 - - [01/Mar/2026:23:17:03 +0300] "GET /wp-includes/Requests/src/Exception/Http/Status418.php HTTP/1.1" 500 0 "-" "Mozilla/5.0 (compatible; Barkrowler/0.9; +https://babbar.tech/crawler)"
217.113.194.210 - - [01/Mar/2026:23:19:03 +0300] "GET /wp-includes/Requests/src/Exception/Http/Status405.php HTTP/1.1" 500 0 "-" "Mozilla/5.0 (compatible; Barkrowler/0.9; +https://babbar.tech/crawler)"
217.113.194.32 - - [01/Mar/2026:23:21:03 +0300] "GET /wp-includes/Requests/src/Exception/Http/Status403.php HTTP/1.1" 500 0 "-" "Mozilla/5.0 (compatible; Barkrowler/0.9; +https://babbar.tech/crawler)"
217.113.194.33 - - [01/Mar/2026:23:23:03 +0300] "GET /wp-includes/Requests/src/Exception/Http/Status505.php HTTP/1.1" 500 0 "-" "Mozilla/5.0 (compatible; Barkrowler/0.9; +https://babbar.tech/crawler)"
217.113.194.209 - - [01/Mar/2026:23:25:04 +0300] "GET /wp-includes/Requests/src/Exception/Http/Status417.php HTTP/1.1" 500 0 "-" "Mozilla/5.0 (compatible; Barkrowler/0.9; +https://babbar.tech/crawler)"
217.113.194.38 - - [01/Mar/2026:23:09:01 +0300] "GET /wp-includes/Requests/src/Exception/Http/Status401.php HTTP/1.1" 500 0 "-" "Mozilla/5.0 (compatible; Barkrowler/0.9; +https://babbar.tech/crawler)"
217.113.194.34 - - [01/Mar/2026:23:11:01 +0300] "GET /wp-includes/Requests/src/Exception/Http/Status412.php HTTP/1.1" 500 0 "-" "Mozilla/5.0 (compatible; Barkrowler/0.9; +https://babbar.tech/crawler)"
217.113.194.36 - - [01/Mar/2026:23:13:02 +0300] "GET /wp-includes/Requests/src/Exception/Http/Status416.php HTTP/1.1" 500 0 "-" "Mozilla/5.0 (compatible; Barkrowler/0.9; +https://babbar.tech/crawler)"
100.28.133.214 - - [01/Mar/2026:23:13:41 +0300] "GET /wp-content/plugins/woocommerce/assets/client/blocks/store-notices/?ND HTTP/1.1" 200 795 "-" "Mozilla/5.0 AppleWebKit/537.36 (KHTML, like Gecko; compatible; Amazonbot/0.1; +https://developer.amazon.com/support/amazonbot) Chrome/119.0.6045.214 Safari/537.36"
44.221.180.179 - - [01/Mar/2026:23:13:50 +0300] "GET /wp-content/plugins/woocommerce/assets/images/product_data/?SD HTTP/1.1" 200 806 "-" "Mozilla/5.0 AppleWebKit/537.36 (KHTML, like Gecko; compatible; Amazonbot/0.1; +https://developer.amazon.com/support/amazonbot) Chrome/119.0.6045.214 Safari/537.36"
52.70.209.13 - - [01/Mar/2026:23:13:54 +0300] "GET /wp-content/plugins/auxin-pro-tools/includes/elements/elementor/widgets/?MD HTTP/1.1" 200 1567 "-" "Mozilla/5.0 AppleWebKit/537.36 (KHTML, like Gecko; compatible; Amazonbot/0.1; +https://developer.amazon.com/support/amazonbot) Chrome/119.0.6045.214 Safari/537.36"
54.166.126.132 - - [01/Mar/2026:23:14:09 +0300] "GET /wp-admin/user/profile.php HTTP/1.1" 500 0 "-" "Mozilla/5.0 AppleWebKit/537.36 (KHTML, like Gecko; compatible; Amazonbot/0.1; +https://developer.amazon.com/support/amazonbot) Chrome/119.0.6045.214 Safari/537.36"
217.113.194.35 - - [01/Mar/2026:23:15:02 +0300] "GET /wp-includes/Requests/src/Exception/Http/Status500.php HTTP/1.1" 500 0 "-" "Mozilla/5.0 (compatible; Barkrowler/0.9; +https://babbar.tech/crawler)"
217.113.194.33 - - [01/Mar/2026:23:27:04 +0300] "GET /wp-includes/Requests/src/Exception/Http/Status304.php HTTP/1.1" 500 0 "-" "Mozilla/5.0 (compatible; Barkrowler/0.9; +https://babbar.tech/crawler)"
217.113.194.35 - - [01/Mar/2026:23:29:04 +0300] "GET /wp-includes/Requests/src/Exception/Http/Status411.php HTTP/1.1" 500 0 "-" "Mozilla/5.0 (compatible; Barkrowler/0.9; +https://babbar.tech/crawler)"
217.113.194.211 - - [01/Mar/2026:23:31:04 +0300] "GET /wp-includes/Requests/src/Exception/Http/Status413.php HTTP/1.1" 500 0 "-" "Mozilla/5.0 (compatible; Barkrowler/0.9; +https://babbar.tech/crawler)"
217.113.194.209 - - [01/Mar/2026:23:33:05 +0300] "GET /wp-includes/Requests/src/Exception/Http/Status503.php HTTP/1.1" 500 0 "-" "Mozilla/5.0 (compatible; Barkrowler/0.9; +https://babbar.tech/crawler)"
135.181.3.246 - - [01/Mar/2026:23:35:45 +0300] "GET /wp-content/?ND HTTP/1.1" 200 1365 "-" "Mozilla/5.0 (compatible; SERankingBacklinksBot/1.0; +https://seranking.com/backlinks-crawler)"
135.181.3.246 - - [01/Mar/2026:23:35:49 +0300] "GET /wp-content/?SA HTTP/1.1" 200 1378 "-" "Mozilla/5.0 (compatible; SERankingBacklinksBot/1.0; +https://seranking.com/backlinks-crawler)"
135.181.3.246 - - [01/Mar/2026:23:35:52 +0300] "GET /wp-includes/class-wp-locale-switcher.php HTTP/1.1" 200 0 "-" "Mozilla/5.0 (compatible; SERankingBacklinksBot/1.0; +https://seranking.com/backlinks-crawler)"
135.181.3.246 - - [01/Mar/2026:23:35:56 +0300] "GET /wp-includes/?MA HTTP/1.1" 200 9611 "-" "Mozilla/5.0 (compatible; SERankingBacklinksBot/1.0; +https://seranking.com/backlinks-crawler)"
135.181.3.246 - - [01/Mar/2026:23:36:00 +0300] "GET /wp-includes/?ND HTTP/1.1" 200 9933 "-" "Mozilla/5.0 (compatible; SERankingBacklinksBot/1.0; +https://seranking.com/backlinks-crawler)"
135.181.3.246 - - [01/Mar/2026:23:36:03 +0300] "GET /wp-includes/class-wp-matchesmapregex.php HTTP/1.1" 200 0 "-" "Mozilla/5.0 (compatible; SERankingBacklinksBot/1.0; +https://seranking.com/backlinks-crawler)"
135.181.3.246 - - [01/Mar/2026:23:36:06 +0300] "GET /wp-includes/?SA HTTP/1.1" 200 9896 "-" "Mozilla/5.0 (compatible; SERankingBacklinksBot/1.0; +https://seranking.com/backlinks-crawler)"
135.181.3.246 - - [01/Mar/2026:23:36:10 +0300] "GET /wp-includes/js/ HTTP/1.1" 200 4905 "-" "Mozilla/5.0 (compatible; SERankingBacklinksBot/1.0; +https://seranking.com/backlinks-crawler)"
135.181.3.246 - - [01/Mar/2026:23:36:14 +0300] "GET /wp-includes/class-wp-theme-json-data.php HTTP/1.1" 200 0 "-" "Mozilla/5.0 (compatible; SERankingBacklinksBot/1.0; +https://seranking.com/backlinks-crawler)"
135.181.3.246 - - [01/Mar/2026:23:36:17 +0300] "GET /wp-includes/ID3/ HTTP/1.1" 200 939 "-" "Mozilla/5.0 (compatible; SERankingBacklinksBot/1.0; +https://seranking.com/backlinks-crawler)"
217.113.194.34 - - [01/Mar/2026:23:37:05 +0300] "GET /wp-includes/Requests/src/Exception/Http/Status415.php HTTP/1.1" 500 0 "-" "Mozilla/5.0 (compatible; Barkrowler/0.9; +https://babbar.tech/crawler)"
154.54.249.196 - - [01/Mar/2026:23:39:18 +0300] "GET /wp-includes/sodium_compat/src/Core/AES/?ND HTTP/1.1" 200 924 "-" "Mozilla/5.0 (compatible; Barkrowler/0.9; +https://babbar.tech/crawler)"
18.233.24.238 - - [01/Mar/2026:23:39:44 +0300] "GET /wp-content/plugins/elementor-pro/assets/lib/instant-page/?MA HTTP/1.1" 200 804 "-" "Mozilla/5.0 AppleWebKit/537.36 (KHTML, like Gecko; compatible; Amazonbot/0.1; +https://developer.amazon.com/support/amazonbot) Chrome/119.0.6045.214 Safari/537.36"
217.113.194.36 - - [01/Mar/2026:23:39:55 +0300] "GET /wp-includes/sodium_compat/src/Core/AES/Expanded.php HTTP/1.1" 500 0 "-" "Mozilla/5.0 (compatible; Barkrowler/0.9; +https://babbar.tech/crawler)"
54.204.12.115 - - [01/Mar/2026:23:40:02 +0300] "GET /wp-content/plugins/woocommerce/assets/client/blocks/product-title/?SA HTTP/1.1" 200 798 "-" "Mozilla/5.0 AppleWebKit/537.36 (KHTML, like Gecko; compatible; Amazonbot/0.1; +https://developer.amazon.com/support/amazonbot) Chrome/119.0.6045.214 Safari/537.36"
35.172.125.172 - - [01/Mar/2026:23:40:07 +0300] "GET /wp-content/plugins/woocommerce/src/Blocks/BlockTypes/AddToCartWithOptions/AddToCartWithOptions.php HTTP/1.1" 500 0 "-" "Mozilla/5.0 AppleWebKit/537.36 (KHTML, like Gecko; compatible; Amazonbot/0.1; +https://developer.amazon.com/support/amazonbot) Chrome/119.0.6045.214 Safari/537.36"
54.210.152.179 - - [01/Mar/2026:23:40:11 +0300] "GET /wp-content/plugins/woocommerce/assets/client/blocks/order-confirmation-additional-information/?SA HTTP/1.1" 200 814 "-" "Mozilla/5.0 AppleWebKit/537.36 (KHTML, like Gecko; compatible; Amazonbot/0.1; +https://developer.amazon.com/support/amazonbot) Chrome/119.0.6045.214 Safari/537.36"
217.113.194.35 - - [01/Mar/2026:23:35:05 +0300] "GET /wp-includes/Requests/src/Exception/Http/Status502.php HTTP/1.1" 500 0 "-" "Mozilla/5.0 (compatible; Barkrowler/0.9; +https://babbar.tech/crawler)"
135.181.3.246 - - [01/Mar/2026:23:36:20 +0300] "GET /wp-includes/IXR/ HTTP/1.1" 200 1388 "-" "Mozilla/5.0 (compatible; SERankingBacklinksBot/1.0; +https://seranking.com/backlinks-crawler)"
135.181.3.246 - - [01/Mar/2026:23:36:23 +0300] "GET /wp-includes/class-walker-page-dropdown.php HTTP/1.1" 500 0 "-" "Mozilla/5.0 (compatible; SERankingBacklinksBot/1.0; +https://seranking.com/backlinks-crawler)"
217.113.194.35 - - [01/Mar/2026:23:39:06 +0300] "GET /wp-includes/style-engine/class-wp-style-engine-css-rules-store.php HTTP/1.1" 200 0 "-" "Mozilla/5.0 (compatible; Barkrowler/0.9; +https://babbar.tech/crawler)"
217.113.194.39 - - [01/Mar/2026:23:39:31 +0300] "GET /wp-includes/sodium_compat/src/Core/AES/?MA HTTP/1.1" 200 923 "-" "Mozilla/5.0 (compatible; Barkrowler/0.9; +https://babbar.tech/crawler)"
217.113.194.37 - - [01/Mar/2026:23:39:43 +0300] "GET /wp-includes/sodium_compat/src/Core/AES/?SA HTTP/1.1" 200 925 "-" "Mozilla/5.0 (compatible; Barkrowler/0.9; +https://babbar.tech/crawler)"
44.215.235.20 - - [01/Mar/2026:23:39:46 +0300] "GET /wp-content/plugins/elementor-pro/assets/lib/instant-page/?SA HTTP/1.1" 200 803 "-" "Mozilla/5.0 AppleWebKit/537.36 (KHTML, like Gecko; compatible; Amazonbot/0.1; +https://developer.amazon.com/support/amazonbot) Chrome/119.0.6045.214 Safari/537.36"
52.1.157.90 - - [01/Mar/2026:23:39:50 +0300] "GET /wp-content/plugins/woocommerce/vendor/composer/installers/src/Composer/Installers/MODXEvoInstaller.php HTTP/1.1" 500 0 "-" "Mozilla/5.0 AppleWebKit/537.36 (KHTML, like Gecko; compatible; Amazonbot/0.1; +https://developer.amazon.com/support/amazonbot) Chrome/119.0.6045.214 Safari/537.36"
34.224.9.144 - - [01/Mar/2026:23:39:54 +0300] "GET /wp-content/plugins/woocommerce/vendor/composer/installers/src/Composer/Installers/VgmcpInstaller.php HTTP/1.1" 500 0 "-" "Mozilla/5.0 AppleWebKit/537.36 (KHTML, like Gecko; compatible; Amazonbot/0.1; +https://developer.amazon.com/support/amazonbot) Chrome/119.0.6045.214 Safari/537.36"
35.169.119.108 - - [01/Mar/2026:23:39:58 +0300] "GET /wp-content/plugins/woocommerce/assets/client/blocks/customer-account/?MA HTTP/1.1" 200 803 "-" "Mozilla/5.0 AppleWebKit/537.36 (KHTML, like Gecko; compatible; Amazonbot/0.1; +https://developer.amazon.com/support/amazonbot) Chrome/119.0.6045.214 Safari/537.36"
3.227.180.70 - - [01/Mar/2026:23:40:19 +0300] "GET /wp-content/plugins/woocommerce/src/Blocks/BlockTypes/OrderConfirmation/Summary.php HTTP/1.1" 500 0 "-" "Mozilla/5.0 AppleWebKit/537.36 (KHTML, like Gecko; compatible; Amazonbot/0.1; +https://developer.amazon.com/support/amazonbot) Chrome/119.0.6045.214 Safari/537.36"
44.207.207.36 - - [01/Mar/2026:23:40:25 +0300] "GET /wp-content/plugins/elementor/modules/atomic-widgets/props-resolver/transformers/export/?NA HTTP/1.1" 200 829 "-" "Mozilla/5.0 AppleWebKit/537.36 (KHTML, like Gecko; compatible; Amazonbot/0.1; +https://developer.amazon.com/support/amazonbot) Chrome/119.0.6045.214 Safari/537.36"
98.84.184.80 - - [01/Mar/2026:23:40:30 +0300] "GET /wp-content/plugins/woocommerce/vendor/pelago/emogrifier/src/HtmlProcessor/?MD HTTP/1.1" 200 922 "-" "Mozilla/5.0 AppleWebKit/537.36 (KHTML, like Gecko; compatible; Amazonbot/0.1; +https://developer.amazon.com/support/amazonbot) Chrome/119.0.6045.214 Safari/537.36"
54.159.18.27 - - [01/Mar/2026:23:40:42 +0300] "GET /wp-content/plugins/elementskit/modules/advanced-tooltip/assets/js/?MD HTTP/1.1" 200 717 "-" "Mozilla/5.0 AppleWebKit/537.36 (KHTML, like Gecko; compatible; Amazonbot/0.1; +https://developer.amazon.com/support/amazonbot) Chrome/119.0.6045.214 Safari/537.36"
217.113.194.209 - - [01/Mar/2026:23:41:55 +0300] "GET /wp-includes/sodium_compat/src/Core/Poly1305/State.php HTTP/1.1" 500 0 "-" "Mozilla/5.0 (compatible; Barkrowler/0.9; +https://babbar.tech/crawler)"
18.204.89.56 - - [01/Mar/2026:23:40:13 +0300] "GET /wp-content/plugins/woocommerce/assets/client/blocks/inner-blocks/cart-cross-sells-block/ HTTP/1.1" 200 806 "-" "Mozilla/5.0 AppleWebKit/537.36 (KHTML, like Gecko; compatible; Amazonbot/0.1; +https://developer.amazon.com/support/amazonbot) Chrome/119.0.6045.214 Safari/537.36"
52.3.155.146 - - [01/Mar/2026:23:40:23 +0300] "GET /wp-content/plugins/woocommerce/src/StoreApi/Routes/V1/ProductAttributeTerms.php HTTP/1.1" 500 0 "-" "Mozilla/5.0 AppleWebKit/537.36 (KHTML, like Gecko; compatible; Amazonbot/0.1; +https://developer.amazon.com/support/amazonbot) Chrome/119.0.6045.214 Safari/537.36"
54.80.73.122 - - [01/Mar/2026:23:40:35 +0300] "GET /wp-content/plugins/woocommerce/vendor/composer/installers/src/Composer/Installers/?ND HTTP/1.1" 200 3661 "-" "Mozilla/5.0 AppleWebKit/537.36 (KHTML, like Gecko; compatible; Amazonbot/0.1; +https://developer.amazon.com/support/amazonbot) Chrome/119.0.6045.214 Safari/537.36"
34.192.67.98 - - [01/Mar/2026:23:40:37 +0300] "GET /wp-content/plugins/elementor-pro/modules/lottie/assets/animations/?MD HTTP/1.1" 200 803 "-" "Mozilla/5.0 AppleWebKit/537.36 (KHTML, like Gecko; compatible; Amazonbot/0.1; +https://developer.amazon.com/support/amazonbot) Chrome/119.0.6045.214 Safari/537.36"
217.113.194.37 - - [01/Mar/2026:23:43:56 +0300] "GET /wp-includes/sodium_compat/src/Core/SecretStream/State.php HTTP/1.1" 200 0 "-" "Mozilla/5.0 (compatible; Barkrowler/0.9; +https://babbar.tech/crawler)"
217.113.194.211 - - [01/Mar/2026:23:44:20 +0300] "GET /wp-includes/sodium_compat/src/Core/Base64/?SA HTTP/1.1" 200 826 "-" "Mozilla/5.0 (compatible; Barkrowler/0.9; +https://babbar.tech/crawler)"
217.113.194.210 - - [01/Mar/2026:23:44:33 +0300] "GET /wp-includes/sodium_compat/src/Core/Base64/?ND HTTP/1.1" 200 824 "-" "Mozilla/5.0 (compatible; Barkrowler/0.9; +https://babbar.tech/crawler)"
217.113.194.37 - - [01/Mar/2026:23:44:45 +0300] "GET /wp-includes/sodium_compat/src/Core/Curve25519.php HTTP/1.1" 500 0 "-" "Mozilla/5.0 (compatible; Barkrowler/0.9; +https://babbar.tech/crawler)"
52.7.13.143 - - [01/Mar/2026:23:46:27 +0300] "GET /wp-content/plugins/elementor/core/common/ HTTP/1.1" 200 836 "-" "Mozilla/5.0 AppleWebKit/537.36 (KHTML, like Gecko; compatible; Amazonbot/0.1; +https://developer.amazon.com/support/amazonbot) Chrome/119.0.6045.214 Safari/537.36"
154.54.249.196 - - [01/Mar/2026:23:46:45 +0300] "GET /wp-includes/Requests/src/Exception/Http/StatusUnknown.php HTTP/1.1" 500 0 "-" "Mozilla/5.0 (compatible; Barkrowler/0.9; +https://babbar.tech/crawler)"
217.113.194.209 - - [01/Mar/2026:23:49:10 +0300] "GET /wp-includes/sodium_compat/src/Core/Poly1305/?MA HTTP/1.1" 200 863 "-" "Mozilla/5.0 (compatible; Barkrowler/0.9; +https://babbar.tech/crawler)"
217.113.194.33 - - [01/Mar/2026:23:49:22 +0300] "GET /wp-includes/sodium_compat/src/Core/Poly1305/?SA HTTP/1.1" 200 860 "-" "Mozilla/5.0 (compatible; Barkrowler/0.9; +https://babbar.tech/crawler)"
217.113.194.40 - - [01/Mar/2026:23:49:47 +0300] "GET /wp-includes/sodium_compat/src/Core/SecretStream/?MA HTTP/1.1" 200 802 "-" "Mozilla/5.0 (compatible; Barkrowler/0.9; +https://babbar.tech/crawler)"
217.113.194.33 - - [01/Mar/2026:23:49:59 +0300] "GET /wp-includes/sodium_compat/src/Core/SecretStream/?SA HTTP/1.1" 200 800 "-" "Mozilla/5.0 (compatible; Barkrowler/0.9; +https://babbar.tech/crawler)"
217.113.194.40 - - [01/Mar/2026:23:52:24 +0300] "GET /wp-includes/sodium_compat/src/Core/Curve25519/H.php HTTP/1.1" 500 0 "-" "Mozilla/5.0 (compatible; Barkrowler/0.9; +https://babbar.tech/crawler)"
217.113.194.33 - - [01/Mar/2026:23:54:24 +0300] "GET /wp-includes/abilities-api/class-wp-ability-categories-registry.php HTTP/1.1" 200 0 "-" "Mozilla/5.0 (compatible; Barkrowler/0.9; +https://babbar.tech/crawler)"
217.113.194.210 - - [01/Mar/2026:23:55:01 +0300] "GET /wp-includes/sodium_compat/src/Core/AEGIS/?SA HTTP/1.1" 200 801 "-" "Mozilla/5.0 (compatible; Barkrowler/0.9; +https://babbar.tech/crawler)"
217.113.194.37 - - [01/Mar/2026:23:55:14 +0300] "GET /wp-includes/sodium_compat/src/Core/AEGIS256.php HTTP/1.1" 500 0 "-" "Mozilla/5.0 (compatible; Barkrowler/0.9; +https://babbar.tech/crawler)"
217.113.194.211 - - [01/Mar/2026:23:57:14 +0300] "GET /wp-includes/sodium_compat/src/Core/Ristretto255.php HTTP/1.1" 500 0 "-" "Mozilla/5.0 (compatible; Barkrowler/0.9; +https://babbar.tech/crawler)"
217.113.194.35 - - [01/Mar/2026:23:59:51 +0300] "GET /wp-includes/sodium_compat/src/Core32/Poly1305/?ND HTTP/1.1" 200 862 "-" "Mozilla/5.0 (compatible; Barkrowler/0.9; +https://babbar.tech/crawler)"
217.113.194.37 - - [02/Mar/2026:00:00:03 +0300] "GET /wp-includes/sodium_compat/src/Core32/SecretStream/State.php HTTP/1.1" 200 0 "-" "Mozilla/5.0 (compatible; Barkrowler/0.9; +https://babbar.tech/crawler)"
217.113.194.38 - - [01/Mar/2026:23:44:08 +0300] "GET /wp-includes/sodium_compat/src/Core/Base64/?MA HTTP/1.1" 200 828 "-" "Mozilla/5.0 (compatible; Barkrowler/0.9; +https://babbar.tech/crawler)"
217.113.194.32 - - [01/Mar/2026:23:48:45 +0300] "GET /wp-includes/sodium_compat/src/Core/AES/KeySchedule.php HTTP/1.1" 200 0 "-" "Mozilla/5.0 (compatible; Barkrowler/0.9; +https://babbar.tech/crawler)"
217.113.194.36 - - [01/Mar/2026:23:48:58 +0300] "GET /wp-includes/sodium_compat/src/Core/Poly1305/?ND HTTP/1.1" 200 861 "-" "Mozilla/5.0 (compatible; Barkrowler/0.9; +https://babbar.tech/crawler)"
217.113.194.209 - - [01/Mar/2026:23:49:35 +0300] "GET /wp-includes/sodium_compat/src/Core/SecretStream/?ND HTTP/1.1" 200 795 "-" "Mozilla/5.0 (compatible; Barkrowler/0.9; +https://babbar.tech/crawler)"
217.113.194.38 - - [01/Mar/2026:23:50:11 +0300] "GET /wp-includes/sodium_compat/src/Core32/Poly1305/State.php HTTP/1.1" 500 0 "-" "Mozilla/5.0 (compatible; Barkrowler/0.9; +https://babbar.tech/crawler)"
217.113.194.209 - - [01/Mar/2026:23:52:12 +0300] "GET /wp-includes/sodium_compat/src/Core/Curve25519/Ge/ HTTP/1.1" 200 867 "-" "Mozilla/5.0 (compatible; Barkrowler/0.9; +https://babbar.tech/crawler)"
